{"id":17768,"date":"2026-08-31T16:50:46","date_gmt":"2026-08-31T14:50:46","guid":{"rendered":"http:\/\/www.libraria-occitana.org\/all-products\/laccentuation-occitane-haut-limousin?lang=en"},"modified":"2026-08-31T16:51:17","modified_gmt":"2026-08-31T14:51:17","slug":"laccentuation-occitane-haut-limousin","status":"publish","type":"product","link":"https:\/\/www.libraria-occitana.org\/en\/product\/laccentuation-occitane-haut-limousin\/","title":{"rendered":"L&#8217;ACCENTUATION OCCITANE (HAUT-LIMOUSIN)"},"content":{"rendered":"<p style=\"margin:0;\"><span style=\"font-family:'Times New Roman';font-size:12pt;\"><wbr>[&#8230;]<br \/>Le parler limousin, dans l&#8217;ensemble occitan, va de prime abord d\u00e9concerter &#8211; le mot n&#8217;est pas trop fort &#8211; les autres Occitans. C&#8217;est vrai que le dialecte limousin semble sortir quelque peu de la &#8220;norme&#8221;. Ecoutons parler des Creusois d&#8217;Aubusson, des Marchois, des gens de la Haute-Vienne, des occitanophones au parler en -\u00e8- de l&#8217;ouest <wbr>(de Nexon \u00e0 Nontron), des Corr\u00e9ziens de la Mon\u00e9di\u00e8re ou du Bas-Pays et nous sentirons non des oppositions mais une variabilit\u00e9 phon\u00e9tique et &#8220;d&#8217;accent&#8221; qui donne grande richesse \u00e0 la palette phonologique.<br \/>Le limousin a de tr\u00e8s nombreuses sp\u00e9cificit\u00e9s de cet ordre ; ainsi que lexicales. Si nous y ajoutons une variation parfois d\u00e9concertante de l&#8217;accent, l&#8217;amuissement de la quasi totalit\u00e9 des consonnes finales <wbr>(\u00e9crites mais non dites), l&#8217;absence quasi g\u00e9n\u00e9rale de liaisons entre les vocables, la chute d&#8217;\u00e9l\u00e9ments initiaux <wbr>(l&#8217;aph\u00e9r\u00e8se de a- : la &#8216;belha, &#8216;dobar ; de u- : &#8216;na femna ; de e- : &#8216;la ven, par exemple), nous avons une coh\u00e9sion linguistique fonctionnelle particuli\u00e8rement originale.<br \/><wbr>[&#8230;]<br \/>Yves Lavalade<\/p>\n<p>Complement de titre : La place de l&#8217;accent tonique, sa notation graphique<br \/>Revuda La Clau lemosina N\u00b0 especiau<br \/>Autor : Lavalade, Yves<br \/>Linga : Franc\u00e9s<br \/>Parucion : 01\/1986<br \/>Editor : CLEO<br \/>Nb de pajas : 64<br \/>Format : 14,5 x 20,5 cm<br \/>P\u00e9s : 100 g<br \/>ISSN : 03396487<br \/><\/span><\/p>\n","protected":false},"excerpt":{"rendered":"<p>[&#8230;]Le parler limousin, dans l&#8217;ensemble occitan, va de prime abord d\u00e9concerter &#8211; le mot n&#8217;est pas trop fort &#8211; les autres Occitans. C&#8217;est vrai que le dialecte limousin semble sortir quelque peu de la &#8220;norme&#8221;. Ecoutons parler des Creusois d&#8217;Aubusson, des Marchois, des gens de la Haute-Vienne, des occitanophones au parler en -\u00e8- de l&#8217;ouest [&hellip;]<\/p>\n","protected":false},"featured_media":0,"template":"","meta":{"_acf_changed":false,"_genesis_hide_title":false,"_genesis_hide_breadcrumbs":false,"_genesis_hide_singular_image":false,"_genesis_hide_footer_widgets":false,"_genesis_custom_body_class":"","_genesis_custom_post_class":"","_genesis_layout":""},"product_brand":[],"product_cat":[7132,7136,7140,16135],"product_tag":[],"class_list":["post-17768","product","type-product","status-publish","product_cat-books","product_cat-dictionaries-language-educational-en","product_cat-linguistics-en","product_cat-non-classe-en","pa_auteur-lavalada-ives-en","pa_auteurs-lavalade-yves","pa_editeur-cleo-en","pa_langue-francais-en","entry","has-post-thumbnail","first","outofstock","purchasable","product-type-simple"],"acf":[],"_links":{"self":[{"href":"https:\/\/www.libraria-occitana.org\/en\/wp-json\/wp\/v2\/product\/17768","targetHints":{"allow":["GET"]}}],"collection":[{"href":"https:\/\/www.libraria-occitana.org\/en\/wp-json\/wp\/v2\/product"}],"about":[{"href":"https:\/\/www.libraria-occitana.org\/en\/wp-json\/wp\/v2\/types\/product"}],"wp:attachment":[{"href":"https:\/\/www.libraria-occitana.org\/en\/wp-json\/wp\/v2\/media?parent=17768"}],"wp:term":[{"taxonomy":"product_brand","embeddable":true,"href":"https:\/\/www.libraria-occitana.org\/en\/wp-json\/wp\/v2\/product_brand?post=17768"},{"taxonomy":"product_cat","embeddable":true,"href":"https:\/\/www.libraria-occitana.org\/en\/wp-json\/wp\/v2\/product_cat?post=17768"},{"taxonomy":"product_tag","embeddable":true,"href":"https:\/\/www.libraria-occitana.org\/en\/wp-json\/wp\/v2\/product_tag?post=17768"}],"curies":[{"name":"wp","href":"https:\/\/api.w.org\/{rel}","templated":true}]}}

<p style="margin:0;"><span style="font-family:'Times New Roman';font-size:12pt;"><wbr>[&#8230;]<br />Le parler limousin, dans l&#8217;ensemble occitan, va de prime abord déconcerter &#8211; le mot n&#8217;est pas trop fort &#8211; les autres Occitans. C&#8217;est vrai que le dialecte limousin semble sortir quelque peu de la &#8220;norme&#8221;. Ecoutons parler des Creusois d&#8217;Aubusson, des Marchois, des gens de la Haute-Vienne, des occitanophones au parler en -è- de l&#8217;ouest <wbr>(de Nexon à Nontron), des Corréziens de la Monédière ou du Bas-Pays et nous sentirons non des oppositions mais une variabilité phonétique et &#8220;d&#8217;accent&#8221; qui donne grande richesse à la palette phonologique.<br />Le limousin a de très nombreuses spécificités de cet ordre ; ainsi que lexicales. Si nous y ajoutons une variation parfois déconcertante de l&#8217;accent, l&#8217;amuissement de la quasi totalité des consonnes finales <wbr>(écrites mais non dites), l&#8217;absence quasi générale de liaisons entre les vocables, la chute d&#8217;éléments initiaux <wbr>(l&#8217;aphérèse de a- : la &#8216;belha, &#8216;dobar ; de u- : &#8216;na femna ; de e- : &#8216;la ven, par exemple), nous avons une cohésion linguistique fonctionnelle particulièrement originale.<br /><wbr>[&#8230;]<br />Yves Lavalade</p>
<p>Complement de titre : La place de l&#8217;accent tonique, sa notation graphique<br />Revuda La Clau lemosina N° especiau<br />Autor : Lavalade, Yves<br />Linga : Francés<br />Parucion : 01/1986<br />Editor : CLEO<br />Nb de pajas : 64<br />Format : 14,5 x 20,5 cm<br />Pés : 100 g<br />ISSN : 03396487<br /></span></p>

<p>[&#8230;]Le parler limousin, dans l&#8217;ensemble occitan, va de prime abord déconcerter &#8211; le mot n&#8217;est pas trop fort &#8211; les autres Occitans. C&#8217;est vrai que le dialecte limousin semble sortir quelque peu de la &#8220;norme&#8221;. Ecoutons parler des Creusois d&#8217;Aubusson, des Marchois, des gens de la Haute-Vienne, des occitanophones au parler en -è- de l&#8217;ouest [&hellip;]</p>
