{"id":17774,"date":"1985-06-01T11:40:21","date_gmt":"1985-06-01T10:40:21","guid":{"rendered":"http:\/\/www.libraria-occitana.org\/all-products\/hommage-a-omenatge-a-marcelle-delpastre?lang=en"},"modified":"2024-07-05T00:20:03","modified_gmt":"2024-07-04T22:20:03","slug":"hommage-a-omenatge-a-marcelle-delpastre","status":"publish","type":"product","link":"https:\/\/www.libraria-occitana.org\/en\/product\/hommage-a-omenatge-a-marcelle-delpastre\/","title":{"rendered":"Hommage \u00e0 &#8211; Omenatge a Marcelle Delpastre"},"content":{"rendered":"<p><strong>[oc]<\/strong><br \/>\nQueu libre fai sega de las tres jornadas de l&#8217;omenatge que siguet rendut a la Marcela Delpastre en oct\u00f2bre de 1984 per la tresesma Festa daus Trobadors organisada per lo Centre Jean Lur\u00e7at d&#8217;Aubusson. Los textes son estats &#8216;semblats per los Jan dau Melhau e las fot\u00f2s son dau Rafi Tomanhan e dau Micheu Falipon.<\/p>\n<p><strong>[fr]<\/strong><br \/>\nCe livre fait suite aux trois journ\u00e9es de l&#8217;hommage rendu \u00e0 Marcelle Delpastre en octobre 1984 lors de la troisi\u00e8me F\u00eate des Troubadours organis\u00e9e par le Centre Jean Lur\u00e7at d&#8217;Aubusson. Les textes ont \u00e9t\u00e9 rassembl\u00e9s par Jan dau Melhau et les photos sont de Rafi Toumanian et Michel Phalippou.<\/p>\n","protected":false},"excerpt":{"rendered":"<p>[oc] Queu libre fai sega de las tres jornadas de l&#8217;omenatge que siguet rendut a la Marcela Delpastre en oct\u00f2bre de 1984 per la tresesma Festa daus Trobadors organisada per lo Centre Jean Lur\u00e7at d&#8217;Aubusson. Los textes son estats &#8216;semblats per los Jan dau Melhau e las fot\u00f2s son dau Rafi Tomanhan e dau Micheu [&hellip;]<\/p>\n","protected":false},"featured_media":17775,"template":"","meta":{"_acf_changed":false,"_genesis_hide_title":false,"_genesis_hide_breadcrumbs":false,"_genesis_hide_singular_image":false,"_genesis_hide_footer_widgets":false,"_genesis_custom_body_class":"","_genesis_custom_post_class":"","_genesis_layout":""},"product_brand":[],"product_cat":[7188,7132,7174],"product_tag":[],"class_list":{"0":"post-17774","1":"product","2":"type-product","3":"status-publish","4":"has-post-thumbnail","6":"product_cat-arts-studies-en","7":"product_cat-books","8":"product_cat-literature-en","9":"pa_auteur-collectiu-en-2","10":"pa_auteur-melhau-jan-dau-fr-en","11":"pa_editeur-centre-jean-lurcat-en","12":"pa_illustrateur-phalippou-michel-en","13":"pa_illustrateur-toumanian-rafi-en","14":"pa_langue-francais-en","15":"pa_langue-occitan-en","16":"pa_langue-occitan-lemosin-en","17":"entry","19":"first","20":"outofstock","21":"shipping-taxable","22":"purchasable","23":"product-type-simple"},"acf":[],"_links":{"self":[{"href":"https:\/\/www.libraria-occitana.org\/en\/wp-json\/wp\/v2\/product\/17774","targetHints":{"allow":["GET"]}}],"collection":[{"href":"https:\/\/www.libraria-occitana.org\/en\/wp-json\/wp\/v2\/product"}],"about":[{"href":"https:\/\/www.libraria-occitana.org\/en\/wp-json\/wp\/v2\/types\/product"}],"wp:featuredmedia":[{"embeddable":true,"href":"https:\/\/www.libraria-occitana.org\/en\/wp-json\/wp\/v2\/media\/17775"}],"wp:attachment":[{"href":"https:\/\/www.libraria-occitana.org\/en\/wp-json\/wp\/v2\/media?parent=17774"}],"wp:term":[{"taxonomy":"product_brand","embeddable":true,"href":"https:\/\/www.libraria-occitana.org\/en\/wp-json\/wp\/v2\/product_brand?post=17774"},{"taxonomy":"product_cat","embeddable":true,"href":"https:\/\/www.libraria-occitana.org\/en\/wp-json\/wp\/v2\/product_cat?post=17774"},{"taxonomy":"product_tag","embeddable":true,"href":"https:\/\/www.libraria-occitana.org\/en\/wp-json\/wp\/v2\/product_tag?post=17774"}],"curies":[{"name":"wp","href":"https:\/\/api.w.org\/{rel}","templated":true}]}}

Hommage à &#8211; Omenatge a Marcelle Delpastre

<p><strong>[oc]</strong><br />
Queu libre fai sega de las tres jornadas de l&#8217;omenatge que siguet rendut a la Marcela Delpastre en octòbre de 1984 per la tresesma Festa daus Trobadors organisada per lo Centre Jean Lurçat d&#8217;Aubusson. Los textes son estats &#8216;semblats per los Jan dau Melhau e las fotòs son dau Rafi Tomanhan e dau Micheu Falipon.</p>
<p><strong>[fr]</strong><br />
Ce livre fait suite aux trois journées de l&#8217;hommage rendu à Marcelle Delpastre en octobre 1984 lors de la troisième Fête des Troubadours organisée par le Centre Jean Lurçat d&#8217;Aubusson. Les textes ont été rassemblés par Jan dau Melhau et les photos sont de Rafi Toumanian et Michel Phalippou.</p>

<p>[oc] Queu libre fai sega de las tres jornadas de l&#8217;omenatge que siguet rendut a la Marcela Delpastre en octòbre de 1984 per la tresesma Festa daus Trobadors organisada per lo Centre Jean Lurçat d&#8217;Aubusson. Los textes son estats &#8216;semblats per los Jan dau Melhau e las fotòs son dau Rafi Tomanhan e dau Micheu [&hellip;]</p>
