{"id":17803,"date":"2026-08-31T17:03:09","date_gmt":"2026-08-31T15:03:09","guid":{"rendered":"http:\/\/www.libraria-occitana.org\/all-products\/lo-leberaubre-n16?lang=en"},"modified":"2026-08-31T17:03:12","modified_gmt":"2026-08-31T15:03:12","slug":"lo-leberaubre-n16","status":"publish","type":"product","link":"https:\/\/www.libraria-occitana.org\/en\/product\/lo-leberaubre-n16\/","title":{"rendered":"LO LEBERAUBRE N\u00b016"},"content":{"rendered":"<p style=\"margin:0;\"><span style=\"font-family:'Times New Roman';font-size:12pt;\">Taula :<\/p>\n<p>&#8211; Marcela Delpastre :<br \/>Poemas per questa terra <wbr>(3)<\/p>\n<p>&#8211; Joan-Glaudi Rolet :<br \/>Lo parpalh\u00f2u color de burre<\/p>\n<p>&#8211; Bernat Crot\u00f3s de la Gormela :<br \/>Malseguran\u00e7a<br \/>Beutat<\/p>\n<p>&#8211; Joan-Claudi Serras :<br \/>Aquel matin<br \/>La setmana qu&#8217;o cambiet tot<\/p>\n<p>&#8211; Jan dau Melhau :<br \/>Lo mite de Lem<\/p>\n<p>&#8211; Micheu Chapduelh :<br \/>Molluscum vobiscum<br \/>Un temps per viure : Frucha<\/p>\n<p>&#8211; Corrier daus legeires<br \/>&#8211; Criticas<br \/>&#8211; Edicions. Publicacions<\/p>\n<p>Revuda Lo Leberaubre N\u00b0 16<br \/>Autor : Collectiu<br \/>Linga : Occitan <wbr>(lemosin)<br \/>Parucion : 06\/1988<br \/>Editor : Literatura e Cultura Populara Lemosinas<br \/>Nb de pajas : 52<br \/>Format : 10 x 26 cm<br \/>P\u00e9s : 64 g<\/span><\/p>\n","protected":false},"excerpt":{"rendered":"<p>Taula : &#8211; Marcela Delpastre :Poemas per questa terra (3) &#8211; Joan-Glaudi Rolet :Lo parpalh\u00f2u color de burre &#8211; Bernat Crot\u00f3s de la Gormela :Malseguran\u00e7aBeutat &#8211; Joan-Claudi Serras :Aquel matinLa setmana qu&#8217;o cambiet tot &#8211; Jan dau Melhau :Lo mite de Lem &#8211; Micheu Chapduelh :Molluscum vobiscumUn temps per viure : Frucha &#8211; Corrier daus [&hellip;]<\/p>\n","protected":false},"featured_media":0,"template":"","meta":{"_acf_changed":false,"_genesis_hide_title":false,"_genesis_hide_breadcrumbs":false,"_genesis_hide_singular_image":false,"_genesis_hide_footer_widgets":false,"_genesis_custom_body_class":"","_genesis_custom_post_class":"","_genesis_layout":""},"product_brand":[],"product_cat":[7132,7174,16135],"product_tag":[],"class_list":["post-17803","product","type-product","status-publish","product_cat-books","product_cat-literature-en","product_cat-non-classe-en","pa_auteur-collectiu-en-2","pa_editeur-literatura-e-cultura-populara-lemosinas-en","pa_langue-occitan-en","pa_langue-occitan-lemosin-en","entry","first","outofstock","purchasable","product-type-simple"],"acf":[],"_links":{"self":[{"href":"https:\/\/www.libraria-occitana.org\/en\/wp-json\/wp\/v2\/product\/17803","targetHints":{"allow":["GET"]}}],"collection":[{"href":"https:\/\/www.libraria-occitana.org\/en\/wp-json\/wp\/v2\/product"}],"about":[{"href":"https:\/\/www.libraria-occitana.org\/en\/wp-json\/wp\/v2\/types\/product"}],"wp:attachment":[{"href":"https:\/\/www.libraria-occitana.org\/en\/wp-json\/wp\/v2\/media?parent=17803"}],"wp:term":[{"taxonomy":"product_brand","embeddable":true,"href":"https:\/\/www.libraria-occitana.org\/en\/wp-json\/wp\/v2\/product_brand?post=17803"},{"taxonomy":"product_cat","embeddable":true,"href":"https:\/\/www.libraria-occitana.org\/en\/wp-json\/wp\/v2\/product_cat?post=17803"},{"taxonomy":"product_tag","embeddable":true,"href":"https:\/\/www.libraria-occitana.org\/en\/wp-json\/wp\/v2\/product_tag?post=17803"}],"curies":[{"name":"wp","href":"https:\/\/api.w.org\/{rel}","templated":true}]}}

<p style="margin:0;"><span style="font-family:'Times New Roman';font-size:12pt;">Taula :</p>
<p>&#8211; Marcela Delpastre :<br />Poemas per questa terra <wbr>(3)</p>
<p>&#8211; Joan-Glaudi Rolet :<br />Lo parpalhòu color de burre</p>
<p>&#8211; Bernat Crotós de la Gormela :<br />Malsegurança<br />Beutat</p>
<p>&#8211; Joan-Claudi Serras :<br />Aquel matin<br />La setmana qu&#8217;o cambiet tot</p>
<p>&#8211; Jan dau Melhau :<br />Lo mite de Lem</p>
<p>&#8211; Micheu Chapduelh :<br />Molluscum vobiscum<br />Un temps per viure : Frucha</p>
<p>&#8211; Corrier daus legeires<br />&#8211; Criticas<br />&#8211; Edicions. Publicacions</p>
<p>Revuda Lo Leberaubre N° 16<br />Autor : Collectiu<br />Linga : Occitan <wbr>(lemosin)<br />Parucion : 06/1988<br />Editor : Literatura e Cultura Populara Lemosinas<br />Nb de pajas : 52<br />Format : 10 x 26 cm<br />Pés : 64 g</span></p>

<p>Taula : &#8211; Marcela Delpastre :Poemas per questa terra (3) &#8211; Joan-Glaudi Rolet :Lo parpalhòu color de burre &#8211; Bernat Crotós de la Gormela :MalsegurançaBeutat &#8211; Joan-Claudi Serras :Aquel matinLa setmana qu&#8217;o cambiet tot &#8211; Jan dau Melhau :Lo mite de Lem &#8211; Micheu Chapduelh :Molluscum vobiscumUn temps per viure : Frucha &#8211; Corrier daus [&hellip;]</p>
