{"id":17853,"date":"1991-04-01T13:19:44","date_gmt":"1991-04-01T11:19:44","guid":{"rendered":"http:\/\/www.libraria-occitana.org\/all-products\/contes-populaires-du-limousin-la-haute-marche-lemouzi-n118?lang=en"},"modified":"2026-04-29T03:31:23","modified_gmt":"2026-04-29T01:31:23","slug":"contes-populaires-du-limousin-la-haute-marche-lemouzi-n118","status":"publish","type":"product","link":"https:\/\/www.libraria-occitana.org\/en\/product\/contes-populaires-du-limousin-la-haute-marche-lemouzi-n118\/","title":{"rendered":"Contes populaires du Limousin : la Haute-Marche \/ Lemouzi N\u00b0118"},"content":{"rendered":"<p><strong>Ensenhador :<\/strong><br \/>\nIntroduction<br \/>\nI &#8211; Blasons populaires, dires et comptines, devinettes<br \/>\nII &#8211; Randonn\u00e9es<br \/>\nIII &#8211; Contes fac\u00e9tieux<br \/>\nIV &#8211; Contes d&#8217;animaux<br \/>\nV &#8211; Diables et ogres dup\u00e9s<br \/>\nVI &#8211; Diableries et sorcelleries<br \/>\nVII &#8211; Contes merveilleux<br \/>\nVIII &#8211; L\u00e9gendes et m\u00e9saventures de saints<br \/>\nIX &#8211; Nh\u00f2rlas et anecdotes<br \/>\nX &#8211; L\u00e9gendes du pays et lieux enchant\u00e9s<br \/>\nXI &#8211; Proverbes<br \/>\nXII &#8211; Chansons<br \/>\nXIII &#8211; Sources<\/p>\n","protected":false},"excerpt":{"rendered":"<p>Ensenhador : Introduction I &#8211; Blasons populaires, dires et comptines, devinettes II &#8211; Randonn\u00e9es III &#8211; Contes fac\u00e9tieux IV &#8211; Contes d&#8217;animaux V &#8211; Diables et ogres dup\u00e9s VI &#8211; Diableries et sorcelleries VII &#8211; Contes merveilleux VIII &#8211; L\u00e9gendes et m\u00e9saventures de saints IX &#8211; Nh\u00f2rlas et anecdotes X &#8211; L\u00e9gendes du pays et [&hellip;]<\/p>\n","protected":false},"featured_media":17854,"template":"","meta":{"_acf_changed":false,"_genesis_hide_title":false,"_genesis_hide_breadcrumbs":false,"_genesis_hide_singular_image":false,"_genesis_hide_footer_widgets":false,"_genesis_custom_body_class":"","_genesis_custom_post_class":"","_genesis_layout":""},"product_brand":[],"product_cat":[7132,7174,7176],"product_tag":[],"class_list":{"0":"post-17853","1":"product","2":"type-product","3":"status-publish","4":"has-post-thumbnail","6":"product_cat-books","7":"product_cat-literature-en","8":"product_cat-tales-fables-en","9":"pa_auteur-baldit-jan-peire-en","10":"pa_auteur-chauvin-jacques-en","11":"pa_editeur-lemouzi-en","12":"pa_langue-occitan-lemosin-en","13":"pa_langue-occitan-francais-en","14":"entry","16":"first","17":"instock","18":"shipping-taxable","19":"purchasable","20":"product-type-simple"},"acf":[],"_links":{"self":[{"href":"https:\/\/www.libraria-occitana.org\/en\/wp-json\/wp\/v2\/product\/17853","targetHints":{"allow":["GET"]}}],"collection":[{"href":"https:\/\/www.libraria-occitana.org\/en\/wp-json\/wp\/v2\/product"}],"about":[{"href":"https:\/\/www.libraria-occitana.org\/en\/wp-json\/wp\/v2\/types\/product"}],"wp:featuredmedia":[{"embeddable":true,"href":"https:\/\/www.libraria-occitana.org\/en\/wp-json\/wp\/v2\/media\/17854"}],"wp:attachment":[{"href":"https:\/\/www.libraria-occitana.org\/en\/wp-json\/wp\/v2\/media?parent=17853"}],"wp:term":[{"taxonomy":"product_brand","embeddable":true,"href":"https:\/\/www.libraria-occitana.org\/en\/wp-json\/wp\/v2\/product_brand?post=17853"},{"taxonomy":"product_cat","embeddable":true,"href":"https:\/\/www.libraria-occitana.org\/en\/wp-json\/wp\/v2\/product_cat?post=17853"},{"taxonomy":"product_tag","embeddable":true,"href":"https:\/\/www.libraria-occitana.org\/en\/wp-json\/wp\/v2\/product_tag?post=17853"}],"curies":[{"name":"wp","href":"https:\/\/api.w.org\/{rel}","templated":true}]}}

<p><strong>Ensenhador :</strong><br />
Introduction<br />
I &#8211; Blasons populaires, dires et comptines, devinettes<br />
II &#8211; Randonnées<br />
III &#8211; Contes facétieux<br />
IV &#8211; Contes d&#8217;animaux<br />
V &#8211; Diables et ogres dupés<br />
VI &#8211; Diableries et sorcelleries<br />
VII &#8211; Contes merveilleux<br />
VIII &#8211; Légendes et mésaventures de saints<br />
IX &#8211; Nhòrlas et anecdotes<br />
X &#8211; Légendes du pays et lieux enchantés<br />
XI &#8211; Proverbes<br />
XII &#8211; Chansons<br />
XIII &#8211; Sources</p>

<p>Ensenhador : Introduction I &#8211; Blasons populaires, dires et comptines, devinettes II &#8211; Randonnées III &#8211; Contes facétieux IV &#8211; Contes d&#8217;animaux V &#8211; Diables et ogres dupés VI &#8211; Diableries et sorcelleries VII &#8211; Contes merveilleux VIII &#8211; Légendes et mésaventures de saints IX &#8211; Nhòrlas et anecdotes X &#8211; Légendes du pays et [&hellip;]</p>
