{"id":17873,"date":"2026-08-31T16:58:55","date_gmt":"2026-08-31T14:58:55","guid":{"rendered":"http:\/\/www.libraria-occitana.org\/all-products\/tiarra-freida-poemas-1979-1989?lang=en"},"modified":"2026-08-31T16:59:13","modified_gmt":"2026-08-31T14:59:13","slug":"tiarra-freida-poemas-1979-1989","status":"publish","type":"product","link":"https:\/\/www.libraria-occitana.org\/en\/product\/tiarra-freida-poemas-1979-1989\/","title":{"rendered":"TIARRA FREIDA : POEMAS 1979-1989"},"content":{"rendered":"<p style=\"margin:0;\"><span style=\"font-family:'Times New Roman';font-size:12pt;\">Quilhs quauques poemas dau Jan-Peire Baldit son un pauc un don personau a la Cruesa, e per-delai au Lemosin, que a laissat dins l&#8217;\u00f2me una sagelada prigonda.<br \/>Son qu\u00ed, a portada de man e de linga, coma per celebrar una vita que daus c\u00f2ps es plan teuna ; quasi muda, douveirosa : &#8220;le silence de la brejassa&#8221; ; coma per exorcisar una possibla obludan\u00e7a. Una vita d&#8217;aici, modesta, replejada, mena\u00e7ada ; una alenada que um auva a penas mas qu&#8217;exista, emb son ritme e son rite. Pres\u00e9ncia evocairitz que balha lo sentiment que lo temps a pus presa sur n\u00f2stra realitat umana ; volontat permanenta de far durar, d&#8217;eslonjar la segonda mai l&#8217;oras vescudas ; a l&#8217;infinit. Per &#8216;mor que dins la suvenen\u00e7a trobem l&#8217;autenticitat partajada, la sinceritat dau cuer que atend un instant de chalor e d&#8217;esper, dins la punhada de mans, dins la vision d&#8217;un &#8220;enfant esblauvit per l&#8217;auba dau printemps&#8221; &#8230;<br \/>Paur dau freg que mena\u00e7a ; paraula occitana que fai rajar lo fu\u00f2c, tant necessari, per lo passar de l&#8217;un a l&#8217;autre ; nos eschaurar emb n\u00f2stres mots, fidelament.<\/p>\n<p>Revuda La Clau lemosina N\u00b0 especiau<br \/>Autor : Baldit, Jan-Peire<br \/>Linga : Occitan <wbr>(lemosin) &#8211; franc\u00e9s<br \/>Parucion : 04\/1990<br \/>Editor : CLEO<br \/>Nb de pajas : 59<br \/>Format : 14,5 x 20,5 cm<br \/>P\u00e9s : 74 g<\/span><\/p>\n","protected":false},"excerpt":{"rendered":"<p>Quilhs quauques poemas dau Jan-Peire Baldit son un pauc un don personau a la Cruesa, e per-delai au Lemosin, que a laissat dins l&#8217;\u00f2me una sagelada prigonda.Son qu\u00ed, a portada de man e de linga, coma per celebrar una vita que daus c\u00f2ps es plan teuna ; quasi muda, douveirosa : &#8220;le silence de la [&hellip;]<\/p>\n","protected":false},"featured_media":0,"template":"","meta":{"_acf_changed":false,"_genesis_hide_title":false,"_genesis_hide_breadcrumbs":false,"_genesis_hide_singular_image":false,"_genesis_hide_footer_widgets":false,"_genesis_custom_body_class":"","_genesis_custom_post_class":"","_genesis_layout":""},"product_brand":[],"product_cat":[7132,7174,16135,7180],"product_tag":[],"class_list":["post-17873","product","type-product","status-publish","product_cat-books","product_cat-literature-en","product_cat-non-classe-en","product_cat-poetry-en","pa_auteur-baldit-jan-peire-en","pa_editeur-cleo-en","pa_langue-occitan-lemosin-en","pa_langue-occitan-francais-en","entry","has-post-thumbnail","first","outofstock","purchasable","product-type-simple"],"acf":[],"_links":{"self":[{"href":"https:\/\/www.libraria-occitana.org\/en\/wp-json\/wp\/v2\/product\/17873","targetHints":{"allow":["GET"]}}],"collection":[{"href":"https:\/\/www.libraria-occitana.org\/en\/wp-json\/wp\/v2\/product"}],"about":[{"href":"https:\/\/www.libraria-occitana.org\/en\/wp-json\/wp\/v2\/types\/product"}],"wp:attachment":[{"href":"https:\/\/www.libraria-occitana.org\/en\/wp-json\/wp\/v2\/media?parent=17873"}],"wp:term":[{"taxonomy":"product_brand","embeddable":true,"href":"https:\/\/www.libraria-occitana.org\/en\/wp-json\/wp\/v2\/product_brand?post=17873"},{"taxonomy":"product_cat","embeddable":true,"href":"https:\/\/www.libraria-occitana.org\/en\/wp-json\/wp\/v2\/product_cat?post=17873"},{"taxonomy":"product_tag","embeddable":true,"href":"https:\/\/www.libraria-occitana.org\/en\/wp-json\/wp\/v2\/product_tag?post=17873"}],"curies":[{"name":"wp","href":"https:\/\/api.w.org\/{rel}","templated":true}]}}

<p style="margin:0;"><span style="font-family:'Times New Roman';font-size:12pt;">Quilhs quauques poemas dau Jan-Peire Baldit son un pauc un don personau a la Cruesa, e per-delai au Lemosin, que a laissat dins l&#8217;òme una sagelada prigonda.<br />Son quí, a portada de man e de linga, coma per celebrar una vita que daus còps es plan teuna ; quasi muda, douveirosa : &#8220;le silence de la brejassa&#8221; ; coma per exorcisar una possibla obludança. Una vita d&#8217;aici, modesta, replejada, menaçada ; una alenada que um auva a penas mas qu&#8217;exista, emb son ritme e son rite. Preséncia evocairitz que balha lo sentiment que lo temps a pus presa sur nòstra realitat umana ; volontat permanenta de far durar, d&#8217;eslonjar la segonda mai l&#8217;oras vescudas ; a l&#8217;infinit. Per &#8216;mor que dins la suvenença trobem l&#8217;autenticitat partajada, la sinceritat dau cuer que atend un instant de chalor e d&#8217;esper, dins la punhada de mans, dins la vision d&#8217;un &#8220;enfant esblauvit per l&#8217;auba dau printemps&#8221; &#8230;<br />Paur dau freg que menaça ; paraula occitana que fai rajar lo fuòc, tant necessari, per lo passar de l&#8217;un a l&#8217;autre ; nos eschaurar emb nòstres mots, fidelament.</p>
<p>Revuda La Clau lemosina N° especiau<br />Autor : Baldit, Jan-Peire<br />Linga : Occitan <wbr>(lemosin) &#8211; francés<br />Parucion : 04/1990<br />Editor : CLEO<br />Nb de pajas : 59<br />Format : 14,5 x 20,5 cm<br />Pés : 74 g</span></p>

<p>Quilhs quauques poemas dau Jan-Peire Baldit son un pauc un don personau a la Cruesa, e per-delai au Lemosin, que a laissat dins l&#8217;òme una sagelada prigonda.Son quí, a portada de man e de linga, coma per celebrar una vita que daus còps es plan teuna ; quasi muda, douveirosa : &#8220;le silence de la [&hellip;]</p>
