{"id":17915,"date":"1993-03-01T11:21:52","date_gmt":"1993-03-01T10:21:52","guid":{"rendered":"http:\/\/www.libraria-occitana.org\/all-products\/laubre-solet?lang=en"},"modified":"2026-04-29T03:51:09","modified_gmt":"2026-04-29T01:51:09","slug":"laubre-solet","status":"publish","type":"product","link":"https:\/\/www.libraria-occitana.org\/en\/product\/laubre-solet\/","title":{"rendered":"L&#8217;aubre solet"},"content":{"rendered":"<p>Escota donca, escota :<\/p>\n<p>Un c\u00f2p eria lo monde d\u2019una contrada que decideren de s\u2019esparcir, se separar \u00f2 se quitar, coma voldras. E per marcar lor temps passat ensemble, en guisa de \u2018chabason, lor venguet l\u2019edeia de \u2018lumar un fu\u00f2c de tot \u00e7\u00f2 qu\u2019erian estats, un fu\u00f2c de lor passat que brutlaria d\u2019enguera dins los jorns a venir, per eschaurar la terra, per esclarsir la nuech, per esdaurar la rasa, per far pallir la raior de la luna e daus lunons, per far eslusir la cresta de la vaga, per far parlar de ilhs\u2026<\/p>\n<p>\u00ab\u00a0Un fu\u00f2c entau, de granda blanda, tau queu de la Sent-Jan.<br \/>\n&#8211; A montar lechar la nivor,<br \/>\n&#8211; A bre\u00e7ar los quatre coenhs dau ranvers de vironzeus de fumada,<br \/>\n&#8211; A laissar \u2018na cendre que degun manharia, per fin que los uelhs de l\u2019eimaginari pueschan dessus segre la dralha de l\u2019eimaginacion\u2026<\/p>\n<p>Un fu\u00f2c de frima<br \/>\nde marra e de brav\u00e9ia.<\/p>\n<p>Un fu\u00f2c d\u2019\u00f2bluda<br \/>\nd\u2019escuradis e de \u2018chabason\u2026\u00a0\u00bb<\/p>\n","protected":false},"excerpt":{"rendered":"<p>Escota donca, escota : Un c\u00f2p eria lo monde d\u2019una contrada que decideren de s\u2019esparcir, se separar \u00f2 se quitar, coma voldras. E per marcar lor temps passat ensemble, en guisa de \u2018chabason, lor venguet l\u2019edeia de \u2018lumar un fu\u00f2c de tot \u00e7\u00f2 qu\u2019erian estats, un fu\u00f2c de lor passat que brutlaria d\u2019enguera dins los [&hellip;]<\/p>\n","protected":false},"featured_media":36814,"template":"","meta":{"_acf_changed":false,"_genesis_hide_title":false,"_genesis_hide_breadcrumbs":false,"_genesis_hide_singular_image":false,"_genesis_hide_footer_widgets":false,"_genesis_custom_body_class":"","_genesis_custom_post_class":"","_genesis_layout":""},"product_brand":[],"product_cat":[7132,7174,7182],"product_tag":[],"class_list":{"0":"post-17915","1":"product","2":"type-product","3":"status-publish","4":"has-post-thumbnail","6":"product_cat-books","7":"product_cat-literature-en","8":"product_cat-novels-short-stories-en","9":"pa_auteur-lallet-peire-en","10":"pa_editeur-ieo-fr-en","11":"pa_langue-occitan-en","12":"pa_langue-occitan-lemosin-en","13":"entry","15":"first","16":"instock","17":"shipping-taxable","18":"purchasable","19":"product-type-simple"},"acf":[],"_links":{"self":[{"href":"https:\/\/www.libraria-occitana.org\/en\/wp-json\/wp\/v2\/product\/17915","targetHints":{"allow":["GET"]}}],"collection":[{"href":"https:\/\/www.libraria-occitana.org\/en\/wp-json\/wp\/v2\/product"}],"about":[{"href":"https:\/\/www.libraria-occitana.org\/en\/wp-json\/wp\/v2\/types\/product"}],"wp:featuredmedia":[{"embeddable":true,"href":"https:\/\/www.libraria-occitana.org\/en\/wp-json\/wp\/v2\/media\/36814"}],"wp:attachment":[{"href":"https:\/\/www.libraria-occitana.org\/en\/wp-json\/wp\/v2\/media?parent=17915"}],"wp:term":[{"taxonomy":"product_brand","embeddable":true,"href":"https:\/\/www.libraria-occitana.org\/en\/wp-json\/wp\/v2\/product_brand?post=17915"},{"taxonomy":"product_cat","embeddable":true,"href":"https:\/\/www.libraria-occitana.org\/en\/wp-json\/wp\/v2\/product_cat?post=17915"},{"taxonomy":"product_tag","embeddable":true,"href":"https:\/\/www.libraria-occitana.org\/en\/wp-json\/wp\/v2\/product_tag?post=17915"}],"curies":[{"name":"wp","href":"https:\/\/api.w.org\/{rel}","templated":true}]}}

<p>Escota donca, escota :</p>
<p>Un còp eria lo monde d’una contrada que decideren de s’esparcir, se separar ò se quitar, coma voldras. E per marcar lor temps passat ensemble, en guisa de ‘chabason, lor venguet l’edeia de ‘lumar un fuòc de tot çò qu’erian estats, un fuòc de lor passat que brutlaria d’enguera dins los jorns a venir, per eschaurar la terra, per esclarsir la nuech, per esdaurar la rasa, per far pallir la raior de la luna e daus lunons, per far eslusir la cresta de la vaga, per far parlar de ilhs…</p>
<p>« Un fuòc entau, de granda blanda, tau queu de la Sent-Jan.<br />
&#8211; A montar lechar la nivor,<br />
&#8211; A breçar los quatre coenhs dau ranvers de vironzeus de fumada,<br />
&#8211; A laissar ‘na cendre que degun manharia, per fin que los uelhs de l’eimaginari pueschan dessus segre la dralha de l’eimaginacion…</p>
<p>Un fuòc de frima<br />
de marra e de bravéia.</p>
<p>Un fuòc d’òbluda<br />
d’escuradis e de ‘chabason… »</p>

<p>Escota donca, escota : Un còp eria lo monde d’una contrada que decideren de s’esparcir, se separar ò se quitar, coma voldras. E per marcar lor temps passat ensemble, en guisa de ‘chabason, lor venguet l’edeia de ‘lumar un fuòc de tot çò qu’erian estats, un fuòc de lor passat que brutlaria d’enguera dins los [&hellip;]</p>
