{"id":17943,"date":"2026-08-31T16:59:39","date_gmt":"2026-08-31T14:59:39","guid":{"rendered":"http:\/\/www.libraria-occitana.org\/all-products\/los-jorns-telhou?lang=en"},"modified":"2026-08-31T17:00:05","modified_gmt":"2026-08-31T15:00:05","slug":"los-jorns-telhou","status":"publish","type":"product","link":"https:\/\/www.libraria-occitana.org\/en\/product\/los-jorns-telhou\/","title":{"rendered":"LOS JORNS TELH\u00f2U"},"content":{"rendered":"<p style=\"margin:0;\"><span style=\"font-family:'Times New Roman';font-size:12pt;\">1914-1915. Le soldat Charles Vergnaudou du 78\u00e8me R\u00e9giment d&#8217;Infanterie, d&#8217;un temp\u00e9rament faible et peureux, souffre plus que d&#8217;autres des angoisses du combattant involontaire. Il revoit les &#8220;jours tilleul&#8221; de sa petite enfance pass\u00e9s aupr\u00e8s de sa petite m\u00e8re qui l&#8217;a toujours trop choy\u00e9 et de sa petite voisine Madeleine, la Delin, qu&#8217;il a toujours aim\u00e9e et toujours pens\u00e9 \u00e9pouser. Mais elle en aime un autre, lui aussi pris dans l&#8217;enfer de la guerre qu&#8217;il semble mieux traverser gr\u00e2ce \u00e0 son temp\u00e9rament fort et g\u00e9n\u00e9reux. Pour le malheureux Charles, aux mis\u00e8res et souffrances physiques s&#8217;ajoutent les affres de la jalousie. Comment survivre sur ces champs de la mort ? Comment retrouver l&#8217;amour de celle qu&#8217;il aime et l&#8217;\u00e9pouser un jour ? Mais la guerre ignore les questions des hommes et distribue au hasard ses propres r\u00e9ponses de vie ou de mort\u2026<br \/>Ce roman est \u00e9crit en occitan <wbr>(dialecte limousin) ; cette langue minoris\u00e9e prouve ici, une nouvelle fois, sa capacit\u00e9 \u00e0 v\u00e9hiculer des \u0153uvres fortes.<\/p>\n<p>Complement de titre : <wbr>(Les jours tilleul)<br \/>Revuda La Clau lemosina N\u00b0 especiau<br \/>Autor : Berland, Roland<br \/>Linga : Occitan <wbr>(lemosin)<br \/>Parucion : 07\/1996<br \/>Editor : CLEO<br \/>Nb de pajas : 176<br \/>Format : 15 x 21 cm<br \/>P\u00e9s : 230 g<br \/>ISSN : 03396487<br \/><\/span><\/p>\n","protected":false},"excerpt":{"rendered":"<p>1914-1915. Le soldat Charles Vergnaudou du 78\u00e8me R\u00e9giment d&#8217;Infanterie, d&#8217;un temp\u00e9rament faible et peureux, souffre plus que d&#8217;autres des angoisses du combattant involontaire. Il revoit les &#8220;jours tilleul&#8221; de sa petite enfance pass\u00e9s aupr\u00e8s de sa petite m\u00e8re qui l&#8217;a toujours trop choy\u00e9 et de sa petite voisine Madeleine, la Delin, qu&#8217;il a toujours aim\u00e9e [&hellip;]<\/p>\n","protected":false},"featured_media":0,"template":"","meta":{"_acf_changed":false,"_genesis_hide_title":false,"_genesis_hide_breadcrumbs":false,"_genesis_hide_singular_image":false,"_genesis_hide_footer_widgets":false,"_genesis_custom_body_class":"","_genesis_custom_post_class":"","_genesis_layout":""},"product_brand":[],"product_cat":[7132,7174,16135,7182],"product_tag":[],"class_list":["post-17943","product","type-product","status-publish","product_cat-books","product_cat-literature-en","product_cat-non-classe-en","product_cat-novels-short-stories-en","pa_auteur-berland-rolland-en","pa_auteurs-berland-roland","pa_editeur-cleo-en","pa_langue-occitan-en","pa_langue-occitan-lemosin-en","entry","has-post-thumbnail","first","outofstock","purchasable","product-type-simple"],"acf":[],"_links":{"self":[{"href":"https:\/\/www.libraria-occitana.org\/en\/wp-json\/wp\/v2\/product\/17943","targetHints":{"allow":["GET"]}}],"collection":[{"href":"https:\/\/www.libraria-occitana.org\/en\/wp-json\/wp\/v2\/product"}],"about":[{"href":"https:\/\/www.libraria-occitana.org\/en\/wp-json\/wp\/v2\/types\/product"}],"wp:attachment":[{"href":"https:\/\/www.libraria-occitana.org\/en\/wp-json\/wp\/v2\/media?parent=17943"}],"wp:term":[{"taxonomy":"product_brand","embeddable":true,"href":"https:\/\/www.libraria-occitana.org\/en\/wp-json\/wp\/v2\/product_brand?post=17943"},{"taxonomy":"product_cat","embeddable":true,"href":"https:\/\/www.libraria-occitana.org\/en\/wp-json\/wp\/v2\/product_cat?post=17943"},{"taxonomy":"product_tag","embeddable":true,"href":"https:\/\/www.libraria-occitana.org\/en\/wp-json\/wp\/v2\/product_tag?post=17943"}],"curies":[{"name":"wp","href":"https:\/\/api.w.org\/{rel}","templated":true}]}}

LOS JORNS TELHòU

<p style="margin:0;"><span style="font-family:'Times New Roman';font-size:12pt;">1914-1915. Le soldat Charles Vergnaudou du 78ème Régiment d&#8217;Infanterie, d&#8217;un tempérament faible et peureux, souffre plus que d&#8217;autres des angoisses du combattant involontaire. Il revoit les &#8220;jours tilleul&#8221; de sa petite enfance passés auprès de sa petite mère qui l&#8217;a toujours trop choyé et de sa petite voisine Madeleine, la Delin, qu&#8217;il a toujours aimée et toujours pensé épouser. Mais elle en aime un autre, lui aussi pris dans l&#8217;enfer de la guerre qu&#8217;il semble mieux traverser grâce à son tempérament fort et généreux. Pour le malheureux Charles, aux misères et souffrances physiques s&#8217;ajoutent les affres de la jalousie. Comment survivre sur ces champs de la mort ? Comment retrouver l&#8217;amour de celle qu&#8217;il aime et l&#8217;épouser un jour ? Mais la guerre ignore les questions des hommes et distribue au hasard ses propres réponses de vie ou de mort…<br />Ce roman est écrit en occitan <wbr>(dialecte limousin) ; cette langue minorisée prouve ici, une nouvelle fois, sa capacité à véhiculer des œuvres fortes.</p>
<p>Complement de titre : <wbr>(Les jours tilleul)<br />Revuda La Clau lemosina N° especiau<br />Autor : Berland, Roland<br />Linga : Occitan <wbr>(lemosin)<br />Parucion : 07/1996<br />Editor : CLEO<br />Nb de pajas : 176<br />Format : 15 x 21 cm<br />Pés : 230 g<br />ISSN : 03396487<br /></span></p>

<p>1914-1915. Le soldat Charles Vergnaudou du 78ème Régiment d&#8217;Infanterie, d&#8217;un tempérament faible et peureux, souffre plus que d&#8217;autres des angoisses du combattant involontaire. Il revoit les &#8220;jours tilleul&#8221; de sa petite enfance passés auprès de sa petite mère qui l&#8217;a toujours trop choyé et de sa petite voisine Madeleine, la Delin, qu&#8217;il a toujours aimée [&hellip;]</p>
