{"id":17947,"date":"2026-08-31T17:28:53","date_gmt":"2026-08-31T15:28:53","guid":{"rendered":"http:\/\/www.libraria-occitana.org\/all-products\/le-temps-des-noces?lang=en"},"modified":"2026-08-31T17:28:57","modified_gmt":"2026-08-31T15:28:57","slug":"le-temps-des-noces","status":"publish","type":"product","link":"https:\/\/www.libraria-occitana.org\/en\/product\/le-temps-des-noces\/","title":{"rendered":"LE TEMPS DES NOCES"},"content":{"rendered":"<p style=\"margin:0;\"><span style=\"font-family:'Times New Roman';font-size:12pt;\">&#8220;En ce temps-l\u00e0 comme au temps de leurs m\u00e8res, les jeunes filles se devaient d&#8217;avoir un trousseau. Les grands-m\u00e8res, elles, avaient fil\u00e9 le chanvre de leur toile \u00e0 draps. Nos m\u00e8res les cousirent, et parfois les brod\u00e8rent, avec application. Et nos m\u00e8res voulurent que, nous aussi, nous travaillions de nos doigts \u00e0 ce linge de maison qui devrait nous suivre tout au long de notre vie <wbr>[&#8230;] : Fialatz, fialatz, mas petitas ! Quelas qui fialaron, se maridaron. Quelas qui fialaron pas, se maridaron pas ! Celles qui fileront se marieront, celles qui ne fileront pas, ne se marieront pas. Filez, mes enfants !&#8221;<\/p>\n<p>&#8220;Au mois de septembre, la D\u00e9d\u00e9 se maria. Nous l&#8217;avions rencontr\u00e9e un jour <wbr>[&#8230;]. Ce devait \u00eatre un dimanche, jour de f\u00eate probablement. Il faisait beau. La D\u00e9d\u00e9 en robe claire \u00e9tait accompagn\u00e9e d&#8217;un gar\u00e7on, ils allaient au bal, la D\u00e9d\u00e9 gloussotait doucement de son rire timide, tout \u00e9mue que nous l&#8217;eussions vue avec un jeune homme et n&#8217;osant qu&#8217;\u00e0 peine parler. C&#8217;\u00e9tait \u00e0 la Joubert, dans le chemin, o\u00f9, si souvent au cr\u00e9puscule, nous avions secou\u00e9 les arbres pour en faire tomber les hannetons. L&#8217;enfance, c&#8217;\u00e9tait donc fini&#8230;&#8221;<\/p>\n<p>Autor : Delpastre, Marcelle<br \/>Linga : Franc\u00e9s<br \/>Parucion : 12\/1995<br \/>Editor : Payot<br \/>Colleccion : R\u00e9cits de vie<br \/>Nb de pajas : 391<br \/>Format : 15,5 x 23,5 cm<br \/>P\u00e9s : 528 g<br \/>EAN 13 : 9782228889940<br \/><\/span><\/p>\n","protected":false},"excerpt":{"rendered":"<p>&#8220;En ce temps-l\u00e0 comme au temps de leurs m\u00e8res, les jeunes filles se devaient d&#8217;avoir un trousseau. Les grands-m\u00e8res, elles, avaient fil\u00e9 le chanvre de leur toile \u00e0 draps. Nos m\u00e8res les cousirent, et parfois les brod\u00e8rent, avec application. Et nos m\u00e8res voulurent que, nous aussi, nous travaillions de nos doigts \u00e0 ce linge de [&hellip;]<\/p>\n","protected":false},"featured_media":0,"template":"","meta":{"_acf_changed":false,"_genesis_hide_title":false,"_genesis_hide_breadcrumbs":false,"_genesis_hide_singular_image":false,"_genesis_hide_footer_widgets":false,"_genesis_custom_body_class":"","_genesis_custom_post_class":"","_genesis_layout":""},"product_brand":[],"product_cat":[7132,7174,16135,7186],"product_tag":[],"class_list":["post-17947","product","type-product","status-publish","product_cat-books","product_cat-literature-en","product_cat-non-classe-en","product_cat-personal-narratives-memoirs-en","pa_auteur-delpastre-marcela-en","pa_editeur-payot-en","pa_langue-francais-en","entry","has-post-thumbnail","first","outofstock","purchasable","product-type-simple"],"acf":[],"_links":{"self":[{"href":"https:\/\/www.libraria-occitana.org\/en\/wp-json\/wp\/v2\/product\/17947","targetHints":{"allow":["GET"]}}],"collection":[{"href":"https:\/\/www.libraria-occitana.org\/en\/wp-json\/wp\/v2\/product"}],"about":[{"href":"https:\/\/www.libraria-occitana.org\/en\/wp-json\/wp\/v2\/types\/product"}],"wp:attachment":[{"href":"https:\/\/www.libraria-occitana.org\/en\/wp-json\/wp\/v2\/media?parent=17947"}],"wp:term":[{"taxonomy":"product_brand","embeddable":true,"href":"https:\/\/www.libraria-occitana.org\/en\/wp-json\/wp\/v2\/product_brand?post=17947"},{"taxonomy":"product_cat","embeddable":true,"href":"https:\/\/www.libraria-occitana.org\/en\/wp-json\/wp\/v2\/product_cat?post=17947"},{"taxonomy":"product_tag","embeddable":true,"href":"https:\/\/www.libraria-occitana.org\/en\/wp-json\/wp\/v2\/product_tag?post=17947"}],"curies":[{"name":"wp","href":"https:\/\/api.w.org\/{rel}","templated":true}]}}

<p style="margin:0;"><span style="font-family:'Times New Roman';font-size:12pt;">&#8220;En ce temps-là comme au temps de leurs mères, les jeunes filles se devaient d&#8217;avoir un trousseau. Les grands-mères, elles, avaient filé le chanvre de leur toile à draps. Nos mères les cousirent, et parfois les brodèrent, avec application. Et nos mères voulurent que, nous aussi, nous travaillions de nos doigts à ce linge de maison qui devrait nous suivre tout au long de notre vie <wbr>[&#8230;] : Fialatz, fialatz, mas petitas ! Quelas qui fialaron, se maridaron. Quelas qui fialaron pas, se maridaron pas ! Celles qui fileront se marieront, celles qui ne fileront pas, ne se marieront pas. Filez, mes enfants !&#8221;</p>
<p>&#8220;Au mois de septembre, la Dédé se maria. Nous l&#8217;avions rencontrée un jour <wbr>[&#8230;]. Ce devait être un dimanche, jour de fête probablement. Il faisait beau. La Dédé en robe claire était accompagnée d&#8217;un garçon, ils allaient au bal, la Dédé gloussotait doucement de son rire timide, tout émue que nous l&#8217;eussions vue avec un jeune homme et n&#8217;osant qu&#8217;à peine parler. C&#8217;était à la Joubert, dans le chemin, où, si souvent au crépuscule, nous avions secoué les arbres pour en faire tomber les hannetons. L&#8217;enfance, c&#8217;était donc fini&#8230;&#8221;</p>
<p>Autor : Delpastre, Marcelle<br />Linga : Francés<br />Parucion : 12/1995<br />Editor : Payot<br />Colleccion : Récits de vie<br />Nb de pajas : 391<br />Format : 15,5 x 23,5 cm<br />Pés : 528 g<br />EAN 13 : 9782228889940<br /></span></p>

<p>&#8220;En ce temps-là comme au temps de leurs mères, les jeunes filles se devaient d&#8217;avoir un trousseau. Les grands-mères, elles, avaient filé le chanvre de leur toile à draps. Nos mères les cousirent, et parfois les brodèrent, avec application. Et nos mères voulurent que, nous aussi, nous travaillions de nos doigts à ce linge de [&hellip;]</p>
