{"id":18093,"date":"2026-08-31T16:52:05","date_gmt":"2026-08-31T14:52:05","guid":{"rendered":"http:\/\/www.libraria-occitana.org\/all-products\/les-relations-occitano-catalanes-a-travers-le-temps?lang=en"},"modified":"2026-08-31T16:52:09","modified_gmt":"2026-08-31T14:52:09","slug":"les-relations-occitano-catalanes-a-travers-le-temps","status":"publish","type":"product","link":"https:\/\/www.libraria-occitana.org\/en\/product\/les-relations-occitano-catalanes-a-travers-le-temps\/","title":{"rendered":"LES RELATIONS OCCITANO-CATALANES A TRAVERS LE TEMPS"},"content":{"rendered":"<p style=\"margin:0;\"><span style=\"font-family:'Times New Roman';font-size:12pt;\">Occitanie, Catalogne : deux pays voisins, si proches par les hommes, leur langue et leur civilisation qu&#8217;ils auraient pu n&#8217;en faire qu&#8217;un. Mais l&#8217;histoire les a s\u00e9par\u00e9s, les attirant dans le giron de deux Etats-nation dont ils ont subi les influences divergentes.<br \/>Ils n&#8217;en ont pas moins maintenu au fil des si\u00e8cles d&#8217;\u00e9troites relations dont le pr\u00e9sent ouvrage r\u00e9v\u00e8le quelques exemples importants : dans le domaine des techniques et arts <wbr>(c\u00e9ramique) et des croyances populaires <wbr>(culte de Sainte Rafine) ; sur le plan politique <wbr>(alliance dans la Croisade anti-albigeoise), d\u00e9mographique <wbr>(migration des cathares au XIIIe si\u00e8cle, puis des Gascons et des &#8220;gavaches&#8221; du XIVe au XVIIe), religieux <wbr>(qu\u00eates pour l&#8217;abbaye de Montserrat)&#8230;<br \/>Ces liens profonds, qui ont perdur\u00e9 \u00e0 travers le temps, se d\u00e9veloppent de nos jours tout particuli\u00e8rement dans le domaine associatif <wbr>(CAOC, UCET, Jumelages) mais aussi institutionnel <wbr>(Euro-r\u00e9gion).<br \/>Un petit livre dont la lecture sera, pour beaucoup, fertile en d\u00e9couvertes.<\/p>\n<p>Complement de titre : Actes du Colloque de Carbonne <wbr>(18 ao\u00fbt 2001)<br \/>Autor : Collectiu<br \/>Linga : Franc\u00e9s<br \/>Parucion : 05\/2002<br \/>Editor : Histoire et Traditions carbonnaises<br \/>Nb de pajas : 120<br \/>Format : 14,5 x 20,5 cm<br \/>P\u00e9s : 164 g<br \/><\/span><\/p>\n","protected":false},"excerpt":{"rendered":"<p>Occitanie, Catalogne : deux pays voisins, si proches par les hommes, leur langue et leur civilisation qu&#8217;ils auraient pu n&#8217;en faire qu&#8217;un. Mais l&#8217;histoire les a s\u00e9par\u00e9s, les attirant dans le giron de deux Etats-nation dont ils ont subi les influences divergentes.Ils n&#8217;en ont pas moins maintenu au fil des si\u00e8cles d&#8217;\u00e9troites relations dont le [&hellip;]<\/p>\n","protected":false},"featured_media":0,"template":"","meta":{"_acf_changed":false,"_genesis_hide_title":false,"_genesis_hide_breadcrumbs":false,"_genesis_hide_singular_image":false,"_genesis_hide_footer_widgets":false,"_genesis_custom_body_class":"","_genesis_custom_post_class":"","_genesis_layout":""},"product_brand":[],"product_cat":[7132,7156,7148,16135],"product_tag":[],"class_list":["post-18093","product","type-product","status-publish","product_cat-books","product_cat-general-history-en","product_cat-history-geography-en","product_cat-non-classe-en","pa_auteur-collectiu-en-2","pa_editeur-ieo-fr-en","pa_langue-francais-en","entry","has-post-thumbnail","first","outofstock","purchasable","product-type-simple"],"acf":[],"_links":{"self":[{"href":"https:\/\/www.libraria-occitana.org\/en\/wp-json\/wp\/v2\/product\/18093","targetHints":{"allow":["GET"]}}],"collection":[{"href":"https:\/\/www.libraria-occitana.org\/en\/wp-json\/wp\/v2\/product"}],"about":[{"href":"https:\/\/www.libraria-occitana.org\/en\/wp-json\/wp\/v2\/types\/product"}],"wp:attachment":[{"href":"https:\/\/www.libraria-occitana.org\/en\/wp-json\/wp\/v2\/media?parent=18093"}],"wp:term":[{"taxonomy":"product_brand","embeddable":true,"href":"https:\/\/www.libraria-occitana.org\/en\/wp-json\/wp\/v2\/product_brand?post=18093"},{"taxonomy":"product_cat","embeddable":true,"href":"https:\/\/www.libraria-occitana.org\/en\/wp-json\/wp\/v2\/product_cat?post=18093"},{"taxonomy":"product_tag","embeddable":true,"href":"https:\/\/www.libraria-occitana.org\/en\/wp-json\/wp\/v2\/product_tag?post=18093"}],"curies":[{"name":"wp","href":"https:\/\/api.w.org\/{rel}","templated":true}]}}

<p style="margin:0;"><span style="font-family:'Times New Roman';font-size:12pt;">Occitanie, Catalogne : deux pays voisins, si proches par les hommes, leur langue et leur civilisation qu&#8217;ils auraient pu n&#8217;en faire qu&#8217;un. Mais l&#8217;histoire les a séparés, les attirant dans le giron de deux Etats-nation dont ils ont subi les influences divergentes.<br />Ils n&#8217;en ont pas moins maintenu au fil des siècles d&#8217;étroites relations dont le présent ouvrage révèle quelques exemples importants : dans le domaine des techniques et arts <wbr>(céramique) et des croyances populaires <wbr>(culte de Sainte Rafine) ; sur le plan politique <wbr>(alliance dans la Croisade anti-albigeoise), démographique <wbr>(migration des cathares au XIIIe siècle, puis des Gascons et des &#8220;gavaches&#8221; du XIVe au XVIIe), religieux <wbr>(quêtes pour l&#8217;abbaye de Montserrat)&#8230;<br />Ces liens profonds, qui ont perduré à travers le temps, se développent de nos jours tout particulièrement dans le domaine associatif <wbr>(CAOC, UCET, Jumelages) mais aussi institutionnel <wbr>(Euro-région).<br />Un petit livre dont la lecture sera, pour beaucoup, fertile en découvertes.</p>
<p>Complement de titre : Actes du Colloque de Carbonne <wbr>(18 août 2001)<br />Autor : Collectiu<br />Linga : Francés<br />Parucion : 05/2002<br />Editor : Histoire et Traditions carbonnaises<br />Nb de pajas : 120<br />Format : 14,5 x 20,5 cm<br />Pés : 164 g<br /></span></p>

<p>Occitanie, Catalogne : deux pays voisins, si proches par les hommes, leur langue et leur civilisation qu&#8217;ils auraient pu n&#8217;en faire qu&#8217;un. Mais l&#8217;histoire les a séparés, les attirant dans le giron de deux Etats-nation dont ils ont subi les influences divergentes.Ils n&#8217;en ont pas moins maintenu au fil des siècles d&#8217;étroites relations dont le [&hellip;]</p>
