{"id":18153,"date":"2002-10-01T10:59:24","date_gmt":"2002-10-01T08:59:24","guid":{"rendered":"http:\/\/www.libraria-occitana.org\/all-products\/cronicas-dau-saubre-viure-chroniques-du-savoir-vivre?lang=en"},"modified":"2024-07-05T00:12:02","modified_gmt":"2024-07-04T22:12:02","slug":"cronicas-dau-saubre-viure-chroniques-du-savoir-vivre","status":"publish","type":"product","link":"https:\/\/www.libraria-occitana.org\/en\/product\/cronicas-dau-saubre-viure-chroniques-du-savoir-vivre\/","title":{"rendered":"Cronicas dau saubre-viure &#8211; Chroniques du savoir-vivre"},"content":{"rendered":"<p>Il y eut pour Jan dau Melhau le temps des chroniques radiophoniques dont le succ\u00e8s lui valut quelque popularit\u00e9.<\/p>\n<p>On se souvient de son \u00ab <em>Adiu tu, dija, te volia dire<\/em> \u2015 salut toi, dis-donc, je voulais te dire\u2026 \u00bb qui les ouvrait chaque matin.<\/p>\n<p>Il y parlait de tout, de rien et du reste, \u00ab de tous ces petits signes culturels dans le langage ou le maintien, le rapport \u00e0 soi, \u00e0 l&#8217;autre, \u00e0 la maison, au pays, dont les gens ne savent pas qu&#8217;ils les savent et que, par cette ignorance m\u00eame et avec la complicit\u00e9 active de la soci\u00e9t\u00e9 d&#8217;aujourd&#8217;hui, ils laissent perdre en se perdant aussi \u00bb.<\/p>\n<p>Qu&#8217;il y f\u00fbt tendre ou amer, voire franchement en col\u00e8re, il y gardait cette libert\u00e9 de ton qu&#8217;on se pla\u00eet \u00e0 lui reconna\u00eetre.<\/p>\n<p>De ces chroniques, voici belle et bonne gerbe d&#8217;entre les plus intempestives, dans leur langue : l&#8217;occitan, et dans sa traduction fran\u00e7aise.<\/p>\n<p>Les <em>Cronicas dau saubre-viure<\/em> sont disponibles en <a href=\"http:\/\/www.libraria-occitana.org\/produit\/cronicas-dau-saubre-viure-2-cd\/\">double CD audio<\/a>, lues par l&#8217;auteur.<\/p>\n","protected":false},"excerpt":{"rendered":"<p>Il y eut pour Jan dau Melhau le temps des chroniques radiophoniques dont le succ\u00e8s lui valut quelque popularit\u00e9. On se souvient de son \u00ab Adiu tu, dija, te volia dire \u2015 salut toi, dis-donc, je voulais te dire\u2026 \u00bb qui les ouvrait chaque matin. Il y parlait de tout, de rien et du reste, [&hellip;]<\/p>\n","protected":false},"featured_media":18154,"template":"","meta":{"_acf_changed":false,"_genesis_hide_title":false,"_genesis_hide_breadcrumbs":false,"_genesis_hide_singular_image":false,"_genesis_hide_footer_widgets":false,"_genesis_custom_body_class":"","_genesis_custom_post_class":"","_genesis_layout":""},"product_brand":[],"product_cat":[7132,7202],"product_tag":[],"class_list":{"0":"post-18153","1":"product","2":"type-product","3":"status-publish","4":"has-post-thumbnail","6":"product_cat-books","7":"product_cat-politics-sociology-current-affairs-en","8":"pa_auteur-melhau-jan-dau-fr-en","9":"pa_editeur-lucien-souny-en","10":"pa_langue-occitan-lemosin-en","11":"pa_langue-occitan-francais-en","12":"entry","14":"first","15":"outofstock","16":"shipping-taxable","17":"purchasable","18":"product-type-simple"},"acf":[],"_links":{"self":[{"href":"https:\/\/www.libraria-occitana.org\/en\/wp-json\/wp\/v2\/product\/18153","targetHints":{"allow":["GET"]}}],"collection":[{"href":"https:\/\/www.libraria-occitana.org\/en\/wp-json\/wp\/v2\/product"}],"about":[{"href":"https:\/\/www.libraria-occitana.org\/en\/wp-json\/wp\/v2\/types\/product"}],"wp:featuredmedia":[{"embeddable":true,"href":"https:\/\/www.libraria-occitana.org\/en\/wp-json\/wp\/v2\/media\/18154"}],"wp:attachment":[{"href":"https:\/\/www.libraria-occitana.org\/en\/wp-json\/wp\/v2\/media?parent=18153"}],"wp:term":[{"taxonomy":"product_brand","embeddable":true,"href":"https:\/\/www.libraria-occitana.org\/en\/wp-json\/wp\/v2\/product_brand?post=18153"},{"taxonomy":"product_cat","embeddable":true,"href":"https:\/\/www.libraria-occitana.org\/en\/wp-json\/wp\/v2\/product_cat?post=18153"},{"taxonomy":"product_tag","embeddable":true,"href":"https:\/\/www.libraria-occitana.org\/en\/wp-json\/wp\/v2\/product_tag?post=18153"}],"curies":[{"name":"wp","href":"https:\/\/api.w.org\/{rel}","templated":true}]}}

<p>Il y eut pour Jan dau Melhau le temps des chroniques radiophoniques dont le succès lui valut quelque popularité.</p>
<p>On se souvient de son « <em>Adiu tu, dija, te volia dire</em> ― salut toi, dis-donc, je voulais te dire… » qui les ouvrait chaque matin.</p>
<p>Il y parlait de tout, de rien et du reste, « de tous ces petits signes culturels dans le langage ou le maintien, le rapport à soi, à l&#8217;autre, à la maison, au pays, dont les gens ne savent pas qu&#8217;ils les savent et que, par cette ignorance même et avec la complicité active de la société d&#8217;aujourd&#8217;hui, ils laissent perdre en se perdant aussi ».</p>
<p>Qu&#8217;il y fût tendre ou amer, voire franchement en colère, il y gardait cette liberté de ton qu&#8217;on se plaît à lui reconnaître.</p>
<p>De ces chroniques, voici belle et bonne gerbe d&#8217;entre les plus intempestives, dans leur langue : l&#8217;occitan, et dans sa traduction française.</p>
<p>Les <em>Cronicas dau saubre-viure</em> sont disponibles en <a href="http://www.libraria-occitana.org/produit/cronicas-dau-saubre-viure-2-cd/">double CD audio</a>, lues par l&#8217;auteur.</p>

<p>Il y eut pour Jan dau Melhau le temps des chroniques radiophoniques dont le succès lui valut quelque popularité. On se souvient de son « Adiu tu, dija, te volia dire ― salut toi, dis-donc, je voulais te dire… » qui les ouvrait chaque matin. Il y parlait de tout, de rien et du reste, [&hellip;]</p>
