{"id":18205,"date":"2005-05-01T09:22:21","date_gmt":"2005-05-01T08:22:21","guid":{"rendered":"http:\/\/www.libraria-occitana.org\/all-products\/atlas-des-minorites-en-europe-de-latlantique-a-loural-diversite-culturelle?lang=en"},"modified":"2024-07-05T00:02:35","modified_gmt":"2024-07-04T22:02:35","slug":"atlas-des-minorites-en-europe-de-latlantique-a-loural-diversite-culturelle","status":"publish","type":"product","link":"https:\/\/www.libraria-occitana.org\/en\/product\/atlas-des-minorites-en-europe-de-latlantique-a-loural-diversite-culturelle\/","title":{"rendered":"Atlas des minorit\u00e9s en Europe : De l&#8217;Atlantique \u00e0 l&#8217;Oural, diversit\u00e9 culturelle"},"content":{"rendered":"<p>Alors que l&#8217;Union europ\u00e9enne compte dor\u00e9navant 25 \u00c9tats et \u00e0 l&#8217;heure o\u00f9 chacun cherche un fonds culturel commun \u00e0 tous les \u00c9tats de l&#8217;Union europ\u00e9enne, il semble important de parler des minorit\u00e9s, car celles-ci font partie int\u00e9grante de la construction d&#8217;une &#8220;culture europ\u00e9enne&#8221;.<br \/>\nEn effet, loin de s&#8217;opposer, m\u00e9tissage et maintien des cultures diff\u00e9rentes et en particulier des langues sont compl\u00e9mentaires. La prise en compte de l&#8217;identit\u00e9 collective des groupes minoritaires, voire un certain enracinement, loin de n&#8217;\u00eatre qu&#8217;un r\u00e9flexe &#8220;tribal&#8221;, appara\u00eet souvent de nos jours comme un antidote aux d\u00e9rives du fanatisme &#8220;identitaire&#8221; et de l&#8217;ensauvagement urbain. Et les d\u00e9sordres auxquels on assiste aujourd&#8217;hui, de la Tch\u00e9tch\u00e9nie aux banlieues des m\u00e9tropoles europ\u00e9ennes, sont moins dus en effet au d\u00e9cha\u00eenement d&#8217;un exc\u00e8s d&#8217;identit\u00e9 qu&#8217;au contrecoup diff\u00e9r\u00e9 d&#8217;une insuffisante reconnaissance identitaire.<\/p>\n<p>Les meilleurs sp\u00e9cialistes se trouvent ici r\u00e9unis pour d\u00e9crypter et analyser les minorit\u00e9s nationales, ethniques, linguistiques et culturelles de l&#8217;Europe, de l&#8217;Atlantique \u00e0 l&#8217;Oural, qu&#8217;elles soient territoriales ou diasporiques. En une centaine de cartes et infographies, leur ambition est de montrer que les minorit\u00e9s, au-del\u00e0 d&#8217;\u00eatre un &#8220;probl\u00e8me&#8221;, sont avant tout constitutives de l&#8217;Europe.<\/p>\n","protected":false},"excerpt":{"rendered":"<p>Alors que l&#8217;Union europ\u00e9enne compte dor\u00e9navant 25 \u00c9tats et \u00e0 l&#8217;heure o\u00f9 chacun cherche un fonds culturel commun \u00e0 tous les \u00c9tats de l&#8217;Union europ\u00e9enne, il semble important de parler des minorit\u00e9s, car celles-ci font partie int\u00e9grante de la construction d&#8217;une &#8220;culture europ\u00e9enne&#8221;. En effet, loin de s&#8217;opposer, m\u00e9tissage et maintien des cultures diff\u00e9rentes et [&hellip;]<\/p>\n","protected":false},"featured_media":36555,"template":"","meta":{"_acf_changed":false,"_genesis_hide_title":false,"_genesis_hide_breadcrumbs":false,"_genesis_hide_singular_image":false,"_genesis_hide_footer_widgets":false,"_genesis_custom_body_class":"","_genesis_custom_post_class":"","_genesis_layout":""},"product_brand":[],"product_cat":[7132,7152,7148],"product_tag":[],"class_list":{"0":"post-18205","1":"product","2":"type-product","3":"status-publish","4":"has-post-thumbnail","6":"product_cat-books","7":"product_cat-geography-en","8":"product_cat-history-geography-en","9":"pa_auteur-groupement-pour-les-droits-des-minorites-en","10":"pa_auteur-plasseraud-yves-en","11":"pa_editeur-autrement-en","12":"pa_illustrateur-marin-cecile-en","13":"pa_langue-francais-en","14":"entry","16":"first","17":"outofstock","18":"shipping-taxable","19":"purchasable","20":"product-type-simple"},"acf":[],"_links":{"self":[{"href":"https:\/\/www.libraria-occitana.org\/en\/wp-json\/wp\/v2\/product\/18205","targetHints":{"allow":["GET"]}}],"collection":[{"href":"https:\/\/www.libraria-occitana.org\/en\/wp-json\/wp\/v2\/product"}],"about":[{"href":"https:\/\/www.libraria-occitana.org\/en\/wp-json\/wp\/v2\/types\/product"}],"wp:featuredmedia":[{"embeddable":true,"href":"https:\/\/www.libraria-occitana.org\/en\/wp-json\/wp\/v2\/media\/36555"}],"wp:attachment":[{"href":"https:\/\/www.libraria-occitana.org\/en\/wp-json\/wp\/v2\/media?parent=18205"}],"wp:term":[{"taxonomy":"product_brand","embeddable":true,"href":"https:\/\/www.libraria-occitana.org\/en\/wp-json\/wp\/v2\/product_brand?post=18205"},{"taxonomy":"product_cat","embeddable":true,"href":"https:\/\/www.libraria-occitana.org\/en\/wp-json\/wp\/v2\/product_cat?post=18205"},{"taxonomy":"product_tag","embeddable":true,"href":"https:\/\/www.libraria-occitana.org\/en\/wp-json\/wp\/v2\/product_tag?post=18205"}],"curies":[{"name":"wp","href":"https:\/\/api.w.org\/{rel}","templated":true}]}}

Atlas des minorités en Europe : De l&#8217;Atlantique à l&#8217;Oural, diversité culturelle

<p>Alors que l&#8217;Union européenne compte dorénavant 25 États et à l&#8217;heure où chacun cherche un fonds culturel commun à tous les États de l&#8217;Union européenne, il semble important de parler des minorités, car celles-ci font partie intégrante de la construction d&#8217;une &#8220;culture européenne&#8221;.<br />
En effet, loin de s&#8217;opposer, métissage et maintien des cultures différentes et en particulier des langues sont complémentaires. La prise en compte de l&#8217;identité collective des groupes minoritaires, voire un certain enracinement, loin de n&#8217;être qu&#8217;un réflexe &#8220;tribal&#8221;, apparaît souvent de nos jours comme un antidote aux dérives du fanatisme &#8220;identitaire&#8221; et de l&#8217;ensauvagement urbain. Et les désordres auxquels on assiste aujourd&#8217;hui, de la Tchétchénie aux banlieues des métropoles européennes, sont moins dus en effet au déchaînement d&#8217;un excès d&#8217;identité qu&#8217;au contrecoup différé d&#8217;une insuffisante reconnaissance identitaire.</p>
<p>Les meilleurs spécialistes se trouvent ici réunis pour décrypter et analyser les minorités nationales, ethniques, linguistiques et culturelles de l&#8217;Europe, de l&#8217;Atlantique à l&#8217;Oural, qu&#8217;elles soient territoriales ou diasporiques. En une centaine de cartes et infographies, leur ambition est de montrer que les minorités, au-delà d&#8217;être un &#8220;problème&#8221;, sont avant tout constitutives de l&#8217;Europe.</p>

<p>Alors que l&#8217;Union européenne compte dorénavant 25 États et à l&#8217;heure où chacun cherche un fonds culturel commun à tous les États de l&#8217;Union européenne, il semble important de parler des minorités, car celles-ci font partie intégrante de la construction d&#8217;une &#8220;culture européenne&#8221;. En effet, loin de s&#8217;opposer, métissage et maintien des cultures différentes et [&hellip;]</p>
