{"id":18247,"date":"2005-12-01T09:49:22","date_gmt":"2005-12-01T08:49:22","guid":{"rendered":"http:\/\/www.libraria-occitana.org\/all-products\/maria-que-se-carra-libre-cd?lang=en"},"modified":"2026-04-29T06:21:44","modified_gmt":"2026-04-29T04:21:44","slug":"maria-que-se-carra-libre-cd","status":"publish","type":"product","link":"https:\/\/www.libraria-occitana.org\/en\/product\/maria-que-se-carra-libre-cd\/","title":{"rendered":"Maria que se carra (libre + CD)"},"content":{"rendered":"<p><strong>[oc]<\/strong><br \/>\nDins la vita, chau pas \u00e8sser cres\u00f3s de tr\u00f2p !<br \/>\nTen, demandatz a Maria la gloriosa, \u00e7\u00f2 que p\u00f2t arribar se de non&#8230;<\/p>\n<p>Cicle 1 e 2. Libreton d&#8217;acompanhament pedagogic <a href=\"http:\/\/capoc.crdp-aquitaine.fr\/articles.php?lng=en&amp;pg=450&amp;mnuid=304&amp;tconfig=0\">sus lo site dau CAP&#8217;\u00d2C<\/a>.<\/p>\n<p><strong>[fr]<\/strong><br \/>\nDans la vie, il ne faut pas \u00eatre trop fanfaron !<br \/>\nDemandez \u00e0 Maria, l&#8217;orgueilleuse, &#8220;t\u00e8&#8221;, ce qu&#8217;il peut se passer sinon&#8230;<\/p>\n<p>Cycle 1 et 2. Livret d&#8217;accompagnement p\u00e9dagogique <a href=\"http:\/\/capoc.crdp-aquitaine.fr\/articles.php?lng=en&amp;pg=450&amp;mnuid=304&amp;tconfig=0\">sur le site du CAP&#8217;\u00d2C<\/a>.<\/p>\n","protected":false},"excerpt":{"rendered":"<p>[oc] Dins la vita, chau pas \u00e8sser cres\u00f3s de tr\u00f2p ! Ten, demandatz a Maria la gloriosa, \u00e7\u00f2 que p\u00f2t arribar se de non&#8230; Cicle 1 e 2. Libreton d&#8217;acompanhament pedagogic sus lo site dau CAP&#8217;\u00d2C. [fr] Dans la vie, il ne faut pas \u00eatre trop fanfaron ! Demandez \u00e0 Maria, l&#8217;orgueilleuse, &#8220;t\u00e8&#8221;, ce qu&#8217;il [&hellip;]<\/p>\n","protected":false},"featured_media":18248,"template":"","meta":{"_acf_changed":false,"_genesis_hide_title":false,"_genesis_hide_breadcrumbs":false,"_genesis_hide_singular_image":false,"_genesis_hide_footer_widgets":false,"_genesis_custom_body_class":"","_genesis_custom_post_class":"","_genesis_layout":""},"product_brand":[],"product_cat":[7132,7170,7164],"product_tag":[],"class_list":{"0":"post-18247","1":"product","2":"type-product","3":"status-publish","4":"has-post-thumbnail","6":"product_cat-books","7":"product_cat-juvenile-en","8":"product_cat-juvenile-and-teen-comics-humour-en","9":"pa_auteur-salas-peir-en","10":"pa_auteur-tradicionau-en","11":"pa_editeur-canope-editions-en","12":"pa_illustrateur-decamps-domenja-decomps-dominique-en","13":"pa_illustrateur-ohazar-en","14":"pa_langue-occitan-lemosin-en","15":"pa_langue-occitan-francais-en","16":"entry","18":"first","19":"instock","20":"shipping-taxable","21":"purchasable","22":"product-type-simple"},"acf":[],"_links":{"self":[{"href":"https:\/\/www.libraria-occitana.org\/en\/wp-json\/wp\/v2\/product\/18247","targetHints":{"allow":["GET"]}}],"collection":[{"href":"https:\/\/www.libraria-occitana.org\/en\/wp-json\/wp\/v2\/product"}],"about":[{"href":"https:\/\/www.libraria-occitana.org\/en\/wp-json\/wp\/v2\/types\/product"}],"wp:featuredmedia":[{"embeddable":true,"href":"https:\/\/www.libraria-occitana.org\/en\/wp-json\/wp\/v2\/media\/18248"}],"wp:attachment":[{"href":"https:\/\/www.libraria-occitana.org\/en\/wp-json\/wp\/v2\/media?parent=18247"}],"wp:term":[{"taxonomy":"product_brand","embeddable":true,"href":"https:\/\/www.libraria-occitana.org\/en\/wp-json\/wp\/v2\/product_brand?post=18247"},{"taxonomy":"product_cat","embeddable":true,"href":"https:\/\/www.libraria-occitana.org\/en\/wp-json\/wp\/v2\/product_cat?post=18247"},{"taxonomy":"product_tag","embeddable":true,"href":"https:\/\/www.libraria-occitana.org\/en\/wp-json\/wp\/v2\/product_tag?post=18247"}],"curies":[{"name":"wp","href":"https:\/\/api.w.org\/{rel}","templated":true}]}}

<p><strong>[oc]</strong><br />
Dins la vita, chau pas èsser cresós de tròp !<br />
Ten, demandatz a Maria la gloriosa, çò que pòt arribar se de non&#8230;</p>
<p>Cicle 1 e 2. Libreton d&#8217;acompanhament pedagogic <a href="http://capoc.crdp-aquitaine.fr/articles.php?lng=en&amp;pg=450&amp;mnuid=304&amp;tconfig=0">sus lo site dau CAP&#8217;ÒC</a>.</p>
<p><strong>[fr]</strong><br />
Dans la vie, il ne faut pas être trop fanfaron !<br />
Demandez à Maria, l&#8217;orgueilleuse, &#8220;tè&#8221;, ce qu&#8217;il peut se passer sinon&#8230;</p>
<p>Cycle 1 et 2. Livret d&#8217;accompagnement pédagogique <a href="http://capoc.crdp-aquitaine.fr/articles.php?lng=en&amp;pg=450&amp;mnuid=304&amp;tconfig=0">sur le site du CAP&#8217;ÒC</a>.</p>

<p>[oc] Dins la vita, chau pas èsser cresós de tròp ! Ten, demandatz a Maria la gloriosa, çò que pòt arribar se de non&#8230; Cicle 1 e 2. Libreton d&#8217;acompanhament pedagogic sus lo site dau CAP&#8217;ÒC. [fr] Dans la vie, il ne faut pas être trop fanfaron ! Demandez à Maria, l&#8217;orgueilleuse, &#8220;tè&#8221;, ce qu&#8217;il [&hellip;]</p>
