{"id":18659,"date":"2009-09-01T17:19:12","date_gmt":"2009-09-01T16:19:12","guid":{"rendered":"http:\/\/www.libraria-occitana.org\/all-products\/lor-de-la-paille-de-la-tresse-au-cabas-en-pays-de-beynat?lang=en"},"modified":"2026-04-26T00:46:36","modified_gmt":"2026-04-25T22:46:36","slug":"lor-de-la-paille-de-la-tresse-au-cabas-en-pays-de-beynat","status":"publish","type":"product","link":"https:\/\/www.libraria-occitana.org\/en\/product\/lor-de-la-paille-de-la-tresse-au-cabas-en-pays-de-beynat\/","title":{"rendered":"L&#8217;or de la paille : De la tresse au cabas en pays de Beynat"},"content":{"rendered":"<p>Qui dirait depuis quand les paysans du pays de Beynat, en Corr\u00e8ze, prennent soin de conserver et de trier la paille de leur bl\u00e9 et la tressent, tout au long des chemins et des veill\u00e9es, en longs rubans dor\u00e9s ? Cousus en rond pour faire chapeaux et palholes, tiss\u00e9s plus tard en forme de cabas, ils font depuis longtemps la renomm\u00e9e de cette rude contr\u00e9e o\u00f9 ne se plaisent que seigle et ch\u00e2taigniers. Oh, ce n\u2019\u00e9tait gu\u00e8re pay\u00e9, mais l\u2019argent \u00e9tait si rare ! Et sans \u00eatre alchimistes, les doigts agiles de ce pays savaient changer la paille en or\u2026<\/p>\n<p>Pour r\u00e9pondre \u00e0 la demande enthousiaste des membres de l\u2019Association \u00ab Le cabas de Beynat \u00bb, d\u00e9sireux de faire revivre une activit\u00e9 qui a forg\u00e9 l\u2019identit\u00e9 de tout un pays, Marie-France Houdart est partie \u00e0 la recherche : recueils de t\u00e9moignages, documents et photos, travail d\u2019archives, observation des gestes menant de la graine \u00e0 la tresse, voyages et rencontres aux pays de la tresse de paille&#8230;<\/p>\n<p>L\u2019enqu\u00eate r\u00e9serve bien des surprises : elle vous m\u00e8nera du XXIe si\u00e8cle \u00e0 la fin du Moyen \u00c2ge et d\u2019un bout \u00e0 l\u2019autre de l\u2019Europe, tout au long d\u2019un galon d\u2019or qui rattache ce pays limousin \u00e0 une grande tradition dont il semble un des derniers et des plus vivaces repr\u00e9sentants, une tradition qui permit \u00e0 ses habitants de vivre avec ce que d\u2019autres auraient consid\u00e9r\u00e9 comme rien. Cela vaut de l\u2019or, <em>L\u2019or de la paille<\/em>, l\u2019or des humbles\u2026. Un bel exemple de dignit\u00e9 et de vraie \u00ab \u00e9cologie \u00bb pour aujourd\u2019hui.<\/p>\n<p>\u00ab\u00a0\u2026 Pour toutes ces raisons, je grille d\u2019impatience de lire ce livre de Marie-France Houdart. Les cabas de Beynat ! Je sens que ce sera pour moi tout un voyage, un rafra\u00eechissement de l\u2019imaginaire. Peut-\u00eatre pas Harry Potter tout de m\u00eame, mais un livre plein de suspense et d\u2019\u00e9merveillement, avec des \u00e9chos de chansons sautillantes accroch\u00e9es aux pailles blondes, aux feuillages et aux foug\u00e8res des bois &#8211; <em>L\u2019aiga de r\u00f2sa te fara morir pichona, L\u2019aiga de r\u00f2sa te fara morir<\/em>\u2026 Des paroles \u00e9teintes de vieilles femmes aux voix perch\u00e9es, qui, si l\u2019on insistait, feraient venir des larmes au bord des cils, comme les perles d\u2019une tr\u00e8s ancienne ros\u00e9e.\u00a0\u00bb<\/p>\n<p style=\"text-align: right;\">Claude Duneton<\/p>\n","protected":false},"excerpt":{"rendered":"<p>Qui dirait depuis quand les paysans du pays de Beynat, en Corr\u00e8ze, prennent soin de conserver et de trier la paille de leur bl\u00e9 et la tressent, tout au long des chemins et des veill\u00e9es, en longs rubans dor\u00e9s ? Cousus en rond pour faire chapeaux et palholes, tiss\u00e9s plus tard en forme de cabas, [&hellip;]<\/p>\n","protected":false},"featured_media":18660,"template":"","meta":{"_acf_changed":false,"_genesis_hide_title":false,"_genesis_hide_breadcrumbs":false,"_genesis_hide_singular_image":false,"_genesis_hide_footer_widgets":false,"_genesis_custom_body_class":"","_genesis_custom_post_class":"","_genesis_layout":""},"product_brand":[],"product_cat":[7132,7212,7206],"product_tag":[],"class_list":{"0":"post-18659","1":"product","2":"type-product","3":"status-publish","4":"has-post-thumbnail","6":"product_cat-books","7":"product_cat-traditional-skills-savoirs-faire-en","8":"product_cat-traditions-heritage-en","9":"pa_auteur-houdart-marie-france-en","10":"pa_editeur-maiade-en","11":"pa_langue-francais-en","12":"entry","14":"first","15":"instock","16":"shipping-taxable","17":"purchasable","18":"product-type-simple"},"acf":[],"_links":{"self":[{"href":"https:\/\/www.libraria-occitana.org\/en\/wp-json\/wp\/v2\/product\/18659","targetHints":{"allow":["GET"]}}],"collection":[{"href":"https:\/\/www.libraria-occitana.org\/en\/wp-json\/wp\/v2\/product"}],"about":[{"href":"https:\/\/www.libraria-occitana.org\/en\/wp-json\/wp\/v2\/types\/product"}],"wp:featuredmedia":[{"embeddable":true,"href":"https:\/\/www.libraria-occitana.org\/en\/wp-json\/wp\/v2\/media\/18660"}],"wp:attachment":[{"href":"https:\/\/www.libraria-occitana.org\/en\/wp-json\/wp\/v2\/media?parent=18659"}],"wp:term":[{"taxonomy":"product_brand","embeddable":true,"href":"https:\/\/www.libraria-occitana.org\/en\/wp-json\/wp\/v2\/product_brand?post=18659"},{"taxonomy":"product_cat","embeddable":true,"href":"https:\/\/www.libraria-occitana.org\/en\/wp-json\/wp\/v2\/product_cat?post=18659"},{"taxonomy":"product_tag","embeddable":true,"href":"https:\/\/www.libraria-occitana.org\/en\/wp-json\/wp\/v2\/product_tag?post=18659"}],"curies":[{"name":"wp","href":"https:\/\/api.w.org\/{rel}","templated":true}]}}

<p>Qui dirait depuis quand les paysans du pays de Beynat, en Corrèze, prennent soin de conserver et de trier la paille de leur blé et la tressent, tout au long des chemins et des veillées, en longs rubans dorés ? Cousus en rond pour faire chapeaux et palholes, tissés plus tard en forme de cabas, ils font depuis longtemps la renommée de cette rude contrée où ne se plaisent que seigle et châtaigniers. Oh, ce n’était guère payé, mais l’argent était si rare ! Et sans être alchimistes, les doigts agiles de ce pays savaient changer la paille en or…</p>
<p>Pour répondre à la demande enthousiaste des membres de l’Association « Le cabas de Beynat », désireux de faire revivre une activité qui a forgé l’identité de tout un pays, Marie-France Houdart est partie à la recherche : recueils de témoignages, documents et photos, travail d’archives, observation des gestes menant de la graine à la tresse, voyages et rencontres aux pays de la tresse de paille&#8230;</p>
<p>L’enquête réserve bien des surprises : elle vous mènera du XXIe siècle à la fin du Moyen Âge et d’un bout à l’autre de l’Europe, tout au long d’un galon d’or qui rattache ce pays limousin à une grande tradition dont il semble un des derniers et des plus vivaces représentants, une tradition qui permit à ses habitants de vivre avec ce que d’autres auraient considéré comme rien. Cela vaut de l’or, <em>L’or de la paille</em>, l’or des humbles…. Un bel exemple de dignité et de vraie « écologie » pour aujourd’hui.</p>
<p>« … Pour toutes ces raisons, je grille d’impatience de lire ce livre de Marie-France Houdart. Les cabas de Beynat ! Je sens que ce sera pour moi tout un voyage, un rafraîchissement de l’imaginaire. Peut-être pas Harry Potter tout de même, mais un livre plein de suspense et d’émerveillement, avec des échos de chansons sautillantes accrochées aux pailles blondes, aux feuillages et aux fougères des bois &#8211; <em>L’aiga de ròsa te fara morir pichona, L’aiga de ròsa te fara morir</em>… Des paroles éteintes de vieilles femmes aux voix perchées, qui, si l’on insistait, feraient venir des larmes au bord des cils, comme les perles d’une très ancienne rosée. »</p>
<p style="text-align: right;">Claude Duneton</p>

<p>Qui dirait depuis quand les paysans du pays de Beynat, en Corrèze, prennent soin de conserver et de trier la paille de leur blé et la tressent, tout au long des chemins et des veillées, en longs rubans dorés ? Cousus en rond pour faire chapeaux et palholes, tissés plus tard en forme de cabas, [&hellip;]</p>
