{"id":18709,"date":"2009-04-01T14:41:42","date_gmt":"2009-04-01T13:41:42","guid":{"rendered":"http:\/\/www.libraria-occitana.org\/all-products\/bertran-de-born-histoire-et-legende?lang=en"},"modified":"2020-06-12T14:12:10","modified_gmt":"2020-06-12T12:12:10","slug":"bertran-de-born-histoire-et-legende","status":"publish","type":"product","link":"https:\/\/www.libraria-occitana.org\/en\/product\/bertran-de-born-histoire-et-legende\/","title":{"rendered":"Bertran de Born : Histoire et l\u00e9gende"},"content":{"rendered":"<p>Dante l&#8217;a vou\u00e9 aux flammes de l&#8217;enfer, rel\u00e9gu\u00e9 avec Mahomet au chapitre des fauteurs de troubles et de discordes, condamn\u00e9 pour l&#8217;\u00e9ternit\u00e9 \u00e0 porter sa t\u00eate dans ses mains. Mais il n&#8217;est pas s\u00fbr que Bertran de Born ait m\u00e9rit\u00e9 pareil ch\u00e2timent. La l\u00e9gende a fait de lui un mythe qui a occult\u00e9 le v\u00e9ritable personnage.<\/p>\n<p>De nos jours, les jugements tendent \u00e0 se nuancer. On commence \u00e0 reconna\u00eetre dans le seigneur-troubadour qui c\u00e9l\u00e9bra la prouesse guerri\u00e8re \u2013 la guerre du XIIe si\u00e8cle n&#8217;a rien \u00e0 voir avec les conflits modernes \u2013 un po\u00e8te talentueux et un pr\u00e9cieux t\u00e9moin de son \u00e9poque.<\/p>\n<p>Dans cette biographie \u00e0 la fois minutieuse et tr\u00e8s accessible, l&#8217;auteur retrace la vie du sire d&#8217;Hautefort \u00e0 travers des sources authentiques : ses po\u00e8mes, mais aussi la pr\u00e9cieuse chronique de son contemporain, le prieur de Vigeois et le cartulaire de l&#8217;abbaye de Dalon o\u00f9 le troubadour termina sa vie comme simple moine. \u00c0 travers cette approche renouvel\u00e9e, c&#8217;est l&#8217;histoire de la grande Aquitaine d&#8217;Ali\u00e9nor et celle de Richard C\u0153ur de Lion, que Bertran de Born a c\u00f4toy\u00e9 \u00e0 plusieurs reprises \u00e0 Bordeaux, Limoges ou Poitiers, qui rena\u00eet sous nos yeux au plus pr\u00e8s de la r\u00e9alit\u00e9.<\/p>\n","protected":false},"excerpt":{"rendered":"<p>Dante l&#8217;a vou\u00e9 aux flammes de l&#8217;enfer, rel\u00e9gu\u00e9 avec Mahomet au chapitre des fauteurs de troubles et de discordes, condamn\u00e9 pour l&#8217;\u00e9ternit\u00e9 \u00e0 porter sa t\u00eate dans ses mains. Mais il n&#8217;est pas s\u00fbr que Bertran de Born ait m\u00e9rit\u00e9 pareil ch\u00e2timent. La l\u00e9gende a fait de lui un mythe qui a occult\u00e9 le v\u00e9ritable [&hellip;]<\/p>\n","protected":false},"featured_media":36667,"template":"","meta":{"_acf_changed":false,"_genesis_hide_title":false,"_genesis_hide_breadcrumbs":false,"_genesis_hide_singular_image":false,"_genesis_hide_footer_widgets":false,"_genesis_custom_body_class":"","_genesis_custom_post_class":"","_genesis_layout":""},"product_brand":[],"product_cat":[7132,7148,7160],"product_tag":[],"class_list":{"0":"post-18709","1":"product","2":"type-product","3":"status-publish","4":"has-post-thumbnail","6":"product_cat-books","7":"product_cat-history-geography-en","8":"product_cat-medieval-history-en","9":"pa_auteur-thuillat-jean-pierre-en","10":"pa_editeur-fanlac-en","11":"pa_langue-francais-en","12":"entry","14":"first","15":"outofstock","16":"shipping-taxable","17":"purchasable","18":"product-type-simple"},"acf":[],"_links":{"self":[{"href":"https:\/\/www.libraria-occitana.org\/en\/wp-json\/wp\/v2\/product\/18709","targetHints":{"allow":["GET"]}}],"collection":[{"href":"https:\/\/www.libraria-occitana.org\/en\/wp-json\/wp\/v2\/product"}],"about":[{"href":"https:\/\/www.libraria-occitana.org\/en\/wp-json\/wp\/v2\/types\/product"}],"wp:featuredmedia":[{"embeddable":true,"href":"https:\/\/www.libraria-occitana.org\/en\/wp-json\/wp\/v2\/media\/36667"}],"wp:attachment":[{"href":"https:\/\/www.libraria-occitana.org\/en\/wp-json\/wp\/v2\/media?parent=18709"}],"wp:term":[{"taxonomy":"product_brand","embeddable":true,"href":"https:\/\/www.libraria-occitana.org\/en\/wp-json\/wp\/v2\/product_brand?post=18709"},{"taxonomy":"product_cat","embeddable":true,"href":"https:\/\/www.libraria-occitana.org\/en\/wp-json\/wp\/v2\/product_cat?post=18709"},{"taxonomy":"product_tag","embeddable":true,"href":"https:\/\/www.libraria-occitana.org\/en\/wp-json\/wp\/v2\/product_tag?post=18709"}],"curies":[{"name":"wp","href":"https:\/\/api.w.org\/{rel}","templated":true}]}}

Bertran de Born : Histoire et légende

<p>Dante l&#8217;a voué aux flammes de l&#8217;enfer, relégué avec Mahomet au chapitre des fauteurs de troubles et de discordes, condamné pour l&#8217;éternité à porter sa tête dans ses mains. Mais il n&#8217;est pas sûr que Bertran de Born ait mérité pareil châtiment. La légende a fait de lui un mythe qui a occulté le véritable personnage.</p>
<p>De nos jours, les jugements tendent à se nuancer. On commence à reconnaître dans le seigneur-troubadour qui célébra la prouesse guerrière – la guerre du XIIe siècle n&#8217;a rien à voir avec les conflits modernes – un poète talentueux et un précieux témoin de son époque.</p>
<p>Dans cette biographie à la fois minutieuse et très accessible, l&#8217;auteur retrace la vie du sire d&#8217;Hautefort à travers des sources authentiques : ses poèmes, mais aussi la précieuse chronique de son contemporain, le prieur de Vigeois et le cartulaire de l&#8217;abbaye de Dalon où le troubadour termina sa vie comme simple moine. À travers cette approche renouvelée, c&#8217;est l&#8217;histoire de la grande Aquitaine d&#8217;Aliénor et celle de Richard Cœur de Lion, que Bertran de Born a côtoyé à plusieurs reprises à Bordeaux, Limoges ou Poitiers, qui renaît sous nos yeux au plus près de la réalité.</p>

<p>Dante l&#8217;a voué aux flammes de l&#8217;enfer, relégué avec Mahomet au chapitre des fauteurs de troubles et de discordes, condamné pour l&#8217;éternité à porter sa tête dans ses mains. Mais il n&#8217;est pas sûr que Bertran de Born ait mérité pareil châtiment. La légende a fait de lui un mythe qui a occulté le véritable [&hellip;]</p>
