{"id":22953,"date":"2012-06-01T12:20:42","date_gmt":"2012-06-01T11:20:42","guid":{"rendered":"http:\/\/www.libraria-occitana.org\/all-products\/i-a-mai-fort-que-me-libre-cd?lang=en"},"modified":"2026-04-28T06:16:45","modified_gmt":"2026-04-28T04:16:45","slug":"i-a-mai-fort-que-me-libre-cd","status":"publish","type":"product","link":"https:\/\/www.libraria-occitana.org\/en\/product\/i-a-mai-fort-que-me-libre-cd\/","title":{"rendered":"I a mai f\u00f2rt que me ! (libre + CD)"},"content":{"rendered":"<p><strong>[oc]<\/strong><br \/>\nI avia un c\u00f2p, lo pair, la mair, la goiata e lo goiat que decideren de se&#8217;n anar a la montanha. Au bot d&#8217;un moment, arriberen a la n\u00e9via e los dr\u00f2lles, qu&#8217;eran tot pitits, \u00e8ran gastes.<br \/>\nLos parents los porteren.<br \/>\nArribats a-d-una chabana, los dr\u00f2lles disseren aus parents :<br \/>\n&#8211; Mair e pair, setz donc f\u00f2rts, per nos portar entau !<br \/>\n&#8211; Non gran, daus mai f\u00f2rts que nosautres, n&#8217;i a ! que responderen los parents.<br \/>\n&#8211; Mai f\u00f2rts que vosautres ? Qui ? se damandet l&#8217;An\u00e0.<\/p>\n<p>Un conte de randonada per los elevas de cicle 2. Per aprener a legir.<br \/>\nLibreton d&#8217;acompanhament pedagogic <a href=\"http:\/\/capoc.crdp-aquitaine.fr\/articles.php?lng=en&amp;pg=450&amp;mnuid=304&amp;tconfig=0\">sus lo site dau CAP&#8217;\u00d2C<\/a>.<\/p>\n<p><strong>[fr]<\/strong><br \/>\nIl \u00e9tait une fois, le p\u00e8re, la m\u00e8re, leur fillette et leur gar\u00e7onnet qui d\u00e9cid\u00e8rent d&#8217;aller en montagne. Ils prirent le chemin et mont\u00e8rent longtemps.<br \/>\nAu bout d&#8217;un long moment, ils arriv\u00e8rent jusqu&#8217;\u00e0 la neige, et les enfants qui \u00e9taient jeunes, \u00e9taient fatigu\u00e9s.<br \/>\nLes parents les port\u00e8rent.<br \/>\nArriv\u00e9s \u00e0 une cabane, les enfants dirent aux parents :<br \/>\n&#8211; M\u00e8re et p\u00e8re, comme vous \u00eates forts pour nous porter ainsi !<br \/>\n&#8211; Non, il y a plus fort que nous ! leur r\u00e9pondirent les parents.<br \/>\n&#8211; Plus forts que vous ? Qui ? leur demanda Anne.<\/p>\n<p>Un conte de randonn\u00e9e pour les \u00e9l\u00e8ves de cycle 2. Apprentissage de la lecture.<br \/>\nLivret d&#8217;accompangement p\u00e9dagogique <a href=\"http:\/\/capoc.crdp-aquitaine.fr\/articles.php?lng=en&amp;pg=450&amp;mnuid=304&amp;tconfig=0\">sur le site du CAP&#8217;\u00d2C<\/a>.<\/p>\n","protected":false},"excerpt":{"rendered":"<p>[oc] I avia un c\u00f2p, lo pair, la mair, la goiata e lo goiat que decideren de se&#8217;n anar a la montanha. Au bot d&#8217;un moment, arriberen a la n\u00e9via e los dr\u00f2lles, qu&#8217;eran tot pitits, \u00e8ran gastes. Los parents los porteren. Arribats a-d-una chabana, los dr\u00f2lles disseren aus parents : &#8211; Mair e pair, [&hellip;]<\/p>\n","protected":false},"featured_media":22954,"template":"","meta":{"_acf_changed":false,"_genesis_hide_title":false,"_genesis_hide_breadcrumbs":false,"_genesis_hide_singular_image":false,"_genesis_hide_footer_widgets":false,"_genesis_custom_body_class":"","_genesis_custom_post_class":"","_genesis_layout":""},"product_brand":[],"product_cat":[7132,7170,7164],"product_tag":[],"class_list":{"0":"post-22953","1":"product","2":"type-product","3":"status-publish","4":"has-post-thumbnail","6":"product_cat-books","7":"product_cat-juvenile-en","8":"product_cat-juvenile-and-teen-comics-humour-en","9":"pa_auteur-mauhorat-sergi-en","10":"pa_auteur-tradicionau-en","11":"pa_editeur-canope-editions-en","12":"pa_illustrateur-garralon-claire-en","13":"pa_illustrateur-ratinaud-patrick-ratineaud-patrick-en","14":"pa_langue-occitan-lemosin-en","15":"pa_langue-occitan-francais-en","16":"entry","18":"first","19":"instock","20":"shipping-taxable","21":"purchasable","22":"product-type-simple"},"acf":[],"_links":{"self":[{"href":"https:\/\/www.libraria-occitana.org\/en\/wp-json\/wp\/v2\/product\/22953","targetHints":{"allow":["GET"]}}],"collection":[{"href":"https:\/\/www.libraria-occitana.org\/en\/wp-json\/wp\/v2\/product"}],"about":[{"href":"https:\/\/www.libraria-occitana.org\/en\/wp-json\/wp\/v2\/types\/product"}],"wp:featuredmedia":[{"embeddable":true,"href":"https:\/\/www.libraria-occitana.org\/en\/wp-json\/wp\/v2\/media\/22954"}],"wp:attachment":[{"href":"https:\/\/www.libraria-occitana.org\/en\/wp-json\/wp\/v2\/media?parent=22953"}],"wp:term":[{"taxonomy":"product_brand","embeddable":true,"href":"https:\/\/www.libraria-occitana.org\/en\/wp-json\/wp\/v2\/product_brand?post=22953"},{"taxonomy":"product_cat","embeddable":true,"href":"https:\/\/www.libraria-occitana.org\/en\/wp-json\/wp\/v2\/product_cat?post=22953"},{"taxonomy":"product_tag","embeddable":true,"href":"https:\/\/www.libraria-occitana.org\/en\/wp-json\/wp\/v2\/product_tag?post=22953"}],"curies":[{"name":"wp","href":"https:\/\/api.w.org\/{rel}","templated":true}]}}

I a mai fòrt que me ! (libre + CD)

<p><strong>[oc]</strong><br />
I avia un còp, lo pair, la mair, la goiata e lo goiat que decideren de se&#8217;n anar a la montanha. Au bot d&#8217;un moment, arriberen a la névia e los dròlles, qu&#8217;eran tot pitits, èran gastes.<br />
Los parents los porteren.<br />
Arribats a-d-una chabana, los dròlles disseren aus parents :<br />
&#8211; Mair e pair, setz donc fòrts, per nos portar entau !<br />
&#8211; Non gran, daus mai fòrts que nosautres, n&#8217;i a ! que responderen los parents.<br />
&#8211; Mai fòrts que vosautres ? Qui ? se damandet l&#8217;Anà.</p>
<p>Un conte de randonada per los elevas de cicle 2. Per aprener a legir.<br />
Libreton d&#8217;acompanhament pedagogic <a href="http://capoc.crdp-aquitaine.fr/articles.php?lng=en&amp;pg=450&amp;mnuid=304&amp;tconfig=0">sus lo site dau CAP&#8217;ÒC</a>.</p>
<p><strong>[fr]</strong><br />
Il était une fois, le père, la mère, leur fillette et leur garçonnet qui décidèrent d&#8217;aller en montagne. Ils prirent le chemin et montèrent longtemps.<br />
Au bout d&#8217;un long moment, ils arrivèrent jusqu&#8217;à la neige, et les enfants qui étaient jeunes, étaient fatigués.<br />
Les parents les portèrent.<br />
Arrivés à une cabane, les enfants dirent aux parents :<br />
&#8211; Mère et père, comme vous êtes forts pour nous porter ainsi !<br />
&#8211; Non, il y a plus fort que nous ! leur répondirent les parents.<br />
&#8211; Plus forts que vous ? Qui ? leur demanda Anne.</p>
<p>Un conte de randonnée pour les élèves de cycle 2. Apprentissage de la lecture.<br />
Livret d&#8217;accompangement pédagogique <a href="http://capoc.crdp-aquitaine.fr/articles.php?lng=en&amp;pg=450&amp;mnuid=304&amp;tconfig=0">sur le site du CAP&#8217;ÒC</a>.</p>

<p>[oc] I avia un còp, lo pair, la mair, la goiata e lo goiat que decideren de se&#8217;n anar a la montanha. Au bot d&#8217;un moment, arriberen a la névia e los dròlles, qu&#8217;eran tot pitits, èran gastes. Los parents los porteren. Arribats a-d-una chabana, los dròlles disseren aus parents : &#8211; Mair e pair, [&hellip;]</p>
