{"id":23137,"date":"2026-08-31T17:38:34","date_gmt":"2026-08-31T15:38:34","guid":{"rendered":"http:\/\/www.libraria-occitana.org\/all-products\/les-noms-de-lieux-de-tarnac-canton-de-bugeat-correze?lang=en"},"modified":"2026-08-31T17:38:37","modified_gmt":"2026-08-31T15:38:37","slug":"les-noms-de-lieux-de-tarnac-canton-de-bugeat-correze","status":"publish","type":"product","link":"https:\/\/www.libraria-occitana.org\/en\/product\/les-noms-de-lieux-de-tarnac-canton-de-bugeat-correze\/","title":{"rendered":"LES NOMS DE LIEUX DE TARNAC (CANTON DE BUGEAT, CORREZE)"},"content":{"rendered":"<p style=\"margin:0;\"><span style=\"font-family:'Times New Roman';font-size:12pt;\">La commune de Tarnac poss\u00e8de sur son territoire des noms de lieux qui sont en partage avec l&#8217;ensemble limousin, une identit\u00e9 r\u00e9gionale forte.<br \/>Les Bessette, Broussas, Freyssinet, Laganne, Lacombe, Lafage, Lagorce, Larfeuil, Le Monteil, Theillet, Marcillac, Orliac&#8230; trouvent ailleurs de multiples \u00e9chos, sur une palette tr\u00e8s diversifi\u00e9e.<br \/>Mais elle a aussi des choses en propre, qu&#8217;elle renferme pr\u00e9cieusement : Clupeau, Le Lamadier, Parneix, Montucle, Le Fermalet&#8230; C&#8217;est l\u00e0 une part de sa contribution dans la symphonie des toponymes de notre r\u00e9gion. Aller \u00e0 leur d\u00e9couverte est une aventure passionnante.<\/p>\n<p>Autor : Lavalade, Yves<br \/>Linga : Franc\u00e9s<br \/>Parucion : 2013<br \/>Editor : L&#8217;Esperluette<br \/>Nb de pajas : 31<br \/>Format : 14,5 x 21 cm<br \/>P\u00e9s : 62 g<br \/>EAN 13 : 9791090784161<br \/><\/span><\/p>\n","protected":false},"excerpt":{"rendered":"<p>La commune de Tarnac poss\u00e8de sur son territoire des noms de lieux qui sont en partage avec l&#8217;ensemble limousin, une identit\u00e9 r\u00e9gionale forte.Les Bessette, Broussas, Freyssinet, Laganne, Lacombe, Lafage, Lagorce, Larfeuil, Le Monteil, Theillet, Marcillac, Orliac&#8230; trouvent ailleurs de multiples \u00e9chos, sur une palette tr\u00e8s diversifi\u00e9e.Mais elle a aussi des choses en propre, qu&#8217;elle renferme [&hellip;]<\/p>\n","protected":false},"featured_media":0,"template":"","meta":{"_acf_changed":false,"_genesis_hide_title":false,"_genesis_hide_breadcrumbs":false,"_genesis_hide_singular_image":false,"_genesis_hide_footer_widgets":false,"_genesis_custom_body_class":"","_genesis_custom_post_class":"","_genesis_layout":""},"product_brand":[],"product_cat":[7132,7148,16135,7162],"product_tag":[],"class_list":["post-23137","product","type-product","status-publish","product_cat-books","product_cat-history-geography-en","product_cat-non-classe-en","product_cat-place-names-peoples-names-en","pa_auteur-lavalada-ives-en","pa_auteurs-lavalade-yves","pa_editeur-lesperluette-en","pa_langue-francais-en","entry","has-post-thumbnail","first","outofstock","purchasable","product-type-simple"],"acf":[],"_links":{"self":[{"href":"https:\/\/www.libraria-occitana.org\/en\/wp-json\/wp\/v2\/product\/23137","targetHints":{"allow":["GET"]}}],"collection":[{"href":"https:\/\/www.libraria-occitana.org\/en\/wp-json\/wp\/v2\/product"}],"about":[{"href":"https:\/\/www.libraria-occitana.org\/en\/wp-json\/wp\/v2\/types\/product"}],"wp:attachment":[{"href":"https:\/\/www.libraria-occitana.org\/en\/wp-json\/wp\/v2\/media?parent=23137"}],"wp:term":[{"taxonomy":"product_brand","embeddable":true,"href":"https:\/\/www.libraria-occitana.org\/en\/wp-json\/wp\/v2\/product_brand?post=23137"},{"taxonomy":"product_cat","embeddable":true,"href":"https:\/\/www.libraria-occitana.org\/en\/wp-json\/wp\/v2\/product_cat?post=23137"},{"taxonomy":"product_tag","embeddable":true,"href":"https:\/\/www.libraria-occitana.org\/en\/wp-json\/wp\/v2\/product_tag?post=23137"}],"curies":[{"name":"wp","href":"https:\/\/api.w.org\/{rel}","templated":true}]}}

<p style="margin:0;"><span style="font-family:'Times New Roman';font-size:12pt;">La commune de Tarnac possède sur son territoire des noms de lieux qui sont en partage avec l&#8217;ensemble limousin, une identité régionale forte.<br />Les Bessette, Broussas, Freyssinet, Laganne, Lacombe, Lafage, Lagorce, Larfeuil, Le Monteil, Theillet, Marcillac, Orliac&#8230; trouvent ailleurs de multiples échos, sur une palette très diversifiée.<br />Mais elle a aussi des choses en propre, qu&#8217;elle renferme précieusement : Clupeau, Le Lamadier, Parneix, Montucle, Le Fermalet&#8230; C&#8217;est là une part de sa contribution dans la symphonie des toponymes de notre région. Aller à leur découverte est une aventure passionnante.</p>
<p>Autor : Lavalade, Yves<br />Linga : Francés<br />Parucion : 2013<br />Editor : L&#8217;Esperluette<br />Nb de pajas : 31<br />Format : 14,5 x 21 cm<br />Pés : 62 g<br />EAN 13 : 9791090784161<br /></span></p>

<p>La commune de Tarnac possède sur son territoire des noms de lieux qui sont en partage avec l&#8217;ensemble limousin, une identité régionale forte.Les Bessette, Broussas, Freyssinet, Laganne, Lacombe, Lafage, Lagorce, Larfeuil, Le Monteil, Theillet, Marcillac, Orliac&#8230; trouvent ailleurs de multiples échos, sur une palette très diversifiée.Mais elle a aussi des choses en propre, qu&#8217;elle renferme [&hellip;]</p>
