{"id":23143,"date":"2026-08-31T17:37:59","date_gmt":"2026-08-31T15:37:59","guid":{"rendered":"http:\/\/www.libraria-occitana.org\/all-products\/la-racine-prelatine-kal-kar-dans-les-noms-de-lieux-de-la-creuse?lang=en"},"modified":"2026-08-31T17:38:29","modified_gmt":"2026-08-31T15:38:29","slug":"la-racine-prelatine-kal-kar-dans-les-noms-de-lieux-de-la-creuse","status":"publish","type":"product","link":"https:\/\/www.libraria-occitana.org\/en\/product\/la-racine-prelatine-kal-kar-dans-les-noms-de-lieux-de-la-creuse\/","title":{"rendered":"LA RACINE PRELATINE KAL-, KAR- DANS LES NOMS DE LIEUX DE LA CREUSE"},"content":{"rendered":"<p style=\"margin:0;\"><span style=\"font-family:'Times New Roman';font-size:12pt;\">Cette base linguistique tr\u00e8s ancienne s&#8217;est particuli\u00e8rement incrust\u00e9e dans la terre creusoise ; y prolif\u00e9rant \u00e0 sa guise tout au long des si\u00e8cles. C&#8217;est cet \u00e9ventail tr\u00e8s fourni et passionnant que l&#8217;on peut d\u00e9couvrir aujourd&#8217;hui presque \u00e0 chaque pas. Image d&#8217;un enracinement profond et d&#8217;une richesse toponymique infinie ; sceau fondamental et p\u00e9renne dont peuvent se r\u00e9clamer \u00e0 juste titre les Creusois.<\/p>\n<p>Complement de titre : Le Qu\u00e9ret, Le Chez, Ch\u00e9ronceau, Cherlat, Chiroux, Lachamp, Lachaud, Chauverne&#8230;<br \/>Autor : Lavalade, Yves<br \/>Linga : Franc\u00e9s<br \/>Parucion : 2013<br \/>Editor : L&#8217;Esperluette<br \/>Nb de pajas : 40<br \/>Format : 14,5 x 21 cm<br \/>P\u00e9s : 66 g<br \/>EAN 13 : 9791090784123<br \/><\/span><\/p>\n","protected":false},"excerpt":{"rendered":"<p>Cette base linguistique tr\u00e8s ancienne s&#8217;est particuli\u00e8rement incrust\u00e9e dans la terre creusoise ; y prolif\u00e9rant \u00e0 sa guise tout au long des si\u00e8cles. C&#8217;est cet \u00e9ventail tr\u00e8s fourni et passionnant que l&#8217;on peut d\u00e9couvrir aujourd&#8217;hui presque \u00e0 chaque pas. Image d&#8217;un enracinement profond et d&#8217;une richesse toponymique infinie ; sceau fondamental et p\u00e9renne dont peuvent [&hellip;]<\/p>\n","protected":false},"featured_media":0,"template":"","meta":{"_acf_changed":false,"_genesis_hide_title":false,"_genesis_hide_breadcrumbs":false,"_genesis_hide_singular_image":false,"_genesis_hide_footer_widgets":false,"_genesis_custom_body_class":"","_genesis_custom_post_class":"","_genesis_layout":""},"product_brand":[],"product_cat":[7132,7148,16135,7162],"product_tag":[],"class_list":["post-23143","product","type-product","status-publish","product_cat-books","product_cat-history-geography-en","product_cat-non-classe-en","product_cat-place-names-peoples-names-en","pa_auteur-lavalada-ives-en","pa_auteurs-lavalade-yves","pa_editeur-lesperluette-en","pa_langue-francais-en","entry","has-post-thumbnail","first","outofstock","purchasable","product-type-simple"],"acf":[],"_links":{"self":[{"href":"https:\/\/www.libraria-occitana.org\/en\/wp-json\/wp\/v2\/product\/23143","targetHints":{"allow":["GET"]}}],"collection":[{"href":"https:\/\/www.libraria-occitana.org\/en\/wp-json\/wp\/v2\/product"}],"about":[{"href":"https:\/\/www.libraria-occitana.org\/en\/wp-json\/wp\/v2\/types\/product"}],"wp:attachment":[{"href":"https:\/\/www.libraria-occitana.org\/en\/wp-json\/wp\/v2\/media?parent=23143"}],"wp:term":[{"taxonomy":"product_brand","embeddable":true,"href":"https:\/\/www.libraria-occitana.org\/en\/wp-json\/wp\/v2\/product_brand?post=23143"},{"taxonomy":"product_cat","embeddable":true,"href":"https:\/\/www.libraria-occitana.org\/en\/wp-json\/wp\/v2\/product_cat?post=23143"},{"taxonomy":"product_tag","embeddable":true,"href":"https:\/\/www.libraria-occitana.org\/en\/wp-json\/wp\/v2\/product_tag?post=23143"}],"curies":[{"name":"wp","href":"https:\/\/api.w.org\/{rel}","templated":true}]}}

<p style="margin:0;"><span style="font-family:'Times New Roman';font-size:12pt;">Cette base linguistique très ancienne s&#8217;est particulièrement incrustée dans la terre creusoise ; y proliférant à sa guise tout au long des siècles. C&#8217;est cet éventail très fourni et passionnant que l&#8217;on peut découvrir aujourd&#8217;hui presque à chaque pas. Image d&#8217;un enracinement profond et d&#8217;une richesse toponymique infinie ; sceau fondamental et pérenne dont peuvent se réclamer à juste titre les Creusois.</p>
<p>Complement de titre : Le Quéret, Le Chez, Chéronceau, Cherlat, Chiroux, Lachamp, Lachaud, Chauverne&#8230;<br />Autor : Lavalade, Yves<br />Linga : Francés<br />Parucion : 2013<br />Editor : L&#8217;Esperluette<br />Nb de pajas : 40<br />Format : 14,5 x 21 cm<br />Pés : 66 g<br />EAN 13 : 9791090784123<br /></span></p>

<p>Cette base linguistique très ancienne s&#8217;est particulièrement incrustée dans la terre creusoise ; y proliférant à sa guise tout au long des siècles. C&#8217;est cet éventail très fourni et passionnant que l&#8217;on peut découvrir aujourd&#8217;hui presque à chaque pas. Image d&#8217;un enracinement profond et d&#8217;une richesse toponymique infinie ; sceau fondamental et pérenne dont peuvent [&hellip;]</p>
