{"id":23147,"date":"2013-01-01T11:21:55","date_gmt":"2013-01-01T10:21:55","guid":{"rendered":"http:\/\/www.libraria-occitana.org\/all-products\/lu-vin-de-vernuelh-le-vin-de-verneuil-en-lemosin-15?lang=en"},"modified":"2026-04-29T04:41:17","modified_gmt":"2026-04-29T02:41:17","slug":"lu-vin-de-vernuelh-le-vin-de-verneuil-en-lemosin-15","status":"publish","type":"product","link":"https:\/\/www.libraria-occitana.org\/en\/product\/lu-vin-de-vernuelh-le-vin-de-verneuil-en-lemosin-15\/","title":{"rendered":"Lu vin de Vernuelh &#8211; Le vin de Verneuil (En Lemosin 15)"},"content":{"rendered":"<p><strong>\u00ab Autres c\u00f2ps tots los paisans de \u2019qu\u00ed avian quauques rengs de vinha per far lur vin de l\u2019annada\u2026 \u00bb<\/strong><\/p>\n<p>Il est bien loin d\u00e9sormais le temps o\u00f9 les vignes s\u2019\u00e9talaient sur tous les coteaux bien expos\u00e9s de la vall\u00e9e de la Vienne. Mais dans la m\u00e9moire des vieux Verneuillais demeure encore le souvenir de ces petits vins de paysans dont l\u2019acidit\u00e9 et la rudesse, les ann\u00e9es de m\u00e9t\u00e9o chagrine, ont marqu\u00e9 bien des gosiers limousins.<\/p>\n<p>Quelques vignerons toutefois, \u00e0 l\u2019instar de la famille Denis \u00e0 la Merlie, avaient su largement am\u00e9liorer leur production et commercialisaient un petit vin gris appr\u00e9ci\u00e9 des connaisseurs bien au-del\u00e0 du Limousin.<\/p>\n<p>Le vin de Verneuil n\u2019aurait pu \u00eatre aujourd\u2019hui qu\u2019un vieux souvenir tra\u00eenant son lot de clich\u00e9s et de moqueries proverbiales. C\u2019\u00e9tait sans compter sur la passion de quelques nostalgiques du vignoble verneuillais\u2026<\/p>\n<p>Documentaire en occitan sous-titr\u00e9 en fran\u00e7ais.<\/p>\n","protected":false},"excerpt":{"rendered":"<p>\u00ab Autres c\u00f2ps tots los paisans de \u2019qu\u00ed avian quauques rengs de vinha per far lur vin de l\u2019annada\u2026 \u00bb Il est bien loin d\u00e9sormais le temps o\u00f9 les vignes s\u2019\u00e9talaient sur tous les coteaux bien expos\u00e9s de la vall\u00e9e de la Vienne. Mais dans la m\u00e9moire des vieux Verneuillais demeure encore le souvenir de [&hellip;]<\/p>\n","protected":false},"featured_media":28982,"template":"","meta":{"_acf_changed":false,"_genesis_hide_title":false,"_genesis_hide_breadcrumbs":false,"_genesis_hide_singular_image":false,"_genesis_hide_footer_widgets":false,"_genesis_custom_body_class":"","_genesis_custom_post_class":"","_genesis_layout":""},"product_brand":[],"product_cat":[7241,7249],"product_tag":[],"class_list":{"0":"post-23147","1":"product","2":"type-product","3":"status-publish","4":"has-post-thumbnail","6":"product_cat-documentary-en","7":"product_cat-videos-3-en","8":"pa_auteur-ieo-lemosin-fr-en","9":"pa_editeur-ieo-lemosin-en-2","10":"pa_langue-francais-en","11":"pa_langue-occitan-en","12":"pa_langue-occitan-lemosin-en","13":"entry","15":"first","16":"instock","17":"shipping-taxable","18":"purchasable","19":"product-type-simple"},"acf":[],"_links":{"self":[{"href":"https:\/\/www.libraria-occitana.org\/en\/wp-json\/wp\/v2\/product\/23147","targetHints":{"allow":["GET"]}}],"collection":[{"href":"https:\/\/www.libraria-occitana.org\/en\/wp-json\/wp\/v2\/product"}],"about":[{"href":"https:\/\/www.libraria-occitana.org\/en\/wp-json\/wp\/v2\/types\/product"}],"wp:featuredmedia":[{"embeddable":true,"href":"https:\/\/www.libraria-occitana.org\/en\/wp-json\/wp\/v2\/media\/28982"}],"wp:attachment":[{"href":"https:\/\/www.libraria-occitana.org\/en\/wp-json\/wp\/v2\/media?parent=23147"}],"wp:term":[{"taxonomy":"product_brand","embeddable":true,"href":"https:\/\/www.libraria-occitana.org\/en\/wp-json\/wp\/v2\/product_brand?post=23147"},{"taxonomy":"product_cat","embeddable":true,"href":"https:\/\/www.libraria-occitana.org\/en\/wp-json\/wp\/v2\/product_cat?post=23147"},{"taxonomy":"product_tag","embeddable":true,"href":"https:\/\/www.libraria-occitana.org\/en\/wp-json\/wp\/v2\/product_tag?post=23147"}],"curies":[{"name":"wp","href":"https:\/\/api.w.org\/{rel}","templated":true}]}}

<p><strong>« Autres còps tots los paisans de ’quí avian quauques rengs de vinha per far lur vin de l’annada… »</strong></p>
<p>Il est bien loin désormais le temps où les vignes s’étalaient sur tous les coteaux bien exposés de la vallée de la Vienne. Mais dans la mémoire des vieux Verneuillais demeure encore le souvenir de ces petits vins de paysans dont l’acidité et la rudesse, les années de météo chagrine, ont marqué bien des gosiers limousins.</p>
<p>Quelques vignerons toutefois, à l’instar de la famille Denis à la Merlie, avaient su largement améliorer leur production et commercialisaient un petit vin gris apprécié des connaisseurs bien au-delà du Limousin.</p>
<p>Le vin de Verneuil n’aurait pu être aujourd’hui qu’un vieux souvenir traînant son lot de clichés et de moqueries proverbiales. C’était sans compter sur la passion de quelques nostalgiques du vignoble verneuillais…</p>
<p>Documentaire en occitan sous-titré en français.</p>

<p>« Autres còps tots los paisans de ’quí avian quauques rengs de vinha per far lur vin de l’annada… » Il est bien loin désormais le temps où les vignes s’étalaient sur tous les coteaux bien exposés de la vallée de la Vienne. Mais dans la mémoire des vieux Verneuillais demeure encore le souvenir de [&hellip;]</p>
