{"id":23197,"date":"2026-08-31T17:37:59","date_gmt":"2026-08-31T15:37:59","guid":{"rendered":"http:\/\/www.libraria-occitana.org\/all-products\/les-noms-de-lieux-du-canton-de-donzenac-correze?lang=en"},"modified":"2026-08-31T17:38:24","modified_gmt":"2026-08-31T15:38:24","slug":"les-noms-de-lieux-du-canton-de-donzenac-correze","status":"publish","type":"product","link":"https:\/\/www.libraria-occitana.org\/en\/product\/les-noms-de-lieux-du-canton-de-donzenac-correze\/","title":{"rendered":"LES NOMS DE LIEUX DU CANTON DE DONZENAC (CORREZE)"},"content":{"rendered":"<p style=\"margin:0;\"><span style=\"font-family:'Times New Roman';font-size:12pt;\">Le canton de Donzenac a une riche histoire. Et une fa\u00e7on originale d&#8217;appr\u00e9hender ce patrimoine peut se faire par le biais des noms de lieux. Les d\u00e9couvrir, les comprendre, les conserver est une d\u00e9marche indispensable \u00e0 la p\u00e9rennit\u00e9 du &#8220;pays&#8221; et de son identit\u00e9.<br \/>\u00c0 travers les \u00e9poques et depuis plus de mille ans les femmes et les hommes d&#8217;ici les ont forg\u00e9s, les c\u00f4toient.<br \/>D&#8217;origine pr\u00e9latine, celtique, gallo-romaine ou germanique, ces noms se bousculent au cl\u00e9dou de notre m\u00e9moire : Le Poulverel, Lajugie, La Pialeporchie, Freygemouche, Fageolles, Berchat, Martignac, La Queyrie, Verlhac, L&#8217;Echamel, Tirelignol, Vern\u00e9joux, Le Meygial&#8230; Ils ont tant de choses \u00e0 nous dire ! Laissons-les venir \u00e0 nous !<\/p>\n<p>Complement de titre : Allassac, Donzenac, Sadroc, Sainte-F\u00e9r\u00e9ole, Saint-Pardoux-L&#8217;Ortigier, Saint-Viance<br \/>Autor : Lavalade, Yves<br \/>Linga : Franc\u00e9s<br \/>Parucion : 09\/2013<br \/>Editor : L&#8217;Esperluette<br \/>Nb de pajas : 95<br \/>Format : 15 x 21 cm<br \/>P\u00e9s : 162 g<br \/>EAN 13 : 9791090784109<br \/><\/span><\/p>\n","protected":false},"excerpt":{"rendered":"<p>Le canton de Donzenac a une riche histoire. Et une fa\u00e7on originale d&#8217;appr\u00e9hender ce patrimoine peut se faire par le biais des noms de lieux. Les d\u00e9couvrir, les comprendre, les conserver est une d\u00e9marche indispensable \u00e0 la p\u00e9rennit\u00e9 du &#8220;pays&#8221; et de son identit\u00e9.\u00c0 travers les \u00e9poques et depuis plus de mille ans les femmes [&hellip;]<\/p>\n","protected":false},"featured_media":0,"template":"","meta":{"_acf_changed":false,"_genesis_hide_title":false,"_genesis_hide_breadcrumbs":false,"_genesis_hide_singular_image":false,"_genesis_hide_footer_widgets":false,"_genesis_custom_body_class":"","_genesis_custom_post_class":"","_genesis_layout":""},"product_brand":[],"product_cat":[7132,7148,16135,7162],"product_tag":[],"class_list":["post-23197","product","type-product","status-publish","product_cat-books","product_cat-history-geography-en","product_cat-non-classe-en","product_cat-place-names-peoples-names-en","pa_auteur-lavalada-ives-en","pa_auteurs-lavalade-yves","pa_editeur-lesperluette-en","pa_langue-francais-en","entry","has-post-thumbnail","first","outofstock","purchasable","product-type-simple"],"acf":[],"_links":{"self":[{"href":"https:\/\/www.libraria-occitana.org\/en\/wp-json\/wp\/v2\/product\/23197","targetHints":{"allow":["GET"]}}],"collection":[{"href":"https:\/\/www.libraria-occitana.org\/en\/wp-json\/wp\/v2\/product"}],"about":[{"href":"https:\/\/www.libraria-occitana.org\/en\/wp-json\/wp\/v2\/types\/product"}],"wp:attachment":[{"href":"https:\/\/www.libraria-occitana.org\/en\/wp-json\/wp\/v2\/media?parent=23197"}],"wp:term":[{"taxonomy":"product_brand","embeddable":true,"href":"https:\/\/www.libraria-occitana.org\/en\/wp-json\/wp\/v2\/product_brand?post=23197"},{"taxonomy":"product_cat","embeddable":true,"href":"https:\/\/www.libraria-occitana.org\/en\/wp-json\/wp\/v2\/product_cat?post=23197"},{"taxonomy":"product_tag","embeddable":true,"href":"https:\/\/www.libraria-occitana.org\/en\/wp-json\/wp\/v2\/product_tag?post=23197"}],"curies":[{"name":"wp","href":"https:\/\/api.w.org\/{rel}","templated":true}]}}

<p style="margin:0;"><span style="font-family:'Times New Roman';font-size:12pt;">Le canton de Donzenac a une riche histoire. Et une façon originale d&#8217;appréhender ce patrimoine peut se faire par le biais des noms de lieux. Les découvrir, les comprendre, les conserver est une démarche indispensable à la pérennité du &#8220;pays&#8221; et de son identité.<br />À travers les époques et depuis plus de mille ans les femmes et les hommes d&#8217;ici les ont forgés, les côtoient.<br />D&#8217;origine prélatine, celtique, gallo-romaine ou germanique, ces noms se bousculent au clédou de notre mémoire : Le Poulverel, Lajugie, La Pialeporchie, Freygemouche, Fageolles, Berchat, Martignac, La Queyrie, Verlhac, L&#8217;Echamel, Tirelignol, Vernéjoux, Le Meygial&#8230; Ils ont tant de choses à nous dire ! Laissons-les venir à nous !</p>
<p>Complement de titre : Allassac, Donzenac, Sadroc, Sainte-Féréole, Saint-Pardoux-L&#8217;Ortigier, Saint-Viance<br />Autor : Lavalade, Yves<br />Linga : Francés<br />Parucion : 09/2013<br />Editor : L&#8217;Esperluette<br />Nb de pajas : 95<br />Format : 15 x 21 cm<br />Pés : 162 g<br />EAN 13 : 9791090784109<br /></span></p>

<p>Le canton de Donzenac a une riche histoire. Et une façon originale d&#8217;appréhender ce patrimoine peut se faire par le biais des noms de lieux. Les découvrir, les comprendre, les conserver est une démarche indispensable à la pérennité du &#8220;pays&#8221; et de son identité.À travers les époques et depuis plus de mille ans les femmes [&hellip;]</p>
