{"id":23293,"date":"2014-06-01T13:24:50","date_gmt":"2014-06-01T11:24:50","guid":{"rendered":"http:\/\/www.libraria-occitana.org\/all-products\/le-tombeau-des-ancetres?lang=en"},"modified":"2026-04-27T00:11:28","modified_gmt":"2026-04-26T22:11:28","slug":"le-tombeau-des-ancetres","status":"publish","type":"product","link":"https:\/\/www.libraria-occitana.org\/en\/product\/le-tombeau-des-ancetres\/","title":{"rendered":"Le tombeau des anc\u00eatres"},"content":{"rendered":"<p>&#8220;La civilisation occitane, et proprement limousine, meurt tout doucement. Je ne d\u00e9sire point verser d&#8217;inutiles larmes sur cette \u00e9volution, ni m\u00eame rechercher les modalit\u00e9s et les causes. Les faits que je voudrais \u00e9tudier, on a pu les observer, et souvent ils vivent encore, sur un point extr\u00eamement \u00e9troit du Limousin, \u00e0 savoir mon village, Germont d&#8217;o\u00f9 l&#8217;on voit le soleil se lever au plus haut sur le mont Ceix. Un village qui, comme tant d&#8217;autres, meurt \u00e9touff\u00e9 par les ronciers et la for\u00eat jeune montant \u00e0 la place des champs.<\/p>\n<p>Je ne rapporte presque aucun \u00e9l\u00e9ment qui ne m&#8217;ait \u00e9t\u00e9 fourni dans ma propre famille, et qui ne soit pour moi d&#8217;exp\u00e9rience v\u00e9cue, sans suivre d&#8217;autre plan que celui du calendrier catholique, au seul examen des coutumes, pratiques et croyances qui, au long de l&#8217;ann\u00e9e, sollicitent l&#8217;attention et l&#8217;observance religieuse. Mon ambition n&#8217;est pas tant d&#8217;en donner un tableau complet que de rechercher le sens, \u00e9sot\u00e9rique mais surtout psychologique, de ces traditions.&#8221;<\/p>\n<p style=\"text-align: right\">Marcelle Delpastre<\/p>\n","protected":false},"excerpt":{"rendered":"<p>&#8220;La civilisation occitane, et proprement limousine, meurt tout doucement. Je ne d\u00e9sire point verser d&#8217;inutiles larmes sur cette \u00e9volution, ni m\u00eame rechercher les modalit\u00e9s et les causes. Les faits que je voudrais \u00e9tudier, on a pu les observer, et souvent ils vivent encore, sur un point extr\u00eamement \u00e9troit du Limousin, \u00e0 savoir mon village, Germont [&hellip;]<\/p>\n","protected":false},"featured_media":23294,"template":"","meta":{"_acf_changed":false,"_genesis_hide_title":false,"_genesis_hide_breadcrumbs":false,"_genesis_hide_singular_image":false,"_genesis_hide_footer_widgets":false,"_genesis_custom_body_class":"","_genesis_custom_post_class":"","_genesis_layout":""},"product_brand":[],"product_cat":[7132,7208,7206],"product_tag":[],"class_list":{"0":"post-23293","1":"product","2":"type-product","3":"status-publish","4":"has-post-thumbnail","6":"product_cat-books","7":"product_cat-customs-rites-and-beliefs-en","8":"product_cat-traditions-heritage-en","9":"pa_auteur-delpastre-marcela-en","10":"pa_editeur-lo-chamin-de-sent-jaume-en","11":"pa_langue-francais-en","12":"entry","14":"first","15":"instock","16":"shipping-taxable","17":"purchasable","18":"product-type-simple"},"acf":[],"_links":{"self":[{"href":"https:\/\/www.libraria-occitana.org\/en\/wp-json\/wp\/v2\/product\/23293","targetHints":{"allow":["GET"]}}],"collection":[{"href":"https:\/\/www.libraria-occitana.org\/en\/wp-json\/wp\/v2\/product"}],"about":[{"href":"https:\/\/www.libraria-occitana.org\/en\/wp-json\/wp\/v2\/types\/product"}],"wp:featuredmedia":[{"embeddable":true,"href":"https:\/\/www.libraria-occitana.org\/en\/wp-json\/wp\/v2\/media\/23294"}],"wp:attachment":[{"href":"https:\/\/www.libraria-occitana.org\/en\/wp-json\/wp\/v2\/media?parent=23293"}],"wp:term":[{"taxonomy":"product_brand","embeddable":true,"href":"https:\/\/www.libraria-occitana.org\/en\/wp-json\/wp\/v2\/product_brand?post=23293"},{"taxonomy":"product_cat","embeddable":true,"href":"https:\/\/www.libraria-occitana.org\/en\/wp-json\/wp\/v2\/product_cat?post=23293"},{"taxonomy":"product_tag","embeddable":true,"href":"https:\/\/www.libraria-occitana.org\/en\/wp-json\/wp\/v2\/product_tag?post=23293"}],"curies":[{"name":"wp","href":"https:\/\/api.w.org\/{rel}","templated":true}]}}

Le tombeau des ancêtres

<p>&#8220;La civilisation occitane, et proprement limousine, meurt tout doucement. Je ne désire point verser d&#8217;inutiles larmes sur cette évolution, ni même rechercher les modalités et les causes. Les faits que je voudrais étudier, on a pu les observer, et souvent ils vivent encore, sur un point extrêmement étroit du Limousin, à savoir mon village, Germont d&#8217;où l&#8217;on voit le soleil se lever au plus haut sur le mont Ceix. Un village qui, comme tant d&#8217;autres, meurt étouffé par les ronciers et la forêt jeune montant à la place des champs.</p>
<p>Je ne rapporte presque aucun élément qui ne m&#8217;ait été fourni dans ma propre famille, et qui ne soit pour moi d&#8217;expérience vécue, sans suivre d&#8217;autre plan que celui du calendrier catholique, au seul examen des coutumes, pratiques et croyances qui, au long de l&#8217;année, sollicitent l&#8217;attention et l&#8217;observance religieuse. Mon ambition n&#8217;est pas tant d&#8217;en donner un tableau complet que de rechercher le sens, ésotérique mais surtout psychologique, de ces traditions.&#8221;</p>
<p style="text-align: right">Marcelle Delpastre</p>

<p>&#8220;La civilisation occitane, et proprement limousine, meurt tout doucement. Je ne désire point verser d&#8217;inutiles larmes sur cette évolution, ni même rechercher les modalités et les causes. Les faits que je voudrais étudier, on a pu les observer, et souvent ils vivent encore, sur un point extrêmement étroit du Limousin, à savoir mon village, Germont [&hellip;]</p>
