{"id":23400,"date":"2014-07-01T11:36:52","date_gmt":"2014-07-01T10:36:52","guid":{"rendered":"http:\/\/www.libraria-occitana.org\/all-products\/pel-cros-de-la-sarralha-120-dessenhs-per-ausir-parlar-lo-monde?lang=en"},"modified":"2026-04-26T07:46:06","modified_gmt":"2026-04-26T05:46:06","slug":"pel-cros-de-la-sarralha-120-dessenhs-per-ausir-parlar-lo-monde","status":"publish","type":"product","link":"https:\/\/www.libraria-occitana.org\/en\/product\/pel-cros-de-la-sarralha-120-dessenhs-per-ausir-parlar-lo-monde\/","title":{"rendered":"Pel cr\u00f2s de la Sarralha&#8230; : 120 dessenhs per ausir parlar lo monde&#8230;"},"content":{"rendered":"<p>Lo monde, tot alentorn de nosautres, parla. Si l&#8217;escotatz, vos dir\u00e1 sos malors, sos plasers, sos espers, sas paurs e mai&#8230; vos parlejar\u00e1 \u00e7\u00f2 que voli\u00e1 pas vos fisar&#8230;<\/p>\n<p>Alaidonc&#8230; avisatz, auvissetz, quitament pel&#8230;<br \/>\nCr\u00f2s de la sarralha !<\/p>\n","protected":false},"excerpt":{"rendered":"<p>Lo monde, tot alentorn de nosautres, parla. Si l&#8217;escotatz, vos dir\u00e1 sos malors, sos plasers, sos espers, sas paurs e mai&#8230; vos parlejar\u00e1 \u00e7\u00f2 que voli\u00e1 pas vos fisar&#8230; Alaidonc&#8230; avisatz, auvissetz, quitament pel&#8230; Cr\u00f2s de la sarralha !<\/p>\n","protected":false},"featured_media":23401,"template":"","meta":{"_acf_changed":false,"_genesis_hide_title":false,"_genesis_hide_breadcrumbs":false,"_genesis_hide_singular_image":false,"_genesis_hide_footer_widgets":false,"_genesis_custom_body_class":"","_genesis_custom_post_class":"","_genesis_layout":""},"product_brand":[],"product_cat":[7132,7172,7164],"product_tag":[],"class_list":{"0":"post-23400","1":"product","2":"type-product","3":"status-publish","4":"has-post-thumbnail","6":"product_cat-books","7":"product_cat-humor-en","8":"product_cat-juvenile-and-teen-comics-humour-en","9":"pa_auteur-delibie-miquel-2-en","10":"pa_editeur-atalhers-sarlades-de-cultura-occitana-asco-en","11":"pa_langue-occitan-lengadocian-en","12":"pa_langue-occitan-francais-en","13":"entry","15":"first","16":"instock","17":"shipping-taxable","18":"purchasable","19":"product-type-simple"},"acf":[],"_links":{"self":[{"href":"https:\/\/www.libraria-occitana.org\/en\/wp-json\/wp\/v2\/product\/23400","targetHints":{"allow":["GET"]}}],"collection":[{"href":"https:\/\/www.libraria-occitana.org\/en\/wp-json\/wp\/v2\/product"}],"about":[{"href":"https:\/\/www.libraria-occitana.org\/en\/wp-json\/wp\/v2\/types\/product"}],"wp:featuredmedia":[{"embeddable":true,"href":"https:\/\/www.libraria-occitana.org\/en\/wp-json\/wp\/v2\/media\/23401"}],"wp:attachment":[{"href":"https:\/\/www.libraria-occitana.org\/en\/wp-json\/wp\/v2\/media?parent=23400"}],"wp:term":[{"taxonomy":"product_brand","embeddable":true,"href":"https:\/\/www.libraria-occitana.org\/en\/wp-json\/wp\/v2\/product_brand?post=23400"},{"taxonomy":"product_cat","embeddable":true,"href":"https:\/\/www.libraria-occitana.org\/en\/wp-json\/wp\/v2\/product_cat?post=23400"},{"taxonomy":"product_tag","embeddable":true,"href":"https:\/\/www.libraria-occitana.org\/en\/wp-json\/wp\/v2\/product_tag?post=23400"}],"curies":[{"name":"wp","href":"https:\/\/api.w.org\/{rel}","templated":true}]}}

Pel cròs de la Sarralha&#8230; : 120 dessenhs per ausir parlar lo monde&#8230;

<p>Lo monde, tot alentorn de nosautres, parla. Si l&#8217;escotatz, vos dirá sos malors, sos plasers, sos espers, sas paurs e mai&#8230; vos parlejará çò que voliá pas vos fisar&#8230;</p>
<p>Alaidonc&#8230; avisatz, auvissetz, quitament pel&#8230;<br />
Cròs de la sarralha !</p>

<p>Lo monde, tot alentorn de nosautres, parla. Si l&#8217;escotatz, vos dirá sos malors, sos plasers, sos espers, sas paurs e mai&#8230; vos parlejará çò que voliá pas vos fisar&#8230; Alaidonc&#8230; avisatz, auvissetz, quitament pel&#8230; Cròs de la sarralha !</p>
