{"id":23424,"date":"2026-08-31T17:38:34","date_gmt":"2026-08-31T15:38:34","guid":{"rendered":"http:\/\/www.libraria-occitana.org\/all-products\/les-noms-de-lieux-du-canton-de-benevent-labbaye-creuse?lang=en"},"modified":"2026-08-31T17:38:42","modified_gmt":"2026-08-31T15:38:42","slug":"les-noms-de-lieux-du-canton-de-benevent-labbaye-creuse","status":"publish","type":"product","link":"https:\/\/www.libraria-occitana.org\/en\/product\/les-noms-de-lieux-du-canton-de-benevent-labbaye-creuse\/","title":{"rendered":"LES NOMS DE LIEUX DU CANTON DE BENEVENT-L&#8217;ABBAYE (CREUSE)"},"content":{"rendered":"<p style=\"margin:0;\"><span style=\"font-family:'Times New Roman';font-size:12pt;\">Les toponymes du canton de B\u00e9n\u00e9vent, qui a une riche histoire, pr\u00e9sentent en partie un choix que l&#8217;on a l&#8217;habitude de constater dans l&#8217;ensemble limousin : Pradeix, Pouyade, Monteil, Gane, Breuil, Bruges, Chazelles, Ch\u00e2tenet&#8230; avec leurs adaptations parfois particuli\u00e8res, phon\u00e9tiques ou morphologiques. Certains autres, moins fr\u00e9quents, vont s&#8217;acoquiner en consanguinit\u00e9 avec quelques cousins limousins. C&#8217;est le cas pour Le Fieux <wbr>(la commune d&#8217;Affieux, par exemple) ; pour Leychameau qui trouve quelques cong\u00e9n\u00e8res pour former sa caravane p\u00e9r\u00e9grinatrice \u00e0 travers nos vallons ; de Malemouche qui ne bourdonne pas en solitude mais a des origines multis\u00e9culaires. Et nous pouvons parler de certains faux-amis : La Rue, La Ribi\u00e8re ; et de ce L&#8217;Aviation, de Marsac, qui a de quoi laisser pantois. C&#8217;est tout cela et bien plus encore que prolonge sous nos yeux le canton de B\u00e9n\u00e9vent-l&#8217;Abbaye.<\/p>\n<p>Complement de titre : Arr\u00e8nes, Aug\u00e8res, Aulon, Azat-Ch\u00e2tenet, B\u00e9n\u00e9vent-l&#8217;Abbaye, Ceyroux, Ch\u00e2telus-le-Marcheix, Marsac, Mourioux-Vieilleville, Saint-Goussaud<br \/>Autor : Lavalade, Yves<br \/>Linga : Franc\u00e9s<br \/>Parucion : 06\/2014<br \/>Editor : L&#8217;Esperluette<br \/>Nb de pajas : 89<br \/>Format : 15 x 21 cm<br \/>P\u00e9s : 130 g<br \/>EAN 13 : 9791090784192<br \/><\/span><\/p>\n","protected":false},"excerpt":{"rendered":"<p>Les toponymes du canton de B\u00e9n\u00e9vent, qui a une riche histoire, pr\u00e9sentent en partie un choix que l&#8217;on a l&#8217;habitude de constater dans l&#8217;ensemble limousin : Pradeix, Pouyade, Monteil, Gane, Breuil, Bruges, Chazelles, Ch\u00e2tenet&#8230; avec leurs adaptations parfois particuli\u00e8res, phon\u00e9tiques ou morphologiques. Certains autres, moins fr\u00e9quents, vont s&#8217;acoquiner en consanguinit\u00e9 avec quelques cousins limousins. C&#8217;est [&hellip;]<\/p>\n","protected":false},"featured_media":0,"template":"","meta":{"_acf_changed":false,"_genesis_hide_title":false,"_genesis_hide_breadcrumbs":false,"_genesis_hide_singular_image":false,"_genesis_hide_footer_widgets":false,"_genesis_custom_body_class":"","_genesis_custom_post_class":"","_genesis_layout":""},"product_brand":[],"product_cat":[7132,7148,16135,7162],"product_tag":[],"class_list":["post-23424","product","type-product","status-publish","product_cat-books","product_cat-history-geography-en","product_cat-non-classe-en","product_cat-place-names-peoples-names-en","pa_auteur-lavalada-ives-en","pa_auteurs-lavalade-yves","pa_editeur-lesperluette-en","pa_langue-francais-en","entry","has-post-thumbnail","first","outofstock","purchasable","product-type-simple"],"acf":[],"_links":{"self":[{"href":"https:\/\/www.libraria-occitana.org\/en\/wp-json\/wp\/v2\/product\/23424","targetHints":{"allow":["GET"]}}],"collection":[{"href":"https:\/\/www.libraria-occitana.org\/en\/wp-json\/wp\/v2\/product"}],"about":[{"href":"https:\/\/www.libraria-occitana.org\/en\/wp-json\/wp\/v2\/types\/product"}],"wp:attachment":[{"href":"https:\/\/www.libraria-occitana.org\/en\/wp-json\/wp\/v2\/media?parent=23424"}],"wp:term":[{"taxonomy":"product_brand","embeddable":true,"href":"https:\/\/www.libraria-occitana.org\/en\/wp-json\/wp\/v2\/product_brand?post=23424"},{"taxonomy":"product_cat","embeddable":true,"href":"https:\/\/www.libraria-occitana.org\/en\/wp-json\/wp\/v2\/product_cat?post=23424"},{"taxonomy":"product_tag","embeddable":true,"href":"https:\/\/www.libraria-occitana.org\/en\/wp-json\/wp\/v2\/product_tag?post=23424"}],"curies":[{"name":"wp","href":"https:\/\/api.w.org\/{rel}","templated":true}]}}

<p style="margin:0;"><span style="font-family:'Times New Roman';font-size:12pt;">Les toponymes du canton de Bénévent, qui a une riche histoire, présentent en partie un choix que l&#8217;on a l&#8217;habitude de constater dans l&#8217;ensemble limousin : Pradeix, Pouyade, Monteil, Gane, Breuil, Bruges, Chazelles, Châtenet&#8230; avec leurs adaptations parfois particulières, phonétiques ou morphologiques. Certains autres, moins fréquents, vont s&#8217;acoquiner en consanguinité avec quelques cousins limousins. C&#8217;est le cas pour Le Fieux <wbr>(la commune d&#8217;Affieux, par exemple) ; pour Leychameau qui trouve quelques congénères pour former sa caravane pérégrinatrice à travers nos vallons ; de Malemouche qui ne bourdonne pas en solitude mais a des origines multiséculaires. Et nous pouvons parler de certains faux-amis : La Rue, La Ribière ; et de ce L&#8217;Aviation, de Marsac, qui a de quoi laisser pantois. C&#8217;est tout cela et bien plus encore que prolonge sous nos yeux le canton de Bénévent-l&#8217;Abbaye.</p>
<p>Complement de titre : Arrènes, Augères, Aulon, Azat-Châtenet, Bénévent-l&#8217;Abbaye, Ceyroux, Châtelus-le-Marcheix, Marsac, Mourioux-Vieilleville, Saint-Goussaud<br />Autor : Lavalade, Yves<br />Linga : Francés<br />Parucion : 06/2014<br />Editor : L&#8217;Esperluette<br />Nb de pajas : 89<br />Format : 15 x 21 cm<br />Pés : 130 g<br />EAN 13 : 9791090784192<br /></span></p>

<p>Les toponymes du canton de Bénévent, qui a une riche histoire, présentent en partie un choix que l&#8217;on a l&#8217;habitude de constater dans l&#8217;ensemble limousin : Pradeix, Pouyade, Monteil, Gane, Breuil, Bruges, Chazelles, Châtenet&#8230; avec leurs adaptations parfois particulières, phonétiques ou morphologiques. Certains autres, moins fréquents, vont s&#8217;acoquiner en consanguinité avec quelques cousins limousins. C&#8217;est [&hellip;]</p>
