{"id":23872,"date":"2015-04-01T19:00:58","date_gmt":"2015-04-01T18:00:58","guid":{"rendered":"http:\/\/www.libraria-occitana.org\/all-products\/qui-a-vole-mon-patois-libre-dvd?lang=en"},"modified":"2026-04-29T10:17:12","modified_gmt":"2026-04-29T08:17:12","slug":"qui-a-vole-mon-patois-libre-dvd","status":"publish","type":"product","link":"https:\/\/www.libraria-occitana.org\/en\/product\/qui-a-vole-mon-patois-libre-dvd\/","title":{"rendered":"Qui a vol\u00e9 mon \u00ab patois \u00bb ? (libre + DVD)"},"content":{"rendered":"<p>Ce livre choc nous entra\u00eene sur les chemins de l\u2019\u00e9cole dans ses rapports tumultueux et parfois violents avec la langue occitane. \u00c0 l\u2019aide d\u2019exemples aveyronnais tr\u00e8s pr\u00e9cis, l\u2019entreprise d\u2019\u00e9radication de la langue du peuple est mise \u00e0 nu : r\u00f4le des institutions scolaires, des inspecteurs et enseignants, de l\u2019\u00c9glise, des politiques, des syndicats, de la presse, r\u00e9pression \u00e0 l\u2019\u00e9gard des \u00e9coliers locuteurs en \u00ab patois \u00bb, rien n\u2019est laiss\u00e9 dans l\u2019ombre.<\/p>\n<p>De 1789 \u00e0 nos jours, le propos met en \u00e9vidence l\u2019\u00e9volution des mentalit\u00e9s et l\u2019action de courageux pionniers pour que leur langue retrouve sa place. Nous voyons \u00e0 l\u2019\u0153uvre Henri Mouly, les \u00e9poux S\u00e9guret, Henri Fournier, les professeurs du lyc\u00e9e Foch de Rodez, Jean Boudou, des instituteurs\u2026 et les associations du Grelh Roergat \u00e0 l\u2019Institut d\u2019\u00e9tudes occitanes. Leur combat a port\u00e9 ses fruits : de nombreuses classes bilingues fran\u00e7ais\/occitan sont aujourd\u2019hui en fonction et se d\u00e9veloppent. Pour notre plus grand plaisir, de grands dessinateurs de presse issus de nombreux pays illustrent l\u2019ouvrage donnant ainsi son caract\u00e8re universel \u00e0 la lutte pour le droit au pluralisme et \u00e0 la diversit\u00e9.<\/p>\n<p>Assur\u00e9ment un ouvrage qui fera date dans l\u2019histoire des relations \u00e9cole\/langue occitane.<\/p>\n<p>Une nouvelle \u00e9dition compl\u00e9t\u00e9e et remani\u00e9e du DVD \u00ab Quel est ce charabia ? \u00bb est incluse dans cet ouvrage. Ce film de t\u00e9moignages in\u00e9dits recueillis en Aveyron enrichit le livre donnant toute sa force au propos.<\/p>\n","protected":false},"excerpt":{"rendered":"<p>Ce livre choc nous entra\u00eene sur les chemins de l\u2019\u00e9cole dans ses rapports tumultueux et parfois violents avec la langue occitane. \u00c0 l\u2019aide d\u2019exemples aveyronnais tr\u00e8s pr\u00e9cis, l\u2019entreprise d\u2019\u00e9radication de la langue du peuple est mise \u00e0 nu : r\u00f4le des institutions scolaires, des inspecteurs et enseignants, de l\u2019\u00c9glise, des politiques, des syndicats, de la [&hellip;]<\/p>\n","protected":false},"featured_media":17523,"template":"","meta":{"_acf_changed":false,"_genesis_hide_title":false,"_genesis_hide_breadcrumbs":false,"_genesis_hide_singular_image":false,"_genesis_hide_footer_widgets":false,"_genesis_custom_body_class":"","_genesis_custom_post_class":"","_genesis_layout":""},"product_brand":[],"product_cat":[7132,7148,7158],"product_tag":[],"class_list":{"0":"post-23872","1":"product","2":"type-product","3":"status-publish","4":"has-post-thumbnail","6":"product_cat-books","7":"product_cat-history-geography-en","8":"product_cat-modern-and-contemporary-history-en","9":"pa_auteur-lafon-michel-en","10":"pa_editeur-pu-mediterranee-en","11":"pa_langue-francais-en","12":"entry","14":"first","15":"instock","16":"shipping-taxable","17":"purchasable","18":"product-type-simple"},"acf":[],"_links":{"self":[{"href":"https:\/\/www.libraria-occitana.org\/en\/wp-json\/wp\/v2\/product\/23872","targetHints":{"allow":["GET"]}}],"collection":[{"href":"https:\/\/www.libraria-occitana.org\/en\/wp-json\/wp\/v2\/product"}],"about":[{"href":"https:\/\/www.libraria-occitana.org\/en\/wp-json\/wp\/v2\/types\/product"}],"wp:featuredmedia":[{"embeddable":true,"href":"https:\/\/www.libraria-occitana.org\/en\/wp-json\/wp\/v2\/media\/17523"}],"wp:attachment":[{"href":"https:\/\/www.libraria-occitana.org\/en\/wp-json\/wp\/v2\/media?parent=23872"}],"wp:term":[{"taxonomy":"product_brand","embeddable":true,"href":"https:\/\/www.libraria-occitana.org\/en\/wp-json\/wp\/v2\/product_brand?post=23872"},{"taxonomy":"product_cat","embeddable":true,"href":"https:\/\/www.libraria-occitana.org\/en\/wp-json\/wp\/v2\/product_cat?post=23872"},{"taxonomy":"product_tag","embeddable":true,"href":"https:\/\/www.libraria-occitana.org\/en\/wp-json\/wp\/v2\/product_tag?post=23872"}],"curies":[{"name":"wp","href":"https:\/\/api.w.org\/{rel}","templated":true}]}}

Qui a volé mon « patois » ? (libre + DVD)

<p>Ce livre choc nous entraîne sur les chemins de l’école dans ses rapports tumultueux et parfois violents avec la langue occitane. À l’aide d’exemples aveyronnais très précis, l’entreprise d’éradication de la langue du peuple est mise à nu : rôle des institutions scolaires, des inspecteurs et enseignants, de l’Église, des politiques, des syndicats, de la presse, répression à l’égard des écoliers locuteurs en « patois », rien n’est laissé dans l’ombre.</p>
<p>De 1789 à nos jours, le propos met en évidence l’évolution des mentalités et l’action de courageux pionniers pour que leur langue retrouve sa place. Nous voyons à l’œuvre Henri Mouly, les époux Séguret, Henri Fournier, les professeurs du lycée Foch de Rodez, Jean Boudou, des instituteurs… et les associations du Grelh Roergat à l’Institut d’études occitanes. Leur combat a porté ses fruits : de nombreuses classes bilingues français/occitan sont aujourd’hui en fonction et se développent. Pour notre plus grand plaisir, de grands dessinateurs de presse issus de nombreux pays illustrent l’ouvrage donnant ainsi son caractère universel à la lutte pour le droit au pluralisme et à la diversité.</p>
<p>Assurément un ouvrage qui fera date dans l’histoire des relations école/langue occitane.</p>
<p>Une nouvelle édition complétée et remaniée du DVD « Quel est ce charabia ? » est incluse dans cet ouvrage. Ce film de témoignages inédits recueillis en Aveyron enrichit le livre donnant toute sa force au propos.</p>

<p>Ce livre choc nous entraîne sur les chemins de l’école dans ses rapports tumultueux et parfois violents avec la langue occitane. À l’aide d’exemples aveyronnais très précis, l’entreprise d’éradication de la langue du peuple est mise à nu : rôle des institutions scolaires, des inspecteurs et enseignants, de l’Église, des politiques, des syndicats, de la [&hellip;]</p>
