{"id":23912,"date":"2015-05-01T10:43:10","date_gmt":"2015-05-01T09:43:10","guid":{"rendered":"http:\/\/www.libraria-occitana.org\/all-products\/dau-temps-que-passa?lang=en"},"modified":"2026-04-29T11:01:37","modified_gmt":"2026-04-29T09:01:37","slug":"dau-temps-que-passa","status":"publish","type":"product","link":"https:\/\/www.libraria-occitana.org\/en\/product\/dau-temps-que-passa\/","title":{"rendered":"Dau temps que passa"},"content":{"rendered":"<p>Comme je venais d&#8217;\u00e9crire quarante-huit sonnets sur &#8220;le temps qui passe&#8221; (signes, saisons, mois, jours, f\u00eates, astres et le reste), \u00e0 la fin de l&#8217;an 2014, j&#8217;invitai trois graveurs et une graveuse \u00e0 faire un calendrier (chacun trois mois) pour en \u00eatre le compl\u00e9ment (non l&#8217;illustration, ne leur ayant pas donn\u00e9 mes textes \u00e0 lire), et \u00e7a valait pour moi engagement d&#8217;utiliser l&#8217;\u00e9critoire. Nos originaux seraient tir\u00e9s \u00e0 sept exemplaires et une \u00e9dition courante \u00e0 trois cents. Deux choisirent de travailler sur les mois, deux sur le zodiaque.<\/p>\n<p>Et vous avez donc par ordre :<br \/>\n&#8211; janvier (verseau), mai (g\u00e9meaux), septembre (balance) : Jan-Marc Simeonin,<br \/>\n&#8211; f\u00e9vrier (poissons), juin (cancer), octobre (scorpion) : Jean Estaque,<br \/>\n&#8211; mars, juillet, novembre : Marianne Tixeuil,<br \/>\n&#8211; avril, ao\u00fbt, d\u00e9cembre : Pavel Macek.<\/p>\n<p style=\"text-align: right;\">Jan dau Melhau<\/p>\n<p><strong>Colleccion \u00ab Au mot son imatge \u00bb :<\/strong><br \/>\nCes livres de grand format (20,5 \u00d7 30,5 cm), en cahiers libres de 8 pages, sous pochette \u00e0 rabats, allient vraiment le texte \u00e0 l\u2019image, soit que l\u2019image vienne illustrer le texte, soit que le texte vienne argumenter l\u2019image.<\/p>\n","protected":false},"excerpt":{"rendered":"<p>Comme je venais d&#8217;\u00e9crire quarante-huit sonnets sur &#8220;le temps qui passe&#8221; (signes, saisons, mois, jours, f\u00eates, astres et le reste), \u00e0 la fin de l&#8217;an 2014, j&#8217;invitai trois graveurs et une graveuse \u00e0 faire un calendrier (chacun trois mois) pour en \u00eatre le compl\u00e9ment (non l&#8217;illustration, ne leur ayant pas donn\u00e9 mes textes \u00e0 lire), [&hellip;]<\/p>\n","protected":false},"featured_media":23913,"template":"","meta":{"_acf_changed":false,"_genesis_hide_title":false,"_genesis_hide_breadcrumbs":false,"_genesis_hide_singular_image":false,"_genesis_hide_footer_widgets":false,"_genesis_custom_body_class":"","_genesis_custom_post_class":"","_genesis_layout":""},"product_brand":[],"product_cat":[7132,7174,7180],"product_tag":[],"class_list":{"0":"post-23912","1":"product","2":"type-product","3":"status-publish","4":"has-post-thumbnail","6":"product_cat-books","7":"product_cat-literature-en","8":"product_cat-poetry-en","9":"pa_auteur-estaque-jean-en","10":"pa_auteur-macek-pavel-en","11":"pa_auteur-melhau-jan-dau-fr-en","12":"pa_auteur-tixeuil-marianne-en","13":"pa_editeur-lo-chamin-de-sent-jaume-en","14":"pa_illustrateur-simeonin-jan-marc-en","15":"pa_langue-occitan-lemosin-en","16":"pa_langue-occitan-francais-en","17":"entry","19":"first","20":"instock","21":"shipping-taxable","22":"purchasable","23":"product-type-simple"},"acf":[],"_links":{"self":[{"href":"https:\/\/www.libraria-occitana.org\/en\/wp-json\/wp\/v2\/product\/23912","targetHints":{"allow":["GET"]}}],"collection":[{"href":"https:\/\/www.libraria-occitana.org\/en\/wp-json\/wp\/v2\/product"}],"about":[{"href":"https:\/\/www.libraria-occitana.org\/en\/wp-json\/wp\/v2\/types\/product"}],"wp:featuredmedia":[{"embeddable":true,"href":"https:\/\/www.libraria-occitana.org\/en\/wp-json\/wp\/v2\/media\/23913"}],"wp:attachment":[{"href":"https:\/\/www.libraria-occitana.org\/en\/wp-json\/wp\/v2\/media?parent=23912"}],"wp:term":[{"taxonomy":"product_brand","embeddable":true,"href":"https:\/\/www.libraria-occitana.org\/en\/wp-json\/wp\/v2\/product_brand?post=23912"},{"taxonomy":"product_cat","embeddable":true,"href":"https:\/\/www.libraria-occitana.org\/en\/wp-json\/wp\/v2\/product_cat?post=23912"},{"taxonomy":"product_tag","embeddable":true,"href":"https:\/\/www.libraria-occitana.org\/en\/wp-json\/wp\/v2\/product_tag?post=23912"}],"curies":[{"name":"wp","href":"https:\/\/api.w.org\/{rel}","templated":true}]}}

<p>Comme je venais d&#8217;écrire quarante-huit sonnets sur &#8220;le temps qui passe&#8221; (signes, saisons, mois, jours, fêtes, astres et le reste), à la fin de l&#8217;an 2014, j&#8217;invitai trois graveurs et une graveuse à faire un calendrier (chacun trois mois) pour en être le complément (non l&#8217;illustration, ne leur ayant pas donné mes textes à lire), et ça valait pour moi engagement d&#8217;utiliser l&#8217;écritoire. Nos originaux seraient tirés à sept exemplaires et une édition courante à trois cents. Deux choisirent de travailler sur les mois, deux sur le zodiaque.</p>
<p>Et vous avez donc par ordre :<br />
&#8211; janvier (verseau), mai (gémeaux), septembre (balance) : Jan-Marc Simeonin,<br />
&#8211; février (poissons), juin (cancer), octobre (scorpion) : Jean Estaque,<br />
&#8211; mars, juillet, novembre : Marianne Tixeuil,<br />
&#8211; avril, août, décembre : Pavel Macek.</p>
<p style="text-align: right;">Jan dau Melhau</p>
<p><strong>Colleccion « Au mot son imatge » :</strong><br />
Ces livres de grand format (20,5 × 30,5 cm), en cahiers libres de 8 pages, sous pochette à rabats, allient vraiment le texte à l’image, soit que l’image vienne illustrer le texte, soit que le texte vienne argumenter l’image.</p>

<p>Comme je venais d&#8217;écrire quarante-huit sonnets sur &#8220;le temps qui passe&#8221; (signes, saisons, mois, jours, fêtes, astres et le reste), à la fin de l&#8217;an 2014, j&#8217;invitai trois graveurs et une graveuse à faire un calendrier (chacun trois mois) pour en être le complément (non l&#8217;illustration, ne leur ayant pas donné mes textes à lire), [&hellip;]</p>
