{"id":24022,"date":"2026-08-31T16:39:33","date_gmt":"2026-08-31T14:39:33","guid":{"rendered":"http:\/\/www.libraria-occitana.org\/all-products\/a-cada-jorn-son-mieg-lum-lordinari-del-monde-ii?lang=en"},"modified":"2026-08-31T16:39:45","modified_gmt":"2026-08-31T14:39:45","slug":"la-vida-de-lazarillo-de-tormes","status":"publish","type":"product","link":"https:\/\/www.libraria-occitana.org\/en\/product\/la-vida-de-lazarillo-de-tormes\/","title":{"rendered":"LA VIDA DE LAZARILLO DE TORMES"},"content":{"rendered":"<p style=\"margin:0;\"><span style=\"font-family:'Times New Roman';font-size:12pt;\">Dins aquesta segonda garba de L\u2019ordinari del monde, s\u2019i encontran tornarmai \u00f2mes e femnas suls camins de la vida, entre viol\u00e9ncia e do\u00e7or, amors e \u00f2dis.<br \/>Mas tanben lo pes del temps que passa, la poesia dels g\u00e8stes de cada jorn, la negror d\u2019un cuol de botelha, lo formigui\u00e8r de l\u2019estelum o la vida dels innocents : tot l\u2019alen del monde.<br \/>\u00d2c-ben, Ives Roqueta sap &#8211; sabi\u00e1 &#8211; escriure lo monde, d\u2019una escritura sarrada, mestrejada, que t\u00f2ca al c\u00f2r ! Coma un \u00f2me qu\u2019\u00e8ra totjorn en quista de l\u2019esplendor de \u00e7\u00f2 verai.<br \/>A cada jorn son mi\u00e8g lum : una \u00f2bra que fa onor a las letras d\u2019\u00f2c. La cal legir.<\/p>\n<p>Autor : Roqueta, Ives<br \/>Linga : Occitan <wbr>(lengadocian)<br \/>Parucion : 05\/2015<br \/>Editor : Letras d&#8217;\u00f2c<br \/>Nb de pajas : 118<br \/>Format : 16 x 24 cm<br \/>P\u00e9s : 242 g<br \/>EAN 13 : 9782916718620<br \/><\/span><\/p>\n","protected":false},"excerpt":{"rendered":"<p>Dins aquesta segonda garba de L\u2019ordinari del monde, s\u2019i encontran tornarmai \u00f2mes e femnas suls camins de la vida, entre viol\u00e9ncia e do\u00e7or, amors e \u00f2dis.Mas tanben lo pes del temps que passa, la poesia dels g\u00e8stes de cada jorn, la negror d\u2019un cuol de botelha, lo formigui\u00e8r de l\u2019estelum o la vida dels innocents [&hellip;]<\/p>\n","protected":false},"featured_media":0,"template":"","meta":{"_acf_changed":false,"_genesis_hide_title":false,"_genesis_hide_breadcrumbs":false,"_genesis_hide_singular_image":false,"_genesis_hide_footer_widgets":false,"_genesis_custom_body_class":"","_genesis_custom_post_class":"","_genesis_layout":""},"product_brand":[],"product_cat":[7132,7174,16135,7182],"product_tag":[],"class_list":["post-24022","product","type-product","status-publish","product_cat-books","product_cat-literature-en","product_cat-non-classe-en","product_cat-novels-short-stories-en","pa_auteur-roqueta-ives-en","pa_auteurs-lazarillo-anonyme","pa_editeur-letras-doc-en","pa_editeurs-letras-oc","pa_langue-occitan-en","pa_langue-occitan-lengadocian-en","entry","first","outofstock","purchasable","product-type-simple"],"acf":[],"_links":{"self":[{"href":"https:\/\/www.libraria-occitana.org\/en\/wp-json\/wp\/v2\/product\/24022","targetHints":{"allow":["GET"]}}],"collection":[{"href":"https:\/\/www.libraria-occitana.org\/en\/wp-json\/wp\/v2\/product"}],"about":[{"href":"https:\/\/www.libraria-occitana.org\/en\/wp-json\/wp\/v2\/types\/product"}],"wp:attachment":[{"href":"https:\/\/www.libraria-occitana.org\/en\/wp-json\/wp\/v2\/media?parent=24022"}],"wp:term":[{"taxonomy":"product_brand","embeddable":true,"href":"https:\/\/www.libraria-occitana.org\/en\/wp-json\/wp\/v2\/product_brand?post=24022"},{"taxonomy":"product_cat","embeddable":true,"href":"https:\/\/www.libraria-occitana.org\/en\/wp-json\/wp\/v2\/product_cat?post=24022"},{"taxonomy":"product_tag","embeddable":true,"href":"https:\/\/www.libraria-occitana.org\/en\/wp-json\/wp\/v2\/product_tag?post=24022"}],"curies":[{"name":"wp","href":"https:\/\/api.w.org\/{rel}","templated":true}]}}

<p style="margin:0;"><span style="font-family:'Times New Roman';font-size:12pt;">Dins aquesta segonda garba de L’ordinari del monde, s’i encontran tornarmai òmes e femnas suls camins de la vida, entre violéncia e doçor, amors e òdis.<br />Mas tanben lo pes del temps que passa, la poesia dels gèstes de cada jorn, la negror d’un cuol de botelha, lo formiguièr de l’estelum o la vida dels innocents : tot l’alen del monde.<br />Òc-ben, Ives Roqueta sap &#8211; sabiá &#8211; escriure lo monde, d’una escritura sarrada, mestrejada, que tòca al còr ! Coma un òme qu’èra totjorn en quista de l’esplendor de çò verai.<br />A cada jorn son mièg lum : una òbra que fa onor a las letras d’òc. La cal legir.</p>
<p>Autor : Roqueta, Ives<br />Linga : Occitan <wbr>(lengadocian)<br />Parucion : 05/2015<br />Editor : Letras d&#8217;òc<br />Nb de pajas : 118<br />Format : 16 x 24 cm<br />Pés : 242 g<br />EAN 13 : 9782916718620<br /></span></p>

<p>Dins aquesta segonda garba de L’ordinari del monde, s’i encontran tornarmai òmes e femnas suls camins de la vida, entre violéncia e doçor, amors e òdis.Mas tanben lo pes del temps que passa, la poesia dels gèstes de cada jorn, la negror d’un cuol de botelha, lo formiguièr de l’estelum o la vida dels innocents [&hellip;]</p>
