{"id":24246,"date":"2026-08-31T17:39:29","date_gmt":"2026-08-31T15:39:29","guid":{"rendered":"http:\/\/www.libraria-occitana.org\/all-products\/les-noms-de-lieux-du-pays-de-dun-le-palestel-creuse?lang=en"},"modified":"2026-08-31T17:40:01","modified_gmt":"2026-08-31T15:40:01","slug":"les-noms-de-lieux-du-pays-de-dun-le-palestel-creuse","status":"publish","type":"product","link":"https:\/\/www.libraria-occitana.org\/en\/product\/les-noms-de-lieux-du-pays-de-dun-le-palestel-creuse\/","title":{"rendered":"LES NOMS DE LIEUX DU PAYS DE DUN-LE-PALESTEL (CREUSE)"},"content":{"rendered":"<p style=\"margin:0;\"><span style=\"font-family:'Times New Roman';font-size:12pt;\">Que serait une terre sans ses hommes et sans les noms qui la d\u00e9finissent ? Sans la consonance de ses villes, de ses bourgs, de ses villages, de ses cours d&#8217;eau. Que seraient la Creuse, la Marche et ce fameux Croissant, interm\u00e9diaire entre Pays d&#8217;oc et Pays d&#8217;o\u00efl, s&#8217;ils ne poss\u00e9daient pas tous ces niveaux d&#8217;identit\u00e9 qui marquent leur histoire et jalonnent leur vie ?<br \/>Les noms de lieux du Pays de Dun conservent ces images patrimoniales et incontournables ; de plus en plus fragilis\u00e9es, de plus en plus pr\u00e9cieuses. Ce Pays est dans la continuit\u00e9 limousine par ses R\u00e9jade, Monteil, Rivaud, Sagne, Couture, Dauge ; par ses Lage, Cros, Vilatte, Villard, Breuil ; par ses Cessac, Vitrat, Tarsat, Azat, Poulignat, Naillat, Sagnat d&#8217;empreinte gallo-romaine. Qui a des liens pr\u00e9historiques avec le monde m\u00e9diterran\u00e9en par ses Chanteloube ou Coculet. Qui sait cr\u00e9er son originalit\u00e9 : o\u00f9 les puys sont devenus des peux ; les talhadis, des talhedis ; o\u00f9 Colondannes r\u00e9pond \u00e0 Collonges-la-Rouge ; o\u00f9 Creuse, Br\u00e9zentine et S\u00e9delle savent inspirer les artistes. Tous ces messages, qui ont leur sens, lui sont bien inh\u00e9rents. Ils expriment la m\u00e9moire et l&#8217;attachement indispensable au pr\u00e9sent.<\/p>\n<p>Complement de titre : La Celle-Dunoise, La Chapelle-Baloue, Colondannes, Crozant, Dun-le-Palestel, Fresselines, Lafat, Maison-Feyne, Naillat, Sagnat, Saint-S\u00e9bastien, Saint-Sulpice-le-Dunois, Villard<br \/>Autor : Lavalade, Yves<br \/>Linga : Franc\u00e9s<br \/>Parucion : 11\/2015<br \/>Editor : L&#8217;Esperluette<br \/>Nb de pajas : 138<br \/>Format : 15 x 21 cm<br \/>P\u00e9s : 204 g<br \/>EAN 13 : 979-10-90784-47-5<br \/><\/span><\/p>\n","protected":false},"excerpt":{"rendered":"<p>Que serait une terre sans ses hommes et sans les noms qui la d\u00e9finissent ? Sans la consonance de ses villes, de ses bourgs, de ses villages, de ses cours d&#8217;eau. Que seraient la Creuse, la Marche et ce fameux Croissant, interm\u00e9diaire entre Pays d&#8217;oc et Pays d&#8217;o\u00efl, s&#8217;ils ne poss\u00e9daient pas tous ces niveaux [&hellip;]<\/p>\n","protected":false},"featured_media":0,"template":"","meta":{"_acf_changed":false,"_genesis_hide_title":false,"_genesis_hide_breadcrumbs":false,"_genesis_hide_singular_image":false,"_genesis_hide_footer_widgets":false,"_genesis_custom_body_class":"","_genesis_custom_post_class":"","_genesis_layout":""},"product_brand":[],"product_cat":[7132,7148,7174,16135,7162],"product_tag":[],"class_list":["post-24246","product","type-product","status-publish","product_cat-books","product_cat-history-geography-en","product_cat-literature-en","product_cat-non-classe-en","product_cat-place-names-peoples-names-en","pa_auteur-lavalada-ives-en","pa_auteurs-lavalade-yves","pa_editeur-lesperluette-en","pa_langue-francais-en","entry","has-post-thumbnail","first","outofstock","purchasable","product-type-simple"],"acf":[],"_links":{"self":[{"href":"https:\/\/www.libraria-occitana.org\/en\/wp-json\/wp\/v2\/product\/24246","targetHints":{"allow":["GET"]}}],"collection":[{"href":"https:\/\/www.libraria-occitana.org\/en\/wp-json\/wp\/v2\/product"}],"about":[{"href":"https:\/\/www.libraria-occitana.org\/en\/wp-json\/wp\/v2\/types\/product"}],"wp:attachment":[{"href":"https:\/\/www.libraria-occitana.org\/en\/wp-json\/wp\/v2\/media?parent=24246"}],"wp:term":[{"taxonomy":"product_brand","embeddable":true,"href":"https:\/\/www.libraria-occitana.org\/en\/wp-json\/wp\/v2\/product_brand?post=24246"},{"taxonomy":"product_cat","embeddable":true,"href":"https:\/\/www.libraria-occitana.org\/en\/wp-json\/wp\/v2\/product_cat?post=24246"},{"taxonomy":"product_tag","embeddable":true,"href":"https:\/\/www.libraria-occitana.org\/en\/wp-json\/wp\/v2\/product_tag?post=24246"}],"curies":[{"name":"wp","href":"https:\/\/api.w.org\/{rel}","templated":true}]}}

<p style="margin:0;"><span style="font-family:'Times New Roman';font-size:12pt;">Que serait une terre sans ses hommes et sans les noms qui la définissent ? Sans la consonance de ses villes, de ses bourgs, de ses villages, de ses cours d&#8217;eau. Que seraient la Creuse, la Marche et ce fameux Croissant, intermédiaire entre Pays d&#8217;oc et Pays d&#8217;oïl, s&#8217;ils ne possédaient pas tous ces niveaux d&#8217;identité qui marquent leur histoire et jalonnent leur vie ?<br />Les noms de lieux du Pays de Dun conservent ces images patrimoniales et incontournables ; de plus en plus fragilisées, de plus en plus précieuses. Ce Pays est dans la continuité limousine par ses Réjade, Monteil, Rivaud, Sagne, Couture, Dauge ; par ses Lage, Cros, Vilatte, Villard, Breuil ; par ses Cessac, Vitrat, Tarsat, Azat, Poulignat, Naillat, Sagnat d&#8217;empreinte gallo-romaine. Qui a des liens préhistoriques avec le monde méditerranéen par ses Chanteloube ou Coculet. Qui sait créer son originalité : où les puys sont devenus des peux ; les talhadis, des talhedis ; où Colondannes répond à Collonges-la-Rouge ; où Creuse, Brézentine et Sédelle savent inspirer les artistes. Tous ces messages, qui ont leur sens, lui sont bien inhérents. Ils expriment la mémoire et l&#8217;attachement indispensable au présent.</p>
<p>Complement de titre : La Celle-Dunoise, La Chapelle-Baloue, Colondannes, Crozant, Dun-le-Palestel, Fresselines, Lafat, Maison-Feyne, Naillat, Sagnat, Saint-Sébastien, Saint-Sulpice-le-Dunois, Villard<br />Autor : Lavalade, Yves<br />Linga : Francés<br />Parucion : 11/2015<br />Editor : L&#8217;Esperluette<br />Nb de pajas : 138<br />Format : 15 x 21 cm<br />Pés : 204 g<br />EAN 13 : 979-10-90784-47-5<br /></span></p>

<p>Que serait une terre sans ses hommes et sans les noms qui la définissent ? Sans la consonance de ses villes, de ses bourgs, de ses villages, de ses cours d&#8217;eau. Que seraient la Creuse, la Marche et ce fameux Croissant, intermédiaire entre Pays d&#8217;oc et Pays d&#8217;oïl, s&#8217;ils ne possédaient pas tous ces niveaux [&hellip;]</p>
