{"id":24252,"date":"2015-11-01T15:37:50","date_gmt":"2015-11-01T14:37:50","guid":{"rendered":"http:\/\/www.libraria-occitana.org\/all-products\/de-cuu-au-vent?lang=en"},"modified":"2025-03-09T00:26:13","modified_gmt":"2025-03-08T23:26:13","slug":"de-cuu-au-vent","status":"publish","type":"product","link":"https:\/\/www.libraria-occitana.org\/en\/product\/de-cuu-au-vent\/","title":{"rendered":"De cuu au vent"},"content":{"rendered":"<p>Nadau r\u00e9\u00e9dite en CD un de ses premiers enregistrements.<\/p>\n<p><strong>Titres :<\/strong><br \/>\n1. Retjon&#8217;s 3&#8217;30&#8221;<br \/>\n2. La mar 3&#8217;50&#8221;<br \/>\n3. Aur\u00f2st t\u00e0 Joan Petit 5&#8217;15&#8221;<br \/>\n4. Fran\u00e7o\u00e8s 4&#8217;55&#8221;<br \/>\n5. Malur\u00f3s qu&#8217;ei l&#8217;amor\u00f3s 6&#8217;55&#8221;<br \/>\n6. Lo blues de Cuqueron 5&#8217;55&#8221;<br \/>\n7. Non\u00f2 5&#8217;20&#8221;<br \/>\n8. Sent Joan 3&#8217;30&#8221;<br \/>\n9. Lo batant 4&#8217;45&#8221;<br \/>\n10. Petita lana 3&#8217;25&#8221;<\/p>\n","protected":false},"excerpt":{"rendered":"<p>Nadau r\u00e9\u00e9dite en CD un de ses premiers enregistrements. Titres : 1. Retjon&#8217;s 3&#8217;30&#8221; 2. La mar 3&#8217;50&#8221; 3. Aur\u00f2st t\u00e0 Joan Petit 5&#8217;15&#8221; 4. Fran\u00e7o\u00e8s 4&#8217;55&#8221; 5. Malur\u00f3s qu&#8217;ei l&#8217;amor\u00f3s 6&#8217;55&#8221; 6. Lo blues de Cuqueron 5&#8217;55&#8221; 7. Non\u00f2 5&#8217;20&#8221; 8. Sent Joan 3&#8217;30&#8221; 9. Lo batant 4&#8217;45&#8221; 10. Petita lana 3&#8217;25&#8221;<\/p>\n","protected":false},"featured_media":17502,"template":"","meta":{"_acf_changed":false,"_genesis_hide_title":false,"_genesis_hide_breadcrumbs":false,"_genesis_hide_singular_image":false,"_genesis_hide_footer_widgets":false,"_genesis_custom_body_class":"","_genesis_custom_post_class":"","_genesis_layout":""},"product_brand":[],"product_cat":[7216,7218],"product_tag":[],"class_list":{"0":"post-24252","1":"product","2":"type-product","3":"status-publish","4":"has-post-thumbnail","6":"product_cat-music-en","7":"product_cat-voice-en","8":"pa_auteur-nadau-en","9":"pa_editeur-los-de-nadau-en","10":"pa_langue-occitan-en","11":"pa_langue-occitan-gascon-en","12":"entry","14":"first","15":"outofstock","16":"shipping-taxable","17":"purchasable","18":"product-type-simple"},"acf":[],"_links":{"self":[{"href":"https:\/\/www.libraria-occitana.org\/en\/wp-json\/wp\/v2\/product\/24252","targetHints":{"allow":["GET"]}}],"collection":[{"href":"https:\/\/www.libraria-occitana.org\/en\/wp-json\/wp\/v2\/product"}],"about":[{"href":"https:\/\/www.libraria-occitana.org\/en\/wp-json\/wp\/v2\/types\/product"}],"wp:featuredmedia":[{"embeddable":true,"href":"https:\/\/www.libraria-occitana.org\/en\/wp-json\/wp\/v2\/media\/17502"}],"wp:attachment":[{"href":"https:\/\/www.libraria-occitana.org\/en\/wp-json\/wp\/v2\/media?parent=24252"}],"wp:term":[{"taxonomy":"product_brand","embeddable":true,"href":"https:\/\/www.libraria-occitana.org\/en\/wp-json\/wp\/v2\/product_brand?post=24252"},{"taxonomy":"product_cat","embeddable":true,"href":"https:\/\/www.libraria-occitana.org\/en\/wp-json\/wp\/v2\/product_cat?post=24252"},{"taxonomy":"product_tag","embeddable":true,"href":"https:\/\/www.libraria-occitana.org\/en\/wp-json\/wp\/v2\/product_tag?post=24252"}],"curies":[{"name":"wp","href":"https:\/\/api.w.org\/{rel}","templated":true}]}}

<p>Nadau réédite en CD un de ses premiers enregistrements.</p>
<p><strong>Titres :</strong><br />
1. Retjon&#8217;s 3&#8217;30&#8221;<br />
2. La mar 3&#8217;50&#8221;<br />
3. Auròst tà Joan Petit 5&#8217;15&#8221;<br />
4. Françoès 4&#8217;55&#8221;<br />
5. Malurós qu&#8217;ei l&#8217;amorós 6&#8217;55&#8221;<br />
6. Lo blues de Cuqueron 5&#8217;55&#8221;<br />
7. Nonò 5&#8217;20&#8221;<br />
8. Sent Joan 3&#8217;30&#8221;<br />
9. Lo batant 4&#8217;45&#8221;<br />
10. Petita lana 3&#8217;25&#8221;</p>

<p>Nadau réédite en CD un de ses premiers enregistrements. Titres : 1. Retjon&#8217;s 3&#8217;30&#8221; 2. La mar 3&#8217;50&#8221; 3. Auròst tà Joan Petit 5&#8217;15&#8221; 4. Françoès 4&#8217;55&#8221; 5. Malurós qu&#8217;ei l&#8217;amorós 6&#8217;55&#8221; 6. Lo blues de Cuqueron 5&#8217;55&#8221; 7. Nonò 5&#8217;20&#8221; 8. Sent Joan 3&#8217;30&#8221; 9. Lo batant 4&#8217;45&#8221; 10. Petita lana 3&#8217;25&#8221;</p>
