{"id":24296,"date":"2026-08-31T17:39:29","date_gmt":"2026-08-31T15:39:29","guid":{"rendered":"http:\/\/www.libraria-occitana.org\/all-products\/toponymie-en-bas-berry-pays-deguzon-et-marche-occitane?lang=en"},"modified":"2026-08-31T17:40:10","modified_gmt":"2026-08-31T15:40:10","slug":"toponymie-en-bas-berry-pays-deguzon-et-marche-occitane","status":"publish","type":"product","link":"https:\/\/www.libraria-occitana.org\/en\/product\/toponymie-en-bas-berry-pays-deguzon-et-marche-occitane\/","title":{"rendered":"TOPONYMIE EN BAS-BERRY : PAYS D&#8217;\u00c9GUZON ET MARCHE OCCITANE"},"content":{"rendered":"<p style=\"margin:0;\"><span style=\"font-family:'Times New Roman';font-size:12pt;\">Les noms de lieux sont depuis des si\u00e8cles les assises d&#8217;un territoire. Et c&#8217;est sans doute la premi\u00e8re fois que sur cette terre de contact, \u00e0 l&#8217;intersection du Poitou, du Berry et du Limousin, le regard se porte avec autant d&#8217;acuit\u00e9, de s\u00e9rieux, et de d\u00e9tail sur les toponymes qui le jalonnent. Un long catalogue est dress\u00e9, analys\u00e9, r\u00e9pertori\u00e9, qui r\u00e9v\u00e8le des attaches profondes et immuables ; une parent\u00e9 entre 14 communes ; des espaces qui se dessinent, extr\u00eamement parlants. Un &#8220;Croissant&#8221; qui a si longtemps intrigu\u00e9 ; une affaire qui semblait r\u00e9serv\u00e9e \u00e0 des sp\u00e9cialistes, suscitant d&#8217;interminables d\u00e9bats sur son unit\u00e9, son rang ou son identit\u00e9, sa langue. Il y a bien une dominante dans cet espace ; que nous d\u00e9voile la multiplicit\u00e9 des donn\u00e9es. Il est passionnant de les d\u00e9couvrir une \u00e0 une, de les comparer, de les assembler pour composer le bouquet devenu familier de cette terre \u00e0 la crois\u00e9e des influences d&#8217;oc et d&#8217;o\u00efl.<\/p>\n<p>Complement de titre : Baraize, Bazaiges, Cuzion, \u00c9guzon-Chant\u00f4me, Gargilesse-Dampierre, Pommiers, La Ch\u00e2tre-l&#8217;Anglin, Chazelet, Mouhet, Parnac, Saint-Beno\u00eet-du-Sault, Saint-Civran, Saint-Gilles, Vigoux<br \/>Autor : Lavalade, Yves<br \/>Linga : Franc\u00e9s<br \/>Parucion : 02\/2016<br \/>Editor : L&#8217;Esperluette<br \/>Nb de pajas : 136<br \/>Format : 15 x 21 cm<br \/>P\u00e9s : 198 g<br \/>EAN 13 : 9791090784505<\/span><\/p>\n","protected":false},"excerpt":{"rendered":"<p>Les noms de lieux sont depuis des si\u00e8cles les assises d&#8217;un territoire. Et c&#8217;est sans doute la premi\u00e8re fois que sur cette terre de contact, \u00e0 l&#8217;intersection du Poitou, du Berry et du Limousin, le regard se porte avec autant d&#8217;acuit\u00e9, de s\u00e9rieux, et de d\u00e9tail sur les toponymes qui le jalonnent. Un long catalogue [&hellip;]<\/p>\n","protected":false},"featured_media":0,"template":"","meta":{"_acf_changed":false,"_genesis_hide_title":false,"_genesis_hide_breadcrumbs":false,"_genesis_hide_singular_image":false,"_genesis_hide_footer_widgets":false,"_genesis_custom_body_class":"","_genesis_custom_post_class":"","_genesis_layout":""},"product_brand":[],"product_cat":[7132,7148,16135,7162],"product_tag":[],"class_list":["post-24296","product","type-product","status-publish","product_cat-books","product_cat-history-geography-en","product_cat-non-classe-en","product_cat-place-names-peoples-names-en","pa_auteur-lavalada-ives-en","pa_auteurs-lavalade-yves","pa_editeur-lesperluette-en","pa_langue-francais-en","entry","has-post-thumbnail","first","outofstock","purchasable","product-type-simple"],"acf":[],"_links":{"self":[{"href":"https:\/\/www.libraria-occitana.org\/en\/wp-json\/wp\/v2\/product\/24296","targetHints":{"allow":["GET"]}}],"collection":[{"href":"https:\/\/www.libraria-occitana.org\/en\/wp-json\/wp\/v2\/product"}],"about":[{"href":"https:\/\/www.libraria-occitana.org\/en\/wp-json\/wp\/v2\/types\/product"}],"wp:attachment":[{"href":"https:\/\/www.libraria-occitana.org\/en\/wp-json\/wp\/v2\/media?parent=24296"}],"wp:term":[{"taxonomy":"product_brand","embeddable":true,"href":"https:\/\/www.libraria-occitana.org\/en\/wp-json\/wp\/v2\/product_brand?post=24296"},{"taxonomy":"product_cat","embeddable":true,"href":"https:\/\/www.libraria-occitana.org\/en\/wp-json\/wp\/v2\/product_cat?post=24296"},{"taxonomy":"product_tag","embeddable":true,"href":"https:\/\/www.libraria-occitana.org\/en\/wp-json\/wp\/v2\/product_tag?post=24296"}],"curies":[{"name":"wp","href":"https:\/\/api.w.org\/{rel}","templated":true}]}}

TOPONYMIE EN BAS-BERRY : PAYS D&#8217;ÉGUZON ET MARCHE OCCITANE

<p style="margin:0;"><span style="font-family:'Times New Roman';font-size:12pt;">Les noms de lieux sont depuis des siècles les assises d&#8217;un territoire. Et c&#8217;est sans doute la première fois que sur cette terre de contact, à l&#8217;intersection du Poitou, du Berry et du Limousin, le regard se porte avec autant d&#8217;acuité, de sérieux, et de détail sur les toponymes qui le jalonnent. Un long catalogue est dressé, analysé, répertorié, qui révèle des attaches profondes et immuables ; une parenté entre 14 communes ; des espaces qui se dessinent, extrêmement parlants. Un &#8220;Croissant&#8221; qui a si longtemps intrigué ; une affaire qui semblait réservée à des spécialistes, suscitant d&#8217;interminables débats sur son unité, son rang ou son identité, sa langue. Il y a bien une dominante dans cet espace ; que nous dévoile la multiplicité des données. Il est passionnant de les découvrir une à une, de les comparer, de les assembler pour composer le bouquet devenu familier de cette terre à la croisée des influences d&#8217;oc et d&#8217;oïl.</p>
<p>Complement de titre : Baraize, Bazaiges, Cuzion, Éguzon-Chantôme, Gargilesse-Dampierre, Pommiers, La Châtre-l&#8217;Anglin, Chazelet, Mouhet, Parnac, Saint-Benoît-du-Sault, Saint-Civran, Saint-Gilles, Vigoux<br />Autor : Lavalade, Yves<br />Linga : Francés<br />Parucion : 02/2016<br />Editor : L&#8217;Esperluette<br />Nb de pajas : 136<br />Format : 15 x 21 cm<br />Pés : 198 g<br />EAN 13 : 9791090784505</span></p>

<p>Les noms de lieux sont depuis des siècles les assises d&#8217;un territoire. Et c&#8217;est sans doute la première fois que sur cette terre de contact, à l&#8217;intersection du Poitou, du Berry et du Limousin, le regard se porte avec autant d&#8217;acuité, de sérieux, et de détail sur les toponymes qui le jalonnent. Un long catalogue [&hellip;]</p>
