{"id":27931,"date":"2011-11-01T14:20:04","date_gmt":"2011-11-01T13:20:04","guid":{"rendered":"http:\/\/www.libraria-occitana.org\/all-products\/al-fial-del-temps-vira-lo-vent-au-fil-du-temps-vire-le-vent-libre-cd?lang=en"},"modified":"2026-04-26T00:37:01","modified_gmt":"2026-04-25T22:37:01","slug":"al-fial-del-temps-vira-lo-vent-au-fil-du-temps-vire-le-vent-libre-cd","status":"publish","type":"product","link":"https:\/\/www.libraria-occitana.org\/en\/product\/al-fial-del-temps-vira-lo-vent-au-fil-du-temps-vire-le-vent-libre-cd\/","title":{"rendered":"Al fial del temps vira lo vent&#8230; &#8211; Au fil du temps vire le vent&#8230; (libre + CD)"},"content":{"rendered":"<p>Jean racine n&#8217;\u00e9tait pas un descendant de l&#8217;auteur d&#8217;<em>Andromaque<\/em> et de <em>Ph\u00e8dre<\/em>.<br \/>\nQuelques si\u00e8cles les s\u00e9paraient et ils n&#8217;avaient aucun point commun : le mien, lui, n&#8217;\u00e9tait qu&#8217;un pauvre mendiant.<br \/>\nOn l&#8217;appelait ainsi parce que, quand il avait fait trois ou quatre pas en avant, il en faisait un ou deux en arri\u00e8re. Ainsi, para\u00eet-il, se font les progr\u00e8s : toute une philosophie, une dialectique, dont il n&#8217;avait jamais entendu parler&#8230;<\/p>\n<p>Du XVIIIe si\u00e8cle \u00e0 nos jours, trente contes o\u00f9 la culture classique s&#8217;allie \u00e0 la connaissance intime de la culture populaire, des paysages et de la nature, aux souvenirs d&#8217;enfance&#8230; Dr\u00f4lerie ou sagesse, finesse de l&#8217;observation, jeux de mots et de rythmes : un recueil vari\u00e9, qui n&#8217;engendre pas la m\u00e9lancolie.<\/p>\n","protected":false},"excerpt":{"rendered":"<p>Jean racine n&#8217;\u00e9tait pas un descendant de l&#8217;auteur d&#8217;Andromaque et de Ph\u00e8dre. Quelques si\u00e8cles les s\u00e9paraient et ils n&#8217;avaient aucun point commun : le mien, lui, n&#8217;\u00e9tait qu&#8217;un pauvre mendiant. On l&#8217;appelait ainsi parce que, quand il avait fait trois ou quatre pas en avant, il en faisait un ou deux en arri\u00e8re. Ainsi, para\u00eet-il, [&hellip;]<\/p>\n","protected":false},"featured_media":36353,"template":"","meta":{"_acf_changed":false,"_genesis_hide_title":false,"_genesis_hide_breadcrumbs":false,"_genesis_hide_singular_image":false,"_genesis_hide_footer_widgets":false,"_genesis_custom_body_class":"","_genesis_custom_post_class":"","_genesis_layout":""},"product_brand":[],"product_cat":[7132,7174,7176],"product_tag":[],"class_list":{"0":"post-27931","1":"product","2":"type-product","3":"status-publish","4":"has-post-thumbnail","6":"product_cat-books","7":"product_cat-literature-en","8":"product_cat-tales-fables-en","9":"pa_auteur-mauri-jorgi-maurici-en","10":"pa_editeur-lostal-del-libre-en","11":"pa_illustrateur-sarre-jorgi-en","12":"pa_langue-occitan-lengadocian-en","13":"pa_langue-occitan-francais-en","14":"entry","16":"first","17":"instock","18":"shipping-taxable","19":"purchasable","20":"product-type-simple"},"acf":[],"_links":{"self":[{"href":"https:\/\/www.libraria-occitana.org\/en\/wp-json\/wp\/v2\/product\/27931","targetHints":{"allow":["GET"]}}],"collection":[{"href":"https:\/\/www.libraria-occitana.org\/en\/wp-json\/wp\/v2\/product"}],"about":[{"href":"https:\/\/www.libraria-occitana.org\/en\/wp-json\/wp\/v2\/types\/product"}],"wp:featuredmedia":[{"embeddable":true,"href":"https:\/\/www.libraria-occitana.org\/en\/wp-json\/wp\/v2\/media\/36353"}],"wp:attachment":[{"href":"https:\/\/www.libraria-occitana.org\/en\/wp-json\/wp\/v2\/media?parent=27931"}],"wp:term":[{"taxonomy":"product_brand","embeddable":true,"href":"https:\/\/www.libraria-occitana.org\/en\/wp-json\/wp\/v2\/product_brand?post=27931"},{"taxonomy":"product_cat","embeddable":true,"href":"https:\/\/www.libraria-occitana.org\/en\/wp-json\/wp\/v2\/product_cat?post=27931"},{"taxonomy":"product_tag","embeddable":true,"href":"https:\/\/www.libraria-occitana.org\/en\/wp-json\/wp\/v2\/product_tag?post=27931"}],"curies":[{"name":"wp","href":"https:\/\/api.w.org\/{rel}","templated":true}]}}

<p>Jean racine n&#8217;était pas un descendant de l&#8217;auteur d&#8217;<em>Andromaque</em> et de <em>Phèdre</em>.<br />
Quelques siècles les séparaient et ils n&#8217;avaient aucun point commun : le mien, lui, n&#8217;était qu&#8217;un pauvre mendiant.<br />
On l&#8217;appelait ainsi parce que, quand il avait fait trois ou quatre pas en avant, il en faisait un ou deux en arrière. Ainsi, paraît-il, se font les progrès : toute une philosophie, une dialectique, dont il n&#8217;avait jamais entendu parler&#8230;</p>
<p>Du XVIIIe siècle à nos jours, trente contes où la culture classique s&#8217;allie à la connaissance intime de la culture populaire, des paysages et de la nature, aux souvenirs d&#8217;enfance&#8230; Drôlerie ou sagesse, finesse de l&#8217;observation, jeux de mots et de rythmes : un recueil varié, qui n&#8217;engendre pas la mélancolie.</p>

<p>Jean racine n&#8217;était pas un descendant de l&#8217;auteur d&#8217;Andromaque et de Phèdre. Quelques siècles les séparaient et ils n&#8217;avaient aucun point commun : le mien, lui, n&#8217;était qu&#8217;un pauvre mendiant. On l&#8217;appelait ainsi parce que, quand il avait fait trois ou quatre pas en avant, il en faisait un ou deux en arrière. Ainsi, paraît-il, [&hellip;]</p>
