{"id":28666,"date":"2026-08-31T17:39:29","date_gmt":"2026-08-31T15:39:29","guid":{"rendered":"http:\/\/www.libraria-occitana.org\/all-products\/les-noms-de-lieux-du-pays-de-meymac-correze?lang=en"},"modified":"2026-08-31T17:40:15","modified_gmt":"2026-08-31T15:40:15","slug":"les-noms-de-lieux-du-pays-de-meymac-correze","status":"publish","type":"product","link":"https:\/\/www.libraria-occitana.org\/en\/product\/les-noms-de-lieux-du-pays-de-meymac-correze\/","title":{"rendered":"LES NOMS DE LIEUX DU PAYS DE MEYMAC (CORREZE)"},"content":{"rendered":"<p style=\"margin:0;\"><span style=\"font-family:'Times New Roman';font-size:12pt;\">Les noms de lieux termin\u00e9s par -ac sont g\u00e9n\u00e9ralement d&#8217;origine gallo-romaine, ont nomm\u00e9 des propri\u00e9t\u00e9s rurales importantes qui sont devenues des paroisses ; par la suite des communes. Il y a Davignac, Maussac, Meymac ainsi qu&#8217;Alleyrat, Ambrugeat <wbr>(d&#8217;anciens -ac). Chaque &#8220;Pays&#8221;, dans ses toponymes <wbr>(villages ou noms parcellaires des Cadastres) a son lot commun avec l&#8217;ensemble limousin ; m\u00eame si leur prononciation peut faiblement varier sur le terrain.<br \/>Les Le Massoubre, La Vedrenne, La Veyssi\u00e8re, La Mongie, Le Jassoneix, La Virole ont une personnalit\u00e9 occitane partag\u00e9e. D&#8217;autres, comme Loussine, Minchamp, Combressol, Les Eylaux, Chamat ou l&#8217;original Thaphaleschat intriguent le passant, le touriste ou le simple habitant ; qui attendent une r\u00e9ponse \u00e0 leur questionnement.<br \/>C&#8217;est \u00e0 cela que s&#8217;attache cet ouvrage, pi\u00e8ce suppl\u00e9mentaire et indispensable dans le puzzle limousin ; \u00e9labor\u00e9e \u00e0 partir d&#8217;enqu\u00eates de terrain. On ne peut \u00eatre plus fid\u00e8le et plus vrai.<\/p>\n<p>Complement de titre : Alleyrat, Ambrugeat, Combressol, Darnets, Davignac, Maussac, Meymac, P\u00e9ret-Bel-Air, Saint-Sulpice-les-Bois, Soudeilles<br \/>Autor : Lavalade, Yves<br \/>Linga : Franc\u00e9s<br \/>Parucion : 07\/2016<br \/>Editor : L&#8217;Esperluette<br \/>Nb de pajas : 131<br \/>Format : 15 x 21 cm<br \/>P\u00e9s : 192 g<br \/>EAN 13 : 9791090784529<\/span><\/p>\n","protected":false},"excerpt":{"rendered":"<p>Les noms de lieux termin\u00e9s par -ac sont g\u00e9n\u00e9ralement d&#8217;origine gallo-romaine, ont nomm\u00e9 des propri\u00e9t\u00e9s rurales importantes qui sont devenues des paroisses ; par la suite des communes. Il y a Davignac, Maussac, Meymac ainsi qu&#8217;Alleyrat, Ambrugeat (d&#8217;anciens -ac). Chaque &#8220;Pays&#8221;, dans ses toponymes (villages ou noms parcellaires des Cadastres) a son lot commun avec [&hellip;]<\/p>\n","protected":false},"featured_media":0,"template":"","meta":{"_acf_changed":false,"_genesis_hide_title":false,"_genesis_hide_breadcrumbs":false,"_genesis_hide_singular_image":false,"_genesis_hide_footer_widgets":false,"_genesis_custom_body_class":"","_genesis_custom_post_class":"","_genesis_layout":""},"product_brand":[],"product_cat":[7132,7148,16135,7162],"product_tag":[],"class_list":["post-28666","product","type-product","status-publish","product_cat-books","product_cat-history-geography-en","product_cat-non-classe-en","product_cat-place-names-peoples-names-en","pa_auteur-lavalada-ives-en","pa_auteurs-lavalade-yves","pa_editeur-lesperluette-en","pa_langue-francais-en","entry","has-post-thumbnail","first","outofstock","purchasable","product-type-simple"],"acf":[],"_links":{"self":[{"href":"https:\/\/www.libraria-occitana.org\/en\/wp-json\/wp\/v2\/product\/28666","targetHints":{"allow":["GET"]}}],"collection":[{"href":"https:\/\/www.libraria-occitana.org\/en\/wp-json\/wp\/v2\/product"}],"about":[{"href":"https:\/\/www.libraria-occitana.org\/en\/wp-json\/wp\/v2\/types\/product"}],"wp:attachment":[{"href":"https:\/\/www.libraria-occitana.org\/en\/wp-json\/wp\/v2\/media?parent=28666"}],"wp:term":[{"taxonomy":"product_brand","embeddable":true,"href":"https:\/\/www.libraria-occitana.org\/en\/wp-json\/wp\/v2\/product_brand?post=28666"},{"taxonomy":"product_cat","embeddable":true,"href":"https:\/\/www.libraria-occitana.org\/en\/wp-json\/wp\/v2\/product_cat?post=28666"},{"taxonomy":"product_tag","embeddable":true,"href":"https:\/\/www.libraria-occitana.org\/en\/wp-json\/wp\/v2\/product_tag?post=28666"}],"curies":[{"name":"wp","href":"https:\/\/api.w.org\/{rel}","templated":true}]}}

<p style="margin:0;"><span style="font-family:'Times New Roman';font-size:12pt;">Les noms de lieux terminés par -ac sont généralement d&#8217;origine gallo-romaine, ont nommé des propriétés rurales importantes qui sont devenues des paroisses ; par la suite des communes. Il y a Davignac, Maussac, Meymac ainsi qu&#8217;Alleyrat, Ambrugeat <wbr>(d&#8217;anciens -ac). Chaque &#8220;Pays&#8221;, dans ses toponymes <wbr>(villages ou noms parcellaires des Cadastres) a son lot commun avec l&#8217;ensemble limousin ; même si leur prononciation peut faiblement varier sur le terrain.<br />Les Le Massoubre, La Vedrenne, La Veyssière, La Mongie, Le Jassoneix, La Virole ont une personnalité occitane partagée. D&#8217;autres, comme Loussine, Minchamp, Combressol, Les Eylaux, Chamat ou l&#8217;original Thaphaleschat intriguent le passant, le touriste ou le simple habitant ; qui attendent une réponse à leur questionnement.<br />C&#8217;est à cela que s&#8217;attache cet ouvrage, pièce supplémentaire et indispensable dans le puzzle limousin ; élaborée à partir d&#8217;enquêtes de terrain. On ne peut être plus fidèle et plus vrai.</p>
<p>Complement de titre : Alleyrat, Ambrugeat, Combressol, Darnets, Davignac, Maussac, Meymac, Péret-Bel-Air, Saint-Sulpice-les-Bois, Soudeilles<br />Autor : Lavalade, Yves<br />Linga : Francés<br />Parucion : 07/2016<br />Editor : L&#8217;Esperluette<br />Nb de pajas : 131<br />Format : 15 x 21 cm<br />Pés : 192 g<br />EAN 13 : 9791090784529</span></p>

<p>Les noms de lieux terminés par -ac sont généralement d&#8217;origine gallo-romaine, ont nommé des propriétés rurales importantes qui sont devenues des paroisses ; par la suite des communes. Il y a Davignac, Maussac, Meymac ainsi qu&#8217;Alleyrat, Ambrugeat (d&#8217;anciens -ac). Chaque &#8220;Pays&#8221;, dans ses toponymes (villages ou noms parcellaires des Cadastres) a son lot commun avec [&hellip;]</p>
