{"id":28712,"date":"2010-06-12T10:34:12","date_gmt":"2010-06-12T09:34:12","guid":{"rendered":"http:\/\/www.libraria-occitana.org\/all-products\/contes-de-gasconha-prumera-garba-contes-epics?lang=en"},"modified":"2026-04-29T10:48:46","modified_gmt":"2026-04-29T08:48:46","slug":"contes-de-gasconha-prumera-garba-contes-epics","status":"publish","type":"product","link":"https:\/\/www.libraria-occitana.org\/en\/product\/contes-de-gasconha-prumera-garba-contes-epics\/","title":{"rendered":"Contes de Gasconha Prum\u00e8ra garba (Contes epics)"},"content":{"rendered":"<p>Nouvelle \u00e9dition corrig\u00e9e.<\/p>\n<p>Jean-Fran\u00e7ois Blad\u00e8r (1827-1900) de Lectoure, o\u00f9 il fut longtemps juge de paix, s&#8217;adonna a la collecte du tr\u00e9sor folklorique gascon. Mais il d\u00e9passe les autres collecteurs de son temps. Il ne fait pas de doute que ses sources soient authentiques, et il s&#8217;en explique. Mais il est s\u00fbr \u00e9galement qu&#8217;il a fondu, dramatis\u00e9, patin\u00e9 de son art de la prose les contes populaires. Ce Nodier, ce Grimm de la Gascogne est un grand \u00e9crivain qui rend hommage au g\u00e9nie populaire \u00e0 s&#8217;incorporant \u00e0 lui. Les contes qu&#8217;il d\u00e9signe comme \u00ab \u00e9piques \u00bb sont des chefs-d&#8217;\u0153uvres incontest\u00e9s, classiques de la litt\u00e9rature d&#8217;oc au m\u00eame titre que les \u0153uvres d&#8217;auteurs les plus \u00e9blouissantes. Aucun lecteur n&#8217;\u00e9chappe \u00e0 la magie de ces \u00e9nonciations simples : <em>jo sabi un conte, lo conte de la mar que canta, de la poma que dan\u00e7a, e de l\u2019auseron que ditz tot<\/em>, \u00e0 la s\u00fbret\u00e9 d&#8217;une composition \u00e9minemment dramatique, \u00e0 l&#8217;envo\u00fbtement de cette Gascogne illimit\u00e9e par des chemins fantastiques, \u00e0 la gravit\u00e9 poignante des destins humains que le r\u00e9cit encha\u00eene.<\/p>\n<p style=\"text-align: right;\">R. Lafont, C. Anatole, <em>Nouvelle histoire de la litt\u00e9rature occitane<\/em>, PUF, Paris, 1971.<\/p>\n<p><em><a href=\"http:\/\/www.libraria-occitana.org\/produit\/contes-de-gasconha-segonda-garba\/\">Contes de Gasconha Segonda garba<\/a><\/em><br \/>\n<em><a href=\"http:\/\/www.libraria-occitana.org\/produit\/contes-de-gasconha-darrera-garba\/\">Contes de Gasconha Darr\u00e8ra garba<\/a><\/em><\/p>\n","protected":false},"excerpt":{"rendered":"<p>Nouvelle \u00e9dition corrig\u00e9e. Jean-Fran\u00e7ois Blad\u00e8r (1827-1900) de Lectoure, o\u00f9 il fut longtemps juge de paix, s&#8217;adonna a la collecte du tr\u00e9sor folklorique gascon. Mais il d\u00e9passe les autres collecteurs de son temps. Il ne fait pas de doute que ses sources soient authentiques, et il s&#8217;en explique. Mais il est s\u00fbr \u00e9galement qu&#8217;il a fondu, [&hellip;]<\/p>\n","protected":false},"featured_media":28710,"template":"","meta":{"_acf_changed":false,"_genesis_hide_title":false,"_genesis_hide_breadcrumbs":false,"_genesis_hide_singular_image":false,"_genesis_hide_footer_widgets":false,"_genesis_custom_body_class":"","_genesis_custom_post_class":"","_genesis_layout":""},"product_brand":[],"product_cat":[7132,7174,7176],"product_tag":[],"class_list":{"0":"post-28712","1":"product","2":"type-product","3":"status-publish","4":"has-post-thumbnail","6":"product_cat-books","7":"product_cat-literature-en","8":"product_cat-tales-fables-en","9":"pa_auteur-blader-joan-frances-en","10":"pa_editeur-per-noste-en","11":"pa_langue-occitan-en","12":"pa_langue-occitan-gascon-en","13":"entry","15":"first","16":"instock","17":"shipping-taxable","18":"purchasable","19":"product-type-simple"},"acf":[],"_links":{"self":[{"href":"https:\/\/www.libraria-occitana.org\/en\/wp-json\/wp\/v2\/product\/28712","targetHints":{"allow":["GET"]}}],"collection":[{"href":"https:\/\/www.libraria-occitana.org\/en\/wp-json\/wp\/v2\/product"}],"about":[{"href":"https:\/\/www.libraria-occitana.org\/en\/wp-json\/wp\/v2\/types\/product"}],"wp:featuredmedia":[{"embeddable":true,"href":"https:\/\/www.libraria-occitana.org\/en\/wp-json\/wp\/v2\/media\/28710"}],"wp:attachment":[{"href":"https:\/\/www.libraria-occitana.org\/en\/wp-json\/wp\/v2\/media?parent=28712"}],"wp:term":[{"taxonomy":"product_brand","embeddable":true,"href":"https:\/\/www.libraria-occitana.org\/en\/wp-json\/wp\/v2\/product_brand?post=28712"},{"taxonomy":"product_cat","embeddable":true,"href":"https:\/\/www.libraria-occitana.org\/en\/wp-json\/wp\/v2\/product_cat?post=28712"},{"taxonomy":"product_tag","embeddable":true,"href":"https:\/\/www.libraria-occitana.org\/en\/wp-json\/wp\/v2\/product_tag?post=28712"}],"curies":[{"name":"wp","href":"https:\/\/api.w.org\/{rel}","templated":true}]}}

Contes de Gasconha Prumèra garba (Contes epics)

<p>Nouvelle édition corrigée.</p>
<p>Jean-François Bladèr (1827-1900) de Lectoure, où il fut longtemps juge de paix, s&#8217;adonna a la collecte du trésor folklorique gascon. Mais il dépasse les autres collecteurs de son temps. Il ne fait pas de doute que ses sources soient authentiques, et il s&#8217;en explique. Mais il est sûr également qu&#8217;il a fondu, dramatisé, patiné de son art de la prose les contes populaires. Ce Nodier, ce Grimm de la Gascogne est un grand écrivain qui rend hommage au génie populaire à s&#8217;incorporant à lui. Les contes qu&#8217;il désigne comme « épiques » sont des chefs-d&#8217;œuvres incontestés, classiques de la littérature d&#8217;oc au même titre que les œuvres d&#8217;auteurs les plus éblouissantes. Aucun lecteur n&#8217;échappe à la magie de ces énonciations simples : <em>jo sabi un conte, lo conte de la mar que canta, de la poma que dança, e de l’auseron que ditz tot</em>, à la sûreté d&#8217;une composition éminemment dramatique, à l&#8217;envoûtement de cette Gascogne illimitée par des chemins fantastiques, à la gravité poignante des destins humains que le récit enchaîne.</p>
<p style="text-align: right;">R. Lafont, C. Anatole, <em>Nouvelle histoire de la littérature occitane</em>, PUF, Paris, 1971.</p>
<p><em><a href="http://www.libraria-occitana.org/produit/contes-de-gasconha-segonda-garba/">Contes de Gasconha Segonda garba</a></em><br />
<em><a href="http://www.libraria-occitana.org/produit/contes-de-gasconha-darrera-garba/">Contes de Gasconha Darrèra garba</a></em></p>

<p>Nouvelle édition corrigée. Jean-François Bladèr (1827-1900) de Lectoure, où il fut longtemps juge de paix, s&#8217;adonna a la collecte du trésor folklorique gascon. Mais il dépasse les autres collecteurs de son temps. Il ne fait pas de doute que ses sources soient authentiques, et il s&#8217;en explique. Mais il est sûr également qu&#8217;il a fondu, [&hellip;]</p>
