{"id":29599,"date":"2026-08-31T17:40:22","date_gmt":"2026-08-31T15:40:22","guid":{"rendered":"http:\/\/www.libraria-occitana.org\/all-products\/les-noms-de-lieux-du-pays-de-meyssac-correze?lang=en"},"modified":"2026-08-31T17:40:25","modified_gmt":"2026-08-31T15:40:25","slug":"les-noms-de-lieux-du-pays-de-meyssac-correze","status":"publish","type":"product","link":"https:\/\/www.libraria-occitana.org\/en\/product\/les-noms-de-lieux-du-pays-de-meyssac-correze\/","title":{"rendered":"LES NOMS DE LIEUX DU PAYS DE MEYSSAC (CORREZE)"},"content":{"rendered":"<p style=\"margin:0;\"><span style=\"font-family:'Times New Roman';font-size:12pt;\">Le Pays de Meyssac, avec ses 14 communes, est riche de ses noms de lieux ; et d&#8217;autant plus int\u00e9ressant que, au sud du Limousin administratif, dans cette Basse-Corr\u00e8ze riante et color\u00e9e, il est au contact du Haut-Quercy. Il en porte d\u00e9j\u00e0 certains stigmates : sa g\u00e9ologie en partie, des \u00e9l\u00e9ments linguistiques <wbr>(phon\u00e9tique, lexique) qui pr\u00e9parent l&#8217;acc\u00e8s au dialecte central de l&#8217;occitan, le languedocien. \u00c9chos pr\u00e9latins dans La Serre, Le Touron, Turenne, Le Cayre, Suquet ; celtiques dans Ardenne, Laubuge, Druille, La Gorse, Bannes ; germaniques dans Guiral, Gondres, Bernoux, La Bouzonie, Leygonie ; floraison de cr\u00e9ations romanes avec les Clauzade, Jaladis, Bouscailloux, Cheyrol, Lostanges, Sauz\u00e8de, toute cette mati\u00e8re toponymique, la chair du pays, est \u00e0 notre port\u00e9e de main. L&#8217;officialisation assez r\u00e9cente des noms des communes est une premi\u00e8re avanc\u00e9e passionnante vers la connaissance et la compr\u00e9hension de ces innombrables t\u00e9moignages.<\/p>\n<p>Complement de titre : Branceilles, Chauffour-sur-Veil, Collonges-la-Rouge, Curemonte, Lagleygeolle, Ligneyrac, Lostanges, Marcillac-la-Croze, Meyssac, Noailhac, Saillac, Saint-Bazile-de-Meyssac, Saint-Julien-Maumont, Turenne<br \/>Autor : Lavalade, Yves<br \/>Linga : Franc\u00e9s<br \/>Parucion : 12\/2016<br \/>Editor : L&#8217;Esperluette<br \/>Nb de pajas : 191<br \/>Format : 15 x 21 cm<br \/>P\u00e9s : 272 g<br \/>EAN 13 : 9791090784598<\/span><\/p>\n","protected":false},"excerpt":{"rendered":"<p>Le Pays de Meyssac, avec ses 14 communes, est riche de ses noms de lieux ; et d&#8217;autant plus int\u00e9ressant que, au sud du Limousin administratif, dans cette Basse-Corr\u00e8ze riante et color\u00e9e, il est au contact du Haut-Quercy. Il en porte d\u00e9j\u00e0 certains stigmates : sa g\u00e9ologie en partie, des \u00e9l\u00e9ments linguistiques (phon\u00e9tique, lexique) qui [&hellip;]<\/p>\n","protected":false},"featured_media":0,"template":"","meta":{"_acf_changed":false,"_genesis_hide_title":false,"_genesis_hide_breadcrumbs":false,"_genesis_hide_singular_image":false,"_genesis_hide_footer_widgets":false,"_genesis_custom_body_class":"","_genesis_custom_post_class":"","_genesis_layout":""},"product_brand":[],"product_cat":[7132,7148,16135,7162],"product_tag":[],"class_list":["post-29599","product","type-product","status-publish","product_cat-books","product_cat-history-geography-en","product_cat-non-classe-en","product_cat-place-names-peoples-names-en","pa_auteur-lavalada-ives-en","pa_auteurs-lavalade-yves","pa_editeur-lesperluette-en","pa_langue-francais-en","entry","has-post-thumbnail","first","outofstock","purchasable","product-type-simple"],"acf":[],"_links":{"self":[{"href":"https:\/\/www.libraria-occitana.org\/en\/wp-json\/wp\/v2\/product\/29599","targetHints":{"allow":["GET"]}}],"collection":[{"href":"https:\/\/www.libraria-occitana.org\/en\/wp-json\/wp\/v2\/product"}],"about":[{"href":"https:\/\/www.libraria-occitana.org\/en\/wp-json\/wp\/v2\/types\/product"}],"wp:attachment":[{"href":"https:\/\/www.libraria-occitana.org\/en\/wp-json\/wp\/v2\/media?parent=29599"}],"wp:term":[{"taxonomy":"product_brand","embeddable":true,"href":"https:\/\/www.libraria-occitana.org\/en\/wp-json\/wp\/v2\/product_brand?post=29599"},{"taxonomy":"product_cat","embeddable":true,"href":"https:\/\/www.libraria-occitana.org\/en\/wp-json\/wp\/v2\/product_cat?post=29599"},{"taxonomy":"product_tag","embeddable":true,"href":"https:\/\/www.libraria-occitana.org\/en\/wp-json\/wp\/v2\/product_tag?post=29599"}],"curies":[{"name":"wp","href":"https:\/\/api.w.org\/{rel}","templated":true}]}}

<p style="margin:0;"><span style="font-family:'Times New Roman';font-size:12pt;">Le Pays de Meyssac, avec ses 14 communes, est riche de ses noms de lieux ; et d&#8217;autant plus intéressant que, au sud du Limousin administratif, dans cette Basse-Corrèze riante et colorée, il est au contact du Haut-Quercy. Il en porte déjà certains stigmates : sa géologie en partie, des éléments linguistiques <wbr>(phonétique, lexique) qui préparent l&#8217;accès au dialecte central de l&#8217;occitan, le languedocien. Échos prélatins dans La Serre, Le Touron, Turenne, Le Cayre, Suquet ; celtiques dans Ardenne, Laubuge, Druille, La Gorse, Bannes ; germaniques dans Guiral, Gondres, Bernoux, La Bouzonie, Leygonie ; floraison de créations romanes avec les Clauzade, Jaladis, Bouscailloux, Cheyrol, Lostanges, Sauzède, toute cette matière toponymique, la chair du pays, est à notre portée de main. L&#8217;officialisation assez récente des noms des communes est une première avancée passionnante vers la connaissance et la compréhension de ces innombrables témoignages.</p>
<p>Complement de titre : Branceilles, Chauffour-sur-Veil, Collonges-la-Rouge, Curemonte, Lagleygeolle, Ligneyrac, Lostanges, Marcillac-la-Croze, Meyssac, Noailhac, Saillac, Saint-Bazile-de-Meyssac, Saint-Julien-Maumont, Turenne<br />Autor : Lavalade, Yves<br />Linga : Francés<br />Parucion : 12/2016<br />Editor : L&#8217;Esperluette<br />Nb de pajas : 191<br />Format : 15 x 21 cm<br />Pés : 272 g<br />EAN 13 : 9791090784598</span></p>

<p>Le Pays de Meyssac, avec ses 14 communes, est riche de ses noms de lieux ; et d&#8217;autant plus intéressant que, au sud du Limousin administratif, dans cette Basse-Corrèze riante et colorée, il est au contact du Haut-Quercy. Il en porte déjà certains stigmates : sa géologie en partie, des éléments linguistiques (phonétique, lexique) qui [&hellip;]</p>
