{"id":29861,"date":"1990-10-04T15:48:35","date_gmt":"1990-10-04T14:48:35","guid":{"rendered":"http:\/\/www.libraria-occitana.org\/all-products\/la-santa-estela-del-centenari?lang=en"},"modified":"2026-04-25T23:56:07","modified_gmt":"2026-04-25T21:56:07","slug":"la-santa-estela-del-centenari","status":"publish","type":"product","link":"https:\/\/www.libraria-occitana.org\/en\/product\/la-santa-estela-del-centenari\/","title":{"rendered":"La Santa Estela del Centenari"},"content":{"rendered":"<blockquote>\n<p>Tot \u00e8ra previst e reglat. Ara me mancava solament un jovent per la joventa que s\u2019aim\u00e8sson totes dos e que s\u2019estaqu\u00e8sson l\u2019un a l\u2019autre. Alara totes dos, los motlari\u00e1i de metal, cadun sa monaca e se ligari\u00e1n encara mai pel plaser d\u2019amor. Aquel jovent lo trobarai e lo v\u00f2li de lenga d\u2019Oc. Dins la Val\u00e8ia d\u2019Olt tornar\u00e0 comen\u00e7ar lo mond. E ieu passarai coma passa lo Dieu passad\u00eds.<\/p>\n<\/blockquote>\n<p>Un conte fantastique et une all\u00e9gorie de l\u2019avenir de l\u2019homme et de la langue occitane.<\/p>\n","protected":false},"excerpt":{"rendered":"<p>Tot \u00e8ra previst e reglat. Ara me mancava solament un jovent per la joventa que s\u2019aim\u00e8sson totes dos e que s\u2019estaqu\u00e8sson l\u2019un a l\u2019autre. Alara totes dos, los motlari\u00e1i de metal, cadun sa monaca e se ligari\u00e1n encara mai pel plaser d\u2019amor. Aquel jovent lo trobarai e lo v\u00f2li de lenga d\u2019Oc. Dins la Val\u00e8ia [&hellip;]<\/p>\n","protected":false},"featured_media":29859,"template":"","meta":{"_acf_changed":false,"_genesis_hide_title":false,"_genesis_hide_breadcrumbs":false,"_genesis_hide_singular_image":false,"_genesis_hide_footer_widgets":false,"_genesis_custom_body_class":"","_genesis_custom_post_class":"","_genesis_layout":""},"product_brand":[],"product_cat":[7132,7174,7176],"product_tag":[],"class_list":{"0":"post-29861","1":"product","2":"type-product","3":"status-publish","4":"has-post-thumbnail","6":"product_cat-books","7":"product_cat-literature-en","8":"product_cat-tales-fables-en","9":"pa_auteur-bodon-joan-en","10":"pa_editeur-edicions-del-roergue-en","11":"pa_langue-occitan-en","12":"pa_langue-occitan-lengadocian-en","13":"entry","15":"first","16":"instock","17":"shipping-taxable","18":"purchasable","19":"product-type-simple"},"acf":[],"_links":{"self":[{"href":"https:\/\/www.libraria-occitana.org\/en\/wp-json\/wp\/v2\/product\/29861","targetHints":{"allow":["GET"]}}],"collection":[{"href":"https:\/\/www.libraria-occitana.org\/en\/wp-json\/wp\/v2\/product"}],"about":[{"href":"https:\/\/www.libraria-occitana.org\/en\/wp-json\/wp\/v2\/types\/product"}],"wp:featuredmedia":[{"embeddable":true,"href":"https:\/\/www.libraria-occitana.org\/en\/wp-json\/wp\/v2\/media\/29859"}],"wp:attachment":[{"href":"https:\/\/www.libraria-occitana.org\/en\/wp-json\/wp\/v2\/media?parent=29861"}],"wp:term":[{"taxonomy":"product_brand","embeddable":true,"href":"https:\/\/www.libraria-occitana.org\/en\/wp-json\/wp\/v2\/product_brand?post=29861"},{"taxonomy":"product_cat","embeddable":true,"href":"https:\/\/www.libraria-occitana.org\/en\/wp-json\/wp\/v2\/product_cat?post=29861"},{"taxonomy":"product_tag","embeddable":true,"href":"https:\/\/www.libraria-occitana.org\/en\/wp-json\/wp\/v2\/product_tag?post=29861"}],"curies":[{"name":"wp","href":"https:\/\/api.w.org\/{rel}","templated":true}]}}

<blockquote>
<p>Tot èra previst e reglat. Ara me mancava solament un jovent per la joventa que s’aimèsson totes dos e que s’estaquèsson l’un a l’autre. Alara totes dos, los motlariái de metal, cadun sa monaca e se ligarián encara mai pel plaser d’amor. Aquel jovent lo trobarai e lo vòli de lenga d’Oc. Dins la Valèia d’Olt tornarà començar lo mond. E ieu passarai coma passa lo Dieu passadís.</p>
</blockquote>
<p>Un conte fantastique et une allégorie de l’avenir de l’homme et de la langue occitane.</p>

<p>Tot èra previst e reglat. Ara me mancava solament un jovent per la joventa que s’aimèsson totes dos e que s’estaquèsson l’un a l’autre. Alara totes dos, los motlariái de metal, cadun sa monaca e se ligarián encara mai pel plaser d’amor. Aquel jovent lo trobarai e lo vòli de lenga d’Oc. Dins la Valèia [&hellip;]</p>
