{"id":30081,"date":"2026-08-31T17:40:22","date_gmt":"2026-08-31T15:40:22","guid":{"rendered":"http:\/\/www.libraria-occitana.org\/all-products\/approche-linguistique-des-megalithes-occitans-bases-pre-indoeuropeennes?lang=en"},"modified":"2026-08-31T17:40:29","modified_gmt":"2026-08-31T15:40:29","slug":"approche-linguistique-des-megalithes-occitans-bases-pre-indoeuropeennes","status":"publish","type":"product","link":"https:\/\/www.libraria-occitana.org\/en\/product\/approche-linguistique-des-megalithes-occitans-bases-pre-indoeuropeennes\/","title":{"rendered":"APPROCHE LINGUISTIQUE DES MEGALITHES OCCITANS &#038; BASES PRE-INDOEUROPEENNES"},"content":{"rendered":"<p style=\"margin:0;\"><span style=\"font-family:'Times New Roman';font-size:12pt;\">Tr\u00e8s peu de monuments m\u00e9galithiques ont conserv\u00e9 leur appellation d&#8217;origine, car ils furent d\u00e9baptis\u00e9s et rebaptis\u00e9s au cours des mill\u00e9naires ; croyances pa\u00efennes ou religieuses s&#8217;entrem\u00ealant \u00e0 leurs d\u00e9pens. Ils ont cependant un environnement linguistique qui ne les isole pas. N&#8217;y aurait-il pas l\u00e0 la parole que nous ont laiss\u00e9e ce peuple des m\u00e9galithes ?<\/p>\n<p>Autor : Lavalade, Yves<br \/>Linga : Franc\u00e9s<br \/>Parucion : 04\/2017<br \/>Editor : L&#8217;Esperluette<br \/>Nb de pajas : 41<br \/>Format : 15 x 21 cm<br \/>P\u00e9s : 76 g<br \/>EAN 13 : 9791090784611<\/span><\/p>\n","protected":false},"excerpt":{"rendered":"<p>Tr\u00e8s peu de monuments m\u00e9galithiques ont conserv\u00e9 leur appellation d&#8217;origine, car ils furent d\u00e9baptis\u00e9s et rebaptis\u00e9s au cours des mill\u00e9naires ; croyances pa\u00efennes ou religieuses s&#8217;entrem\u00ealant \u00e0 leurs d\u00e9pens. Ils ont cependant un environnement linguistique qui ne les isole pas. N&#8217;y aurait-il pas l\u00e0 la parole que nous ont laiss\u00e9e ce peuple des m\u00e9galithes ? [&hellip;]<\/p>\n","protected":false},"featured_media":0,"template":"","meta":{"_acf_changed":false,"_genesis_hide_title":false,"_genesis_hide_breadcrumbs":false,"_genesis_hide_singular_image":false,"_genesis_hide_footer_widgets":false,"_genesis_custom_body_class":"","_genesis_custom_post_class":"","_genesis_layout":""},"product_brand":[],"product_cat":[7132,7148,16135,7162],"product_tag":[],"class_list":["post-30081","product","type-product","status-publish","product_cat-books","product_cat-history-geography-en","product_cat-non-classe-en","product_cat-place-names-peoples-names-en","pa_auteur-lavalada-ives-en","pa_auteurs-lavalade-yves","pa_editeur-lesperluette-en","pa_langue-francais-en","entry","has-post-thumbnail","first","outofstock","purchasable","product-type-simple"],"acf":[],"_links":{"self":[{"href":"https:\/\/www.libraria-occitana.org\/en\/wp-json\/wp\/v2\/product\/30081","targetHints":{"allow":["GET"]}}],"collection":[{"href":"https:\/\/www.libraria-occitana.org\/en\/wp-json\/wp\/v2\/product"}],"about":[{"href":"https:\/\/www.libraria-occitana.org\/en\/wp-json\/wp\/v2\/types\/product"}],"wp:attachment":[{"href":"https:\/\/www.libraria-occitana.org\/en\/wp-json\/wp\/v2\/media?parent=30081"}],"wp:term":[{"taxonomy":"product_brand","embeddable":true,"href":"https:\/\/www.libraria-occitana.org\/en\/wp-json\/wp\/v2\/product_brand?post=30081"},{"taxonomy":"product_cat","embeddable":true,"href":"https:\/\/www.libraria-occitana.org\/en\/wp-json\/wp\/v2\/product_cat?post=30081"},{"taxonomy":"product_tag","embeddable":true,"href":"https:\/\/www.libraria-occitana.org\/en\/wp-json\/wp\/v2\/product_tag?post=30081"}],"curies":[{"name":"wp","href":"https:\/\/api.w.org\/{rel}","templated":true}]}}

<p style="margin:0;"><span style="font-family:'Times New Roman';font-size:12pt;">Très peu de monuments mégalithiques ont conservé leur appellation d&#8217;origine, car ils furent débaptisés et rebaptisés au cours des millénaires ; croyances païennes ou religieuses s&#8217;entremêlant à leurs dépens. Ils ont cependant un environnement linguistique qui ne les isole pas. N&#8217;y aurait-il pas là la parole que nous ont laissée ce peuple des mégalithes ?</p>
<p>Autor : Lavalade, Yves<br />Linga : Francés<br />Parucion : 04/2017<br />Editor : L&#8217;Esperluette<br />Nb de pajas : 41<br />Format : 15 x 21 cm<br />Pés : 76 g<br />EAN 13 : 9791090784611</span></p>

<p>Très peu de monuments mégalithiques ont conservé leur appellation d&#8217;origine, car ils furent débaptisés et rebaptisés au cours des millénaires ; croyances païennes ou religieuses s&#8217;entremêlant à leurs dépens. Ils ont cependant un environnement linguistique qui ne les isole pas. N&#8217;y aurait-il pas là la parole que nous ont laissée ce peuple des mégalithes ? [&hellip;]</p>
