{"id":30087,"date":"2017-04-28T12:56:05","date_gmt":"2017-04-28T10:56:05","guid":{"rendered":"http:\/\/www.libraria-occitana.org\/all-products\/gent-quespleitas?lang=en"},"modified":"2026-04-29T02:11:35","modified_gmt":"2026-04-29T00:11:35","slug":"gent-quespleitas","status":"publish","type":"product","link":"https:\/\/www.libraria-occitana.org\/en\/product\/gent-quespleitas\/","title":{"rendered":"Gent qu&#8217;espleitas"},"content":{"rendered":"<p><strong style=\"font-weight: bold; color: #373736;\">Jan dau Melhau :<\/strong><span style=\"font-weight: normal; color: #373736;\">\u00a0composition, chant<\/span><br style=\"font-weight: normal; color: #373736;\" \/><strong style=\"font-weight: bold; color: #373736;\">Fr\u00e9d\u00e9ric Chabalier &amp; Marianne Tixeuil :<\/strong><span style=\"font-weight: normal; color: #373736;\">\u00a0guitares<\/span><\/p>\n<p>Apr\u00e8s \u00ab Au naissent d\u2019un trobaire \u00bb, o\u00f9 il reprenait ses premi\u00e8res chansons, \u00e9crites entre 1972 et 1974, Jan dau Melhau continue \u00e0 revisiter sa m\u00e9moire chansonni\u00e8re avec ces seize portraits de gens ou\u2026 d\u2019accessoires, dress\u00e9s entre 1974 et 1986, la plupart jamais chant\u00e9s.<\/p>\n<p>Livret avec les paroles en occitan et une traduction en fran\u00e7ais.<\/p>\n<p><strong>Titres :<\/strong><br \/>\n1. La retraitada 3&#8217;38<br \/>\n2. La bargiera que conelhava 2&#8217;49<br \/>\n3. Sei tot solet 1&#8217;58<br \/>\n4. Me e ieu 3&#8217;56<br \/>\n5. Lo Tiston 3&#8217;54<br \/>\n6. Ben segur era pas si tant fier 2&#8217;58<br \/>\n7. Lo Janton se&#8217;n anava tot sol 5&#8217;02<br \/>\n8. La masurca de mon chapeu 2&#8217;25<br \/>\n9. La chan\u00e7on dau monde que son partits e que tornaran pas 12&#8217;35<br \/>\n10. La borreia de la chadiera 3&#8217;49<br \/>\n11. Te prestarai mas chambas 2&#8217;28<br \/>\n12. Pastorela 3&#8217;57<br \/>\n13. Si me coige, v\u00f2le durmir 2&#8217;33<br \/>\n14. Lo passejaire 3&#8217;29<br \/>\n15. Coma, te convide chas nos&#8230; 1&#8217;39<br \/>\n16. Requesta a &#8216;queu paubre Melhau sus las chan\u00e7ons qu&#8217;esperen de se 3&#8217;32<br \/>\n17. Sei mas \u00e7\u00f2 que sei (auto-retrach) 6&#8217;02<\/p>\n","protected":false},"excerpt":{"rendered":"<p>Jan dau Melhau :\u00a0composition, chantFr\u00e9d\u00e9ric Chabalier &amp; Marianne Tixeuil :\u00a0guitares Apr\u00e8s \u00ab Au naissent d\u2019un trobaire \u00bb, o\u00f9 il reprenait ses premi\u00e8res chansons, \u00e9crites entre 1972 et 1974, Jan dau Melhau continue \u00e0 revisiter sa m\u00e9moire chansonni\u00e8re avec ces seize portraits de gens ou\u2026 d\u2019accessoires, dress\u00e9s entre 1974 et 1986, la plupart jamais chant\u00e9s. Livret [&hellip;]<\/p>\n","protected":false},"featured_media":30085,"template":"","meta":{"_acf_changed":false,"_genesis_hide_title":false,"_genesis_hide_breadcrumbs":false,"_genesis_hide_singular_image":false,"_genesis_hide_footer_widgets":false,"_genesis_custom_body_class":"","_genesis_custom_post_class":"","_genesis_layout":""},"product_brand":[],"product_cat":[7216,7218],"product_tag":[],"class_list":{"0":"post-30087","1":"product","2":"type-product","3":"status-publish","4":"has-post-thumbnail","6":"product_cat-music-en","7":"product_cat-voice-en","8":"pa_auteur-chabalier-frederic-en","9":"pa_auteur-melhau-jan-dau-fr-en","10":"pa_auteur-tixeuil-marianne-en","11":"pa_editeur-lo-chamin-de-sent-jaume-en","12":"pa_langue-occitan-en","13":"pa_langue-occitan-lemosin-en","14":"entry","16":"first","17":"instock","18":"shipping-taxable","19":"purchasable","20":"product-type-simple"},"acf":[],"_links":{"self":[{"href":"https:\/\/www.libraria-occitana.org\/en\/wp-json\/wp\/v2\/product\/30087","targetHints":{"allow":["GET"]}}],"collection":[{"href":"https:\/\/www.libraria-occitana.org\/en\/wp-json\/wp\/v2\/product"}],"about":[{"href":"https:\/\/www.libraria-occitana.org\/en\/wp-json\/wp\/v2\/types\/product"}],"wp:featuredmedia":[{"embeddable":true,"href":"https:\/\/www.libraria-occitana.org\/en\/wp-json\/wp\/v2\/media\/30085"}],"wp:attachment":[{"href":"https:\/\/www.libraria-occitana.org\/en\/wp-json\/wp\/v2\/media?parent=30087"}],"wp:term":[{"taxonomy":"product_brand","embeddable":true,"href":"https:\/\/www.libraria-occitana.org\/en\/wp-json\/wp\/v2\/product_brand?post=30087"},{"taxonomy":"product_cat","embeddable":true,"href":"https:\/\/www.libraria-occitana.org\/en\/wp-json\/wp\/v2\/product_cat?post=30087"},{"taxonomy":"product_tag","embeddable":true,"href":"https:\/\/www.libraria-occitana.org\/en\/wp-json\/wp\/v2\/product_tag?post=30087"}],"curies":[{"name":"wp","href":"https:\/\/api.w.org\/{rel}","templated":true}]}}

<p><strong style="font-weight: bold; color: #373736;">Jan dau Melhau :</strong><span style="font-weight: normal; color: #373736;"> composition, chant</span><br style="font-weight: normal; color: #373736;" /><strong style="font-weight: bold; color: #373736;">Frédéric Chabalier &amp; Marianne Tixeuil :</strong><span style="font-weight: normal; color: #373736;"> guitares</span></p>
<p>Après « Au naissent d’un trobaire », où il reprenait ses premières chansons, écrites entre 1972 et 1974, Jan dau Melhau continue à revisiter sa mémoire chansonnière avec ces seize portraits de gens ou… d’accessoires, dressés entre 1974 et 1986, la plupart jamais chantés.</p>
<p>Livret avec les paroles en occitan et une traduction en français.</p>
<p><strong>Titres :</strong><br />
1. La retraitada 3&#8217;38<br />
2. La bargiera que conelhava 2&#8217;49<br />
3. Sei tot solet 1&#8217;58<br />
4. Me e ieu 3&#8217;56<br />
5. Lo Tiston 3&#8217;54<br />
6. Ben segur era pas si tant fier 2&#8217;58<br />
7. Lo Janton se&#8217;n anava tot sol 5&#8217;02<br />
8. La masurca de mon chapeu 2&#8217;25<br />
9. La chançon dau monde que son partits e que tornaran pas 12&#8217;35<br />
10. La borreia de la chadiera 3&#8217;49<br />
11. Te prestarai mas chambas 2&#8217;28<br />
12. Pastorela 3&#8217;57<br />
13. Si me coige, vòle durmir 2&#8217;33<br />
14. Lo passejaire 3&#8217;29<br />
15. Coma, te convide chas nos&#8230; 1&#8217;39<br />
16. Requesta a &#8216;queu paubre Melhau sus las chançons qu&#8217;esperen de se 3&#8217;32<br />
17. Sei mas çò que sei (auto-retrach) 6&#8217;02</p>

<p>Jan dau Melhau : composition, chantFrédéric Chabalier &amp; Marianne Tixeuil : guitares Après « Au naissent d’un trobaire », où il reprenait ses premières chansons, écrites entre 1972 et 1974, Jan dau Melhau continue à revisiter sa mémoire chansonnière avec ces seize portraits de gens ou… d’accessoires, dressés entre 1974 et 1986, la plupart jamais chantés. Livret [&hellip;]</p>
