{"id":30330,"date":"2016-09-21T11:40:39","date_gmt":"2016-09-21T10:40:39","guid":{"rendered":"http:\/\/www.libraria-occitana.org\/all-products\/la-verite-sur-la-mort-de-richard-coeur-de-lion?lang=en"},"modified":"2026-04-25T22:26:07","modified_gmt":"2026-04-25T20:26:07","slug":"la-verite-sur-la-mort-de-richard-coeur-de-lion","status":"publish","type":"product","link":"https:\/\/www.libraria-occitana.org\/en\/product\/la-verite-sur-la-mort-de-richard-coeur-de-lion\/","title":{"rendered":"La v\u00e9rit\u00e9 sur la mort de Richard C\u0153ur-de-Lion"},"content":{"rendered":"<p>Par ce long m\u00e9moire, initialement publi\u00e9 en 1878, l&#8217;abb\u00e9 Arbellot veut faire un point d\u00e9finitif sur les \u00e9v\u00e9nements qui ont men\u00e9 au d\u00e9c\u00e8s du roi d&#8217;Angleterre-duc d&#8217;Aquitaine lors de l&#8217;assaut du ch\u00e2teau de Ch\u00e2lus en Limousin en 1199. Pour \u00e9tablir la v\u00e9rit\u00e9, l&#8217;auteur, pr\u00e9sident de la soci\u00e9t\u00e9 arch\u00e9ologique et historique du Limousin, reconsulte et compare toutes les sources disponibles, en particulier celles de tous les chroniqueurs contemporains des faits. Un ouvrage qui reste passionnant de bout en bout sur cet \u00e9v\u00e9nement qui marqua, en quelque sorte, la fin de l&#8217;empire des Plantagen\u00eats, empire qui allait de Bayonne aux portes de l&#8217;\u00c9cosse, soit la moiti\u00e9 ouest du royaume de France, l&#8217;Irlande, l&#8217;Angleterre et le pays de Galles.<br \/>\nL&#8217;abb\u00e9 Fran\u00e7ois Arbellot (1816-1900) est, sans conteste, l&#8217;un des grands historiens du Limousin au XIXe si\u00e8cle. Il a publi\u00e9 de multiples communications historiques et arch\u00e9ologiques qui portent en quasi exclusivit\u00e9 sur le Limousin, son histoire, ses monuments et ses personnages illustres.<\/p>\n","protected":false},"excerpt":{"rendered":"<p>Par ce long m\u00e9moire, initialement publi\u00e9 en 1878, l&#8217;abb\u00e9 Arbellot veut faire un point d\u00e9finitif sur les \u00e9v\u00e9nements qui ont men\u00e9 au d\u00e9c\u00e8s du roi d&#8217;Angleterre-duc d&#8217;Aquitaine lors de l&#8217;assaut du ch\u00e2teau de Ch\u00e2lus en Limousin en 1199. Pour \u00e9tablir la v\u00e9rit\u00e9, l&#8217;auteur, pr\u00e9sident de la soci\u00e9t\u00e9 arch\u00e9ologique et historique du Limousin, reconsulte et compare [&hellip;]<\/p>\n","protected":false},"featured_media":30328,"template":"","meta":{"_acf_changed":false,"_genesis_hide_title":false,"_genesis_hide_breadcrumbs":false,"_genesis_hide_singular_image":false,"_genesis_hide_footer_widgets":false,"_genesis_custom_body_class":"","_genesis_custom_post_class":"","_genesis_layout":""},"product_brand":[],"product_cat":[7132,7148,7160],"product_tag":[],"class_list":{"0":"post-30330","1":"product","2":"type-product","3":"status-publish","4":"has-post-thumbnail","6":"product_cat-books","7":"product_cat-history-geography-en","8":"product_cat-medieval-history-en","9":"pa_auteur-arbellot-abbe-en","10":"pa_editeur-editions-des-regionalismes-en","11":"pa_langue-francais-en","12":"entry","14":"first","15":"outofstock","16":"shipping-taxable","17":"purchasable","18":"product-type-simple"},"acf":[],"_links":{"self":[{"href":"https:\/\/www.libraria-occitana.org\/en\/wp-json\/wp\/v2\/product\/30330","targetHints":{"allow":["GET"]}}],"collection":[{"href":"https:\/\/www.libraria-occitana.org\/en\/wp-json\/wp\/v2\/product"}],"about":[{"href":"https:\/\/www.libraria-occitana.org\/en\/wp-json\/wp\/v2\/types\/product"}],"wp:featuredmedia":[{"embeddable":true,"href":"https:\/\/www.libraria-occitana.org\/en\/wp-json\/wp\/v2\/media\/30328"}],"wp:attachment":[{"href":"https:\/\/www.libraria-occitana.org\/en\/wp-json\/wp\/v2\/media?parent=30330"}],"wp:term":[{"taxonomy":"product_brand","embeddable":true,"href":"https:\/\/www.libraria-occitana.org\/en\/wp-json\/wp\/v2\/product_brand?post=30330"},{"taxonomy":"product_cat","embeddable":true,"href":"https:\/\/www.libraria-occitana.org\/en\/wp-json\/wp\/v2\/product_cat?post=30330"},{"taxonomy":"product_tag","embeddable":true,"href":"https:\/\/www.libraria-occitana.org\/en\/wp-json\/wp\/v2\/product_tag?post=30330"}],"curies":[{"name":"wp","href":"https:\/\/api.w.org\/{rel}","templated":true}]}}

La vérité sur la mort de Richard Cœur-de-Lion

<p>Par ce long mémoire, initialement publié en 1878, l&#8217;abbé Arbellot veut faire un point définitif sur les événements qui ont mené au décès du roi d&#8217;Angleterre-duc d&#8217;Aquitaine lors de l&#8217;assaut du château de Châlus en Limousin en 1199. Pour établir la vérité, l&#8217;auteur, président de la société archéologique et historique du Limousin, reconsulte et compare toutes les sources disponibles, en particulier celles de tous les chroniqueurs contemporains des faits. Un ouvrage qui reste passionnant de bout en bout sur cet événement qui marqua, en quelque sorte, la fin de l&#8217;empire des Plantagenêts, empire qui allait de Bayonne aux portes de l&#8217;Écosse, soit la moitié ouest du royaume de France, l&#8217;Irlande, l&#8217;Angleterre et le pays de Galles.<br />
L&#8217;abbé François Arbellot (1816-1900) est, sans conteste, l&#8217;un des grands historiens du Limousin au XIXe siècle. Il a publié de multiples communications historiques et archéologiques qui portent en quasi exclusivité sur le Limousin, son histoire, ses monuments et ses personnages illustres.</p>

<p>Par ce long mémoire, initialement publié en 1878, l&#8217;abbé Arbellot veut faire un point définitif sur les événements qui ont mené au décès du roi d&#8217;Angleterre-duc d&#8217;Aquitaine lors de l&#8217;assaut du château de Châlus en Limousin en 1199. Pour établir la vérité, l&#8217;auteur, président de la société archéologique et historique du Limousin, reconsulte et compare [&hellip;]</p>
