{"id":30457,"date":"2017-05-18T13:59:18","date_gmt":"2017-05-18T11:59:18","guid":{"rendered":"http:\/\/www.libraria-occitana.org\/all-products\/larzac-terre-de-lutte-une-contestation-devenue-reference?lang=en"},"modified":"2026-04-29T10:26:32","modified_gmt":"2026-04-29T08:26:32","slug":"larzac-terre-de-lutte-une-contestation-devenue-reference","status":"publish","type":"product","link":"https:\/\/www.libraria-occitana.org\/en\/product\/larzac-terre-de-lutte-une-contestation-devenue-reference\/","title":{"rendered":"Larzac terre de lutte : Une contestation devenue r\u00e9f\u00e9rence"},"content":{"rendered":"<p><em>Gardarem lo Larzac !<\/em> Menac\u00e9s d&#8217;expropriation depuis l&#8217;annonce par l&#8217;\u00c9tat, en octobre 1970, de sa volont\u00e9 d&#8217;\u00e9tendre le camp militaire pr\u00e9sent sur le plateau, 103 paysans et leurs familles s&#8217;engagent \u00e0 refuser de quitter leurs fermes. Sur cette terre rurale isol\u00e9e d\u00e9bute alors une lutte sous le signe de la non-violence. Ancr\u00e9e \u00e0 son territoire et popularis\u00e9e par de spectaculaires actions nationales, cette \u00e2pre r\u00e9volte ne se d\u00e9partit jamais d&#8217;un humour d\u00e9sarmant face \u00e0 l&#8217;adversaire militaire. Si elle ne doit pas \u00eatre id\u00e9alis\u00e9e, c&#8217;est tout de m\u00eame une lutte exemplaire \u00e0 bien des \u00e9gards qui triomphe en 1981, au terme de 10 ans de protestation.<br \/>\nCette victoire ouvre le champ des possibles \u00e0 la nouvelle g\u00e9n\u00e9ration, tant par la cr\u00e9ation d&#8217;un mod\u00e8le unique de gestion collective du foncier qu&#8217;en s&#8217;ins\u00e9rant dans des r\u00e9seaux de solidarit\u00e9 internationale. Le \u00ab causse des causes \u00bb se dresse en bastion fran\u00e7ais de l&#8217;altermondialisme en 2003 et brandit la faux paysanne contre les OGM. En 2015, l&#8217;arriv\u00e9e de la L\u00e9gion \u00e9trang\u00e8re sur le plateau ravive l&#8217;\u00e9tincelle d&#8217;un esprit de r\u00e9volte. Comment le Larzac reste-t-il, pr\u00e8s d&#8217;un demi-si\u00e8cle plus tard, un creuset militant p\u00e9renne et solidaire ? Constitue-t-il pour les mouvements actuels (Sivens, Notre-Dame-des-Landes&#8230;) un v\u00e9ritable mod\u00e8le d&#8217;opposition ?<\/p>\n","protected":false},"excerpt":{"rendered":"<p>Gardarem lo Larzac ! Menac\u00e9s d&#8217;expropriation depuis l&#8217;annonce par l&#8217;\u00c9tat, en octobre 1970, de sa volont\u00e9 d&#8217;\u00e9tendre le camp militaire pr\u00e9sent sur le plateau, 103 paysans et leurs familles s&#8217;engagent \u00e0 refuser de quitter leurs fermes. Sur cette terre rurale isol\u00e9e d\u00e9bute alors une lutte sous le signe de la non-violence. Ancr\u00e9e \u00e0 son territoire [&hellip;]<\/p>\n","protected":false},"featured_media":30455,"template":"","meta":{"_acf_changed":false,"_genesis_hide_title":false,"_genesis_hide_breadcrumbs":false,"_genesis_hide_singular_image":false,"_genesis_hide_footer_widgets":false,"_genesis_custom_body_class":"","_genesis_custom_post_class":"","_genesis_layout":""},"product_brand":[],"product_cat":[7132,7202],"product_tag":[],"class_list":{"0":"post-30457","1":"product","2":"type-product","3":"status-publish","4":"has-post-thumbnail","6":"product_cat-books","7":"product_cat-politics-sociology-current-affairs-en","8":"pa_auteur-terral-pierre-marie-en","9":"pa_editeur-privat-en","10":"pa_langue-francais-en","11":"entry","13":"first","14":"instock","15":"shipping-taxable","16":"purchasable","17":"product-type-simple"},"acf":[],"_links":{"self":[{"href":"https:\/\/www.libraria-occitana.org\/en\/wp-json\/wp\/v2\/product\/30457","targetHints":{"allow":["GET"]}}],"collection":[{"href":"https:\/\/www.libraria-occitana.org\/en\/wp-json\/wp\/v2\/product"}],"about":[{"href":"https:\/\/www.libraria-occitana.org\/en\/wp-json\/wp\/v2\/types\/product"}],"wp:featuredmedia":[{"embeddable":true,"href":"https:\/\/www.libraria-occitana.org\/en\/wp-json\/wp\/v2\/media\/30455"}],"wp:attachment":[{"href":"https:\/\/www.libraria-occitana.org\/en\/wp-json\/wp\/v2\/media?parent=30457"}],"wp:term":[{"taxonomy":"product_brand","embeddable":true,"href":"https:\/\/www.libraria-occitana.org\/en\/wp-json\/wp\/v2\/product_brand?post=30457"},{"taxonomy":"product_cat","embeddable":true,"href":"https:\/\/www.libraria-occitana.org\/en\/wp-json\/wp\/v2\/product_cat?post=30457"},{"taxonomy":"product_tag","embeddable":true,"href":"https:\/\/www.libraria-occitana.org\/en\/wp-json\/wp\/v2\/product_tag?post=30457"}],"curies":[{"name":"wp","href":"https:\/\/api.w.org\/{rel}","templated":true}]}}

Larzac terre de lutte : Une contestation devenue référence

<p><em>Gardarem lo Larzac !</em> Menacés d&#8217;expropriation depuis l&#8217;annonce par l&#8217;État, en octobre 1970, de sa volonté d&#8217;étendre le camp militaire présent sur le plateau, 103 paysans et leurs familles s&#8217;engagent à refuser de quitter leurs fermes. Sur cette terre rurale isolée débute alors une lutte sous le signe de la non-violence. Ancrée à son territoire et popularisée par de spectaculaires actions nationales, cette âpre révolte ne se départit jamais d&#8217;un humour désarmant face à l&#8217;adversaire militaire. Si elle ne doit pas être idéalisée, c&#8217;est tout de même une lutte exemplaire à bien des égards qui triomphe en 1981, au terme de 10 ans de protestation.<br />
Cette victoire ouvre le champ des possibles à la nouvelle génération, tant par la création d&#8217;un modèle unique de gestion collective du foncier qu&#8217;en s&#8217;insérant dans des réseaux de solidarité internationale. Le « causse des causes » se dresse en bastion français de l&#8217;altermondialisme en 2003 et brandit la faux paysanne contre les OGM. En 2015, l&#8217;arrivée de la Légion étrangère sur le plateau ravive l&#8217;étincelle d&#8217;un esprit de révolte. Comment le Larzac reste-t-il, près d&#8217;un demi-siècle plus tard, un creuset militant pérenne et solidaire ? Constitue-t-il pour les mouvements actuels (Sivens, Notre-Dame-des-Landes&#8230;) un véritable modèle d&#8217;opposition ?</p>

<p>Gardarem lo Larzac ! Menacés d&#8217;expropriation depuis l&#8217;annonce par l&#8217;État, en octobre 1970, de sa volonté d&#8217;étendre le camp militaire présent sur le plateau, 103 paysans et leurs familles s&#8217;engagent à refuser de quitter leurs fermes. Sur cette terre rurale isolée débute alors une lutte sous le signe de la non-violence. Ancrée à son territoire [&hellip;]</p>
