{"id":32951,"date":"2026-08-31T16:32:52","date_gmt":"2026-08-31T14:32:52","guid":{"rendered":"http:\/\/www.libraria-occitana.org\/?post_type=product&#038;p=32951\/"},"modified":"2026-08-31T16:32:55","modified_gmt":"2026-08-31T14:32:55","slug":"une-langue-en-quete-dune-nation","status":"publish","type":"product","link":"https:\/\/www.libraria-occitana.org\/en\/product\/une-langue-en-quete-dune-nation\/","title":{"rendered":"UNE LANGUE EN QUETE D&#8217;UNE NATION"},"content":{"rendered":"<p style=\"margin:0;\"><span style=\"font-family:'Times New Roman';font-size:12pt;\">Per un trabalh rigor\u00f3s e prec\u00eds, Francesca Zantedeschi nos acompanha dins los debats d\u2019una ep\u00f2ca dont l\u2019ec\u00f2 s\u2019aus\u00eds encara u\u00e8i, subretot sus la reconeissen\u00e7a, dins un Estat-Nacion, d\u2019una lenga diferenta de la lenga oficiala.<br \/>Obratge publicat amb l\u2019ajuda de la region Mi\u00e8gjorn-Piren\u00e8us<\/p>\n<p>Combien y a-t-il de langues et de litt\u00e9ratures dans l\u2019\u00c9tat hexagonal ? Sans n\u00e9gliger toutes celles qu\u2019on dit \u00ab r\u00e9gionales \u00bb ou \u00ab immigr\u00e9es \u00bb, je ne pouvais que r\u00e9duire le probl\u00e8me \u00e0 la dialectique conflictuelle majeure, qui appara\u00eet sur une carte comme dans l\u2019histoire et dans le sentiment des Fran\u00e7ais. Il y a en France un Nord et un Midi, un o\u00efl et un oc.<br \/>Robert Lafont, L\u2019\u00c9tat et la langue, 2008<\/p>\n<p>C\u2019est pr\u00e9cis\u00e9ment l\u2019histoire de cette dialectique et le r\u00e9cit de la concurrence entre les diff\u00e9rentes vari\u00e9t\u00e9s de la langue occitane, que Francesca Zantedeschi nous raconte.<br \/>Si cette histoire se passe au XIXe si\u00e8cle, elle n\u2019est pas achev\u00e9e \u00e0 ce jour ; en jeu, il y a la reconnaissance de cette langue, objet d\u2019\u00e9tudes, de r\u00eaveries, de d\u00e9sirs, objet de combats id\u00e9ologiques \u00e9galement.<br \/>\u00c0 cette \u00e9poque, les concepts de nation, d\u2019\u00c9tat et de langue sont au c\u0153ur des processus de construction des \u00c9tats-nations en Europe. En France aussi la langue est mise au service de la construction nationale. Mais le fran\u00e7ais, langue officielle, langue d\u2019\u00c9tat, langue de culture, doit se mesurer avec l\u2019attention grandissante pour la langue et la culture occitanes, promues par le succ\u00e8s litt\u00e9raire de Fr\u00e9d\u00e9ric Mistral et l\u2019essor de la romanistique en Europe.<\/p>\n<p>\u00c0 Montpellier, la Soci\u00e9t\u00e9 pour l\u2019\u00e9tude des Langues Romanes voit le jour, dans le but d\u2019\u00e9tudier \u201cscientifiquement\u201d et historiquement la langue d\u2019oc. Elle se trouvera rapidement prise entre deux luttes : contre l\u2019h\u00e9g\u00e9monie que les linguistes parisiens pr\u00e9tendent exercer sur les \u00e9tudes romanes, contre l\u2019h\u00e9g\u00e9monie que le proven\u00e7al pr\u00e9tend exercer dans la renaissance d\u2019oc.<\/p>\n<p>Autor : Zantedeschi, Francesca<br \/>Linga : Franc\u00e9s<br \/>Parucion : 10\/2013<br \/>Editor : IEO<br \/>Colleccion : Textes &#038; Documents<br \/>Nb de pajas : 199<br \/>Format : 14 x 21 cm<br \/>P\u00e9s : 260 g<br \/>EAN 13 : 9782859105167<br \/><\/span><\/p>\n","protected":false},"excerpt":{"rendered":"<p>Per un trabalh rigor\u00f3s e prec\u00eds, Francesca Zantedeschi nos acompanha dins los debats d\u2019una ep\u00f2ca dont l\u2019ec\u00f2 s\u2019aus\u00eds encara u\u00e8i, subretot sus la reconeissen\u00e7a, dins un Estat-Nacion, d\u2019una lenga diferenta de la lenga oficiala.Obratge publicat amb l\u2019ajuda de la region Mi\u00e8gjorn-Piren\u00e8us Combien y a-t-il de langues et de litt\u00e9ratures dans l\u2019\u00c9tat hexagonal ? Sans n\u00e9gliger [&hellip;]<\/p>\n","protected":false},"featured_media":0,"template":"","meta":{"_acf_changed":false,"_genesis_hide_title":false,"_genesis_hide_breadcrumbs":false,"_genesis_hide_singular_image":false,"_genesis_hide_footer_widgets":false,"_genesis_custom_body_class":"","_genesis_custom_post_class":"","_genesis_layout":""},"product_brand":[],"product_cat":[7132,16135,7202],"product_tag":[],"class_list":["post-32951","product","type-product","status-publish","product_cat-books","product_cat-non-classe-en","product_cat-politics-sociology-current-affairs-en","pa_auteurs-francesc-zantedeschi","pa_editeur-ieo-fr-en","pa_editeurs-ideco","entry","first","instock","purchasable","product-type-simple"],"acf":[],"_links":{"self":[{"href":"https:\/\/www.libraria-occitana.org\/en\/wp-json\/wp\/v2\/product\/32951","targetHints":{"allow":["GET"]}}],"collection":[{"href":"https:\/\/www.libraria-occitana.org\/en\/wp-json\/wp\/v2\/product"}],"about":[{"href":"https:\/\/www.libraria-occitana.org\/en\/wp-json\/wp\/v2\/types\/product"}],"wp:attachment":[{"href":"https:\/\/www.libraria-occitana.org\/en\/wp-json\/wp\/v2\/media?parent=32951"}],"wp:term":[{"taxonomy":"product_brand","embeddable":true,"href":"https:\/\/www.libraria-occitana.org\/en\/wp-json\/wp\/v2\/product_brand?post=32951"},{"taxonomy":"product_cat","embeddable":true,"href":"https:\/\/www.libraria-occitana.org\/en\/wp-json\/wp\/v2\/product_cat?post=32951"},{"taxonomy":"product_tag","embeddable":true,"href":"https:\/\/www.libraria-occitana.org\/en\/wp-json\/wp\/v2\/product_tag?post=32951"}],"curies":[{"name":"wp","href":"https:\/\/api.w.org\/{rel}","templated":true}]}}

<p style="margin:0;"><span style="font-family:'Times New Roman';font-size:12pt;">Per un trabalh rigorós e precís, Francesca Zantedeschi nos acompanha dins los debats d’una epòca dont l’ecò s’ausís encara uèi, subretot sus la reconeissença, dins un Estat-Nacion, d’una lenga diferenta de la lenga oficiala.<br />Obratge publicat amb l’ajuda de la region Miègjorn-Pirenèus</p>
<p>Combien y a-t-il de langues et de littératures dans l’État hexagonal ? Sans négliger toutes celles qu’on dit « régionales » ou « immigrées », je ne pouvais que réduire le problème à la dialectique conflictuelle majeure, qui apparaît sur une carte comme dans l’histoire et dans le sentiment des Français. Il y a en France un Nord et un Midi, un oïl et un oc.<br />Robert Lafont, L’État et la langue, 2008</p>
<p>C’est précisément l’histoire de cette dialectique et le récit de la concurrence entre les différentes variétés de la langue occitane, que Francesca Zantedeschi nous raconte.<br />Si cette histoire se passe au XIXe siècle, elle n’est pas achevée à ce jour ; en jeu, il y a la reconnaissance de cette langue, objet d’études, de rêveries, de désirs, objet de combats idéologiques également.<br />À cette époque, les concepts de nation, d’État et de langue sont au cœur des processus de construction des États-nations en Europe. En France aussi la langue est mise au service de la construction nationale. Mais le français, langue officielle, langue d’État, langue de culture, doit se mesurer avec l’attention grandissante pour la langue et la culture occitanes, promues par le succès littéraire de Frédéric Mistral et l’essor de la romanistique en Europe.</p>
<p>À Montpellier, la Société pour l’étude des Langues Romanes voit le jour, dans le but d’étudier “scientifiquement” et historiquement la langue d’oc. Elle se trouvera rapidement prise entre deux luttes : contre l’hégémonie que les linguistes parisiens prétendent exercer sur les études romanes, contre l’hégémonie que le provençal prétend exercer dans la renaissance d’oc.</p>
<p>Autor : Zantedeschi, Francesca<br />Linga : Francés<br />Parucion : 10/2013<br />Editor : IEO<br />Colleccion : Textes &#038; Documents<br />Nb de pajas : 199<br />Format : 14 x 21 cm<br />Pés : 260 g<br />EAN 13 : 9782859105167<br /></span></p>

<p>Per un trabalh rigorós e precís, Francesca Zantedeschi nos acompanha dins los debats d’una epòca dont l’ecò s’ausís encara uèi, subretot sus la reconeissença, dins un Estat-Nacion, d’una lenga diferenta de la lenga oficiala.Obratge publicat amb l’ajuda de la region Miègjorn-Pirenèus Combien y a-t-il de langues et de littératures dans l’État hexagonal ? Sans négliger [&hellip;]</p>
