{"id":32963,"date":"2026-08-31T16:40:55","date_gmt":"2026-08-31T14:40:55","guid":{"rendered":"http:\/\/www.libraria-occitana.org\/?post_type=product&#038;p=32963\/"},"modified":"2026-08-31T16:40:58","modified_gmt":"2026-08-31T14:40:58","slug":"una-ponhada-destelas","status":"publish","type":"product","link":"https:\/\/www.libraria-occitana.org\/en\/product\/una-ponhada-destelas\/","title":{"rendered":"UNA PONHADA D&#8217;ESTELAS"},"content":{"rendered":"<p style=\"margin:0;\"><span style=\"font-family:'Times New Roman';font-size:12pt;\">Una ponhada d&#8217;estelas<\/p>\n<p>&#8220;Los sovenirs d&#8217;enfan\u00e7a treslusisson sovent de milanta bi\u00f2las : las empusa una languison tant mai dolenta que lo temps fug\u00eds. Los seus rec\u00f2rds, los trigossava ben pari\u00e8r lo Marcon ; son ligam, tant de c\u00f2r coma d&#8217;ase, amb aquela contrada d&#8217;en Peirig\u00f2rd Negre ont i \u00e8ra nascut e i avi\u00e1 crescut, embelinava encara mai son agre mainatgenc que son imaginacion i rebordelava a ne poder mai.&#8221;<\/p>\n<p>Aquel libre es un raconte de la vida dins lo camp\u00e8stre d&#8217;en Peirig\u00f2rd Negre a l&#8217;entorn de las annadas 1940, viscuda per un mainatge, mas tresmudada pels sovenirs d&#8217;un adult. Emai se lo retrach d&#8217;aquel temps se fai pel biais dels trabalhs e de las sasons, la t\u00f2ca n&#8217;es pas pedagogica, nonm\u00e0s evocadoira, po\u00ebtica tant que se p\u00f2t, e salpicada de languison de l&#8217;enfan\u00e7a, sens pas cap de vergonha.<\/p>\n<p>Autor : Fijac, Jaume<br \/>Linga : Occitan <wbr>(lengadocian)<br \/>Parucion : 10\/2014<br \/>Editor : IEO Perig\u00f2rd Novelum<br \/>Nb de pajas : 153<br \/>Format : 12,5 x 19 cm<br \/>P\u00e9s : 170 g<br \/>EAN 13 : 9782917451212<br \/><\/span><\/p>\n","protected":false},"excerpt":{"rendered":"<p>Una ponhada d&#8217;estelas &#8220;Los sovenirs d&#8217;enfan\u00e7a treslusisson sovent de milanta bi\u00f2las : las empusa una languison tant mai dolenta que lo temps fug\u00eds. Los seus rec\u00f2rds, los trigossava ben pari\u00e8r lo Marcon ; son ligam, tant de c\u00f2r coma d&#8217;ase, amb aquela contrada d&#8217;en Peirig\u00f2rd Negre ont i \u00e8ra nascut e i avi\u00e1 crescut, embelinava [&hellip;]<\/p>\n","protected":false},"featured_media":0,"template":"","meta":{"_acf_changed":false,"_genesis_hide_title":false,"_genesis_hide_breadcrumbs":false,"_genesis_hide_singular_image":false,"_genesis_hide_footer_widgets":false,"_genesis_custom_body_class":"","_genesis_custom_post_class":"","_genesis_layout":""},"product_brand":[],"product_cat":[7132,7174,16135,7186],"product_tag":[],"class_list":["post-32963","product","type-product","status-publish","product_cat-books","product_cat-literature-en","product_cat-non-classe-en","product_cat-personal-narratives-memoirs-en","pa_auteurs-fijac-jacme","pa_editeurs-novelum-ieo","entry","first","instock","purchasable","product-type-simple"],"acf":[],"_links":{"self":[{"href":"https:\/\/www.libraria-occitana.org\/en\/wp-json\/wp\/v2\/product\/32963","targetHints":{"allow":["GET"]}}],"collection":[{"href":"https:\/\/www.libraria-occitana.org\/en\/wp-json\/wp\/v2\/product"}],"about":[{"href":"https:\/\/www.libraria-occitana.org\/en\/wp-json\/wp\/v2\/types\/product"}],"wp:attachment":[{"href":"https:\/\/www.libraria-occitana.org\/en\/wp-json\/wp\/v2\/media?parent=32963"}],"wp:term":[{"taxonomy":"product_brand","embeddable":true,"href":"https:\/\/www.libraria-occitana.org\/en\/wp-json\/wp\/v2\/product_brand?post=32963"},{"taxonomy":"product_cat","embeddable":true,"href":"https:\/\/www.libraria-occitana.org\/en\/wp-json\/wp\/v2\/product_cat?post=32963"},{"taxonomy":"product_tag","embeddable":true,"href":"https:\/\/www.libraria-occitana.org\/en\/wp-json\/wp\/v2\/product_tag?post=32963"}],"curies":[{"name":"wp","href":"https:\/\/api.w.org\/{rel}","templated":true}]}}

<p style="margin:0;"><span style="font-family:'Times New Roman';font-size:12pt;">Una ponhada d&#8217;estelas</p>
<p>&#8220;Los sovenirs d&#8217;enfança treslusisson sovent de milanta biòlas : las empusa una languison tant mai dolenta que lo temps fugís. Los seus recòrds, los trigossava ben parièr lo Marcon ; son ligam, tant de còr coma d&#8217;ase, amb aquela contrada d&#8217;en Peirigòrd Negre ont i èra nascut e i aviá crescut, embelinava encara mai son agre mainatgenc que son imaginacion i rebordelava a ne poder mai.&#8221;</p>
<p>Aquel libre es un raconte de la vida dins lo campèstre d&#8217;en Peirigòrd Negre a l&#8217;entorn de las annadas 1940, viscuda per un mainatge, mas tresmudada pels sovenirs d&#8217;un adult. Emai se lo retrach d&#8217;aquel temps se fai pel biais dels trabalhs e de las sasons, la tòca n&#8217;es pas pedagogica, nonmàs evocadoira, poëtica tant que se pòt, e salpicada de languison de l&#8217;enfança, sens pas cap de vergonha.</p>
<p>Autor : Fijac, Jaume<br />Linga : Occitan <wbr>(lengadocian)<br />Parucion : 10/2014<br />Editor : IEO Perigòrd Novelum<br />Nb de pajas : 153<br />Format : 12,5 x 19 cm<br />Pés : 170 g<br />EAN 13 : 9782917451212<br /></span></p>

<p>Una ponhada d&#8217;estelas &#8220;Los sovenirs d&#8217;enfança treslusisson sovent de milanta biòlas : las empusa una languison tant mai dolenta que lo temps fugís. Los seus recòrds, los trigossava ben parièr lo Marcon ; son ligam, tant de còr coma d&#8217;ase, amb aquela contrada d&#8217;en Peirigòrd Negre ont i èra nascut e i aviá crescut, embelinava [&hellip;]</p>
