{"id":33028,"date":"1999-01-18T13:15:44","date_gmt":"1999-01-18T12:15:44","guid":{"rendered":"http:\/\/www.libraria-occitana.org\/?post_type=product&#038;p=33028\/"},"modified":"2026-04-26T02:51:33","modified_gmt":"2026-04-26T00:51:33","slug":"tresors-doccitanie-frederic-mistral-morceaux-choisis-dits-par-armand-meffre","status":"publish","type":"product","link":"https:\/\/www.libraria-occitana.org\/en\/product\/tresors-doccitanie-frederic-mistral-morceaux-choisis-dits-par-armand-meffre\/","title":{"rendered":"Tr\u00e9sors d&#8217;Occitanie : Fr\u00e9d\u00e9ric Mistral, morceaux choisis dits par Armand Meffre"},"content":{"rendered":"<p>N\u00e9 le 8 septembre 1830 \u00e0 Maillane, Fr\u00e9d\u00e9ric Mistral est le p\u00e8re fondateur du F\u00e9librige. Si l&#8217;auteur de <em>Calendau<\/em> est le plus connu des \u00e9crivains de langue d&#8217;Oc gr\u00e2ce \u00e0 son Prix Nobel de litt\u00e9rature obtenu en 1904, <em>Mir\u00e8io<\/em> reste le chef-d&#8217;\u0153uvre le plus populaire du Ma\u00eetre que Lamartine r\u00e9v\u00e9la au monde dans son 40e entretien.<br \/>\nMistral est mort \u00e0 Maillane le 25 mars 1914.<br \/>\nLa voix du grand com\u00e9dien Armand Meffre restitue ici le verbe et l&#8217;\u00e2me du po\u00e8te, avec non seulement un immense talent mais avec l&#8217;accent de l&#8217;\u00e9motion.<\/p>\n<p>Disque-compact et livre 96 pages avec traductions \u00e0 l&#8217;int\u00e9rieur.<\/p>\n<p><strong>Extrachs de :<\/strong><br \/>\n&#8211; <a href=\"http:\/\/www.libraria-occitana.org\/produit\/mireio-mireille\/\"><em>Mir\u00e8io<\/em><\/a><br \/>\n&#8211; <a href=\"http:\/\/www.libraria-occitana.org\/produit\/calendal\/\"><em>Calendau<\/em><\/a><br \/>\n&#8211; <em>Lis isclo d&#8217;or<\/em><br \/>\n&#8211; <em>Nerto<\/em><br \/>\n&#8211; <a href=\"http:\/\/www.libraria-occitana.org\/produit\/le-poeme-du-rhone-edition-bilingue\/\"><em>Lou pou\u00e8mo d\u00f3u Rose<\/em><\/a><br \/>\n&#8211; <em>Lis oulivado<\/em><\/p>\n","protected":false},"excerpt":{"rendered":"<p>N\u00e9 le 8 septembre 1830 \u00e0 Maillane, Fr\u00e9d\u00e9ric Mistral est le p\u00e8re fondateur du F\u00e9librige. Si l&#8217;auteur de Calendau est le plus connu des \u00e9crivains de langue d&#8217;Oc gr\u00e2ce \u00e0 son Prix Nobel de litt\u00e9rature obtenu en 1904, Mir\u00e8io reste le chef-d&#8217;\u0153uvre le plus populaire du Ma\u00eetre que Lamartine r\u00e9v\u00e9la au monde dans son 40e [&hellip;]<\/p>\n","protected":false},"featured_media":53002,"template":"","meta":{"_acf_changed":false,"_genesis_hide_title":false,"_genesis_hide_breadcrumbs":false,"_genesis_hide_singular_image":false,"_genesis_hide_footer_widgets":false,"_genesis_custom_body_class":"","_genesis_custom_post_class":"","_genesis_layout":""},"product_brand":[],"product_cat":[7224,7216],"product_tag":[],"class_list":{"0":"post-33028","1":"product","2":"type-product","3":"status-publish","4":"has-post-thumbnail","6":"product_cat-litterature-musique-en","7":"product_cat-music-en","8":"pa_auteur-mistral-frederic-en","9":"pa_editeur-occitania-produccions-en","10":"pa_illustrateur-meffre-armand-1-en","11":"pa_langue-occitan-provencau-en","12":"pa_langue-occitan-francais-en","13":"entry","15":"first","16":"instock","17":"shipping-taxable","18":"purchasable","19":"product-type-simple"},"acf":[],"_links":{"self":[{"href":"https:\/\/www.libraria-occitana.org\/en\/wp-json\/wp\/v2\/product\/33028","targetHints":{"allow":["GET"]}}],"collection":[{"href":"https:\/\/www.libraria-occitana.org\/en\/wp-json\/wp\/v2\/product"}],"about":[{"href":"https:\/\/www.libraria-occitana.org\/en\/wp-json\/wp\/v2\/types\/product"}],"wp:featuredmedia":[{"embeddable":true,"href":"https:\/\/www.libraria-occitana.org\/en\/wp-json\/wp\/v2\/media\/53002"}],"wp:attachment":[{"href":"https:\/\/www.libraria-occitana.org\/en\/wp-json\/wp\/v2\/media?parent=33028"}],"wp:term":[{"taxonomy":"product_brand","embeddable":true,"href":"https:\/\/www.libraria-occitana.org\/en\/wp-json\/wp\/v2\/product_brand?post=33028"},{"taxonomy":"product_cat","embeddable":true,"href":"https:\/\/www.libraria-occitana.org\/en\/wp-json\/wp\/v2\/product_cat?post=33028"},{"taxonomy":"product_tag","embeddable":true,"href":"https:\/\/www.libraria-occitana.org\/en\/wp-json\/wp\/v2\/product_tag?post=33028"}],"curies":[{"name":"wp","href":"https:\/\/api.w.org\/{rel}","templated":true}]}}

Trésors d&#8217;Occitanie : Frédéric Mistral, morceaux choisis dits par Armand Meffre

<p>Né le 8 septembre 1830 à Maillane, Frédéric Mistral est le père fondateur du Félibrige. Si l&#8217;auteur de <em>Calendau</em> est le plus connu des écrivains de langue d&#8217;Oc grâce à son Prix Nobel de littérature obtenu en 1904, <em>Mirèio</em> reste le chef-d&#8217;œuvre le plus populaire du Maître que Lamartine révéla au monde dans son 40e entretien.<br />
Mistral est mort à Maillane le 25 mars 1914.<br />
La voix du grand comédien Armand Meffre restitue ici le verbe et l&#8217;âme du poète, avec non seulement un immense talent mais avec l&#8217;accent de l&#8217;émotion.</p>
<p>Disque-compact et livre 96 pages avec traductions à l&#8217;intérieur.</p>
<p><strong>Extrachs de :</strong><br />
&#8211; <a href="http://www.libraria-occitana.org/produit/mireio-mireille/"><em>Mirèio</em></a><br />
&#8211; <a href="http://www.libraria-occitana.org/produit/calendal/"><em>Calendau</em></a><br />
&#8211; <em>Lis isclo d&#8217;or</em><br />
&#8211; <em>Nerto</em><br />
&#8211; <a href="http://www.libraria-occitana.org/produit/le-poeme-du-rhone-edition-bilingue/"><em>Lou pouèmo dóu Rose</em></a><br />
&#8211; <em>Lis oulivado</em></p>

<p>Né le 8 septembre 1830 à Maillane, Frédéric Mistral est le père fondateur du Félibrige. Si l&#8217;auteur de Calendau est le plus connu des écrivains de langue d&#8217;Oc grâce à son Prix Nobel de littérature obtenu en 1904, Mirèio reste le chef-d&#8217;œuvre le plus populaire du Maître que Lamartine révéla au monde dans son 40e [&hellip;]</p>
