{"id":33081,"date":"2026-08-31T17:28:29","date_gmt":"2026-08-31T15:28:29","guid":{"rendered":"http:\/\/www.libraria-occitana.org\/?post_type=product&#038;p=33081\/"},"modified":"2026-08-31T17:28:31","modified_gmt":"2026-08-31T15:28:31","slug":"talka-tum","status":"publish","type":"product","link":"https:\/\/www.libraria-occitana.org\/en\/product\/talka-tum\/","title":{"rendered":"TALKA TUM"},"content":{"rendered":"<p style=\"margin:0;\"><span style=\"font-family:'Times New Roman';font-size:12pt;\">Talka tum<\/p>\n<p>Joan Baudoin : boha, bohassa, fl\u00fbte &#038; tambourin \u00e0 cordes<br \/>Juan Ezeiza : violon, albokas<br \/>Simon Guillaumin : vielle \u00e0 roue, chant<br \/>Lucia Longu\u00e9 : boha, fl\u00fbte, besson, accord\u00e9on diatonique, chant<br \/>Josean Martin : guitare, bouzouki<\/p>\n<p>TUM<br \/>La pen\u00ednsula iberica qu\u2019ei un rad de p\u00e8iras qui tum\u00e0 b\u00e8th temps a l\u2019Eur\u00f2pa, ce dis\u00e8 Jos\u00e9 Saramango. D\u2019aquesta tumada, salhish\u00f3n los Piren\u00e8us. D\u2019aquiu bascos e gascons s\u2019aconsi\u00e0n de l\u2019ua part e de l\u2019auta de las montanhas.<br \/>Que\u2019vs convidam dongas a vi\u00e9ner v\u00edver amassas, aquesta urosa tumada enter duas culturas qui partatjan la medisha origina, lo lor encontre arron arrasics comuns, ua segotida enter tradicions de g\u00e8r e de uei lo dia, un desf\u00eds pacific enter instruments, armonias e costumas. Puish, en tot l\u00e9ger, lo rad de Saramago ne daisha pas de percutir lo continent dab ars\u00e8c.<\/p>\n<p>TALKA<br \/>Jos\u00e9 Saramagok zioen penintsula iberikoa Europaren kontra talka egiten duen harrizko baltsa dela. Pirinioak ditugu talka horren ondorio. Mendi horien bi aldeotan euskaldunak eta gaskoiak gaude, talkak elkartuak.<br \/>Sorburu bereko bi kulturen talka pozgarria, beren sustraien inguruko bilera, atzo eta gaurko tradizioen topaketa eta musika-tresnen, armonien eta izaeren arteko erronka baketsua bizitzera gonbidatzen zaitugu. Bitartean, Saramagoren baltsak zorionez kontinentearen kontra talka egiten jarraitzen du.<\/p>\n<p>COLISI\u00d3N<br \/>Dec\u00eda Jos\u00e9 Saramago que la pen\u00ednsula ib\u00e9rica es una balsa de piedra que choca contra Europa. Fruto de esa colisi\u00f3n se alzan los Pirineos. A ambos lados nos encontramos vascos y gascones, unidos por un choque.<br \/>Te invitamos a vivir la colisi\u00f3n gozosa de dos culturas con un origen com\u00fan, la reuni\u00f3n en torno a sus ra\u00edces, el choque entre las tradiciones de ayer y hoy, el desaf\u00edo pac\u00edfico entre instrumentos, armon\u00edas y modos de hacer mientras, afortunadamente, la balsa de Saramago sigue chocando contra el continente.<\/p>\n<p>COLLISION<br \/>Jos\u00e9 Saramago disait que la p\u00e9ninsule Ib\u00e9rique est un radeau de pierre percutant l\u2019Europe. De cette collision surgirent les Pyr\u00e9n\u00e9es. De part et d&#8217;autre de ces montagnes vivent basques et gascons, unis par ce choc.<br \/>Nous vous invitons \u00e0 vivre l&#8217;heureuse collision de deux cultures qui ont la m\u00eame origine, leur rencontre autour de racines communes, le choc entre les traditions d&#8217;hier et d&#8217;aujourd&#8217;hui, le d\u00e9fi pacifique entre instruments, harmonies et coutumes. Et pendant ce temps le radeau de Saramago continue avec la m\u00eame bonheur de heurter le continent.<\/p>\n<p>COLLISION<br \/>Jos\u00e9 Saramago said that the Iberian peninsula is like a stone raft colliding with Europe. As a result of this collision the Pyrenees emerge. On both sides of these mountains live Basques and Gascons, joimed by a collision.<br \/>We invite you to live the joyful collision of two cultures with the same origin, their meeting around common roots, the crash between yesterday\u2019s and today\u2019s traditions, the peaceful sparring among instruments, harmonies and different ways of doing. Meanwhile, Saramago\u2019s stone raft keeps on fortunately colliding with the continent.<\/p>\n<p>Titres :<br \/>1. Las damis\u00e8las deu borg nau \/ Auzo berriko andere\u00f1oak 05&#8217;15<br \/>2. Atzo goizean \/ Mon p\u00e8re m\u2019a prom\u00e9s un don 04&#8217;54<br \/>3. Errege Jan \/ Lo rei Joan 06&#8217;58<br \/>4. Fandago aparta \/ Fandango plan 05&#8217;32<br \/>5. On t\u2019en vas pastoroleta ? \/ Nora zoaz artzaintsa ? 04&#8217;21<br \/>6. Txilibrin 03&#8217;49<br \/>7. Oxinaren azpian \/ En devath de las ortigas 05&#8217;57<br \/>8. Arin Arin deus pastors 11&#8217;28<\/p>\n<p>Autor : Xarnege<br \/>Linga : Occitan <wbr>(gascon) &#8211; Basque<br \/>Parucion : 2014<br \/>Editor : Pyrene<br \/>Format : DigiPack<br \/>P\u00e9s : 88 g<br \/>EAN 13 : 8433391024416<br \/><\/span><\/p>\n","protected":false},"excerpt":{"rendered":"<p>Talka tum Joan Baudoin : boha, bohassa, fl\u00fbte &#038; tambourin \u00e0 cordesJuan Ezeiza : violon, albokasSimon Guillaumin : vielle \u00e0 roue, chantLucia Longu\u00e9 : boha, fl\u00fbte, besson, accord\u00e9on diatonique, chantJosean Martin : guitare, bouzouki TUMLa pen\u00ednsula iberica qu\u2019ei un rad de p\u00e8iras qui tum\u00e0 b\u00e8th temps a l\u2019Eur\u00f2pa, ce dis\u00e8 Jos\u00e9 Saramango. D\u2019aquesta tumada, salhish\u00f3n [&hellip;]<\/p>\n","protected":false},"featured_media":0,"template":"","meta":{"_acf_changed":false,"_genesis_hide_title":false,"_genesis_hide_breadcrumbs":false,"_genesis_hide_singular_image":false,"_genesis_hide_footer_widgets":false,"_genesis_custom_body_class":"","_genesis_custom_post_class":"","_genesis_layout":""},"product_brand":[],"product_cat":[7228,7216,16135],"product_tag":[],"class_list":["post-33081","product","type-product","status-publish","product_cat-modern-folk-en","product_cat-music-en","product_cat-non-classe-en","pa_auteur-xarnege-en","pa_editeur-pyrene-en","entry","first","instock","purchasable","product-type-simple"],"acf":[],"_links":{"self":[{"href":"https:\/\/www.libraria-occitana.org\/en\/wp-json\/wp\/v2\/product\/33081","targetHints":{"allow":["GET"]}}],"collection":[{"href":"https:\/\/www.libraria-occitana.org\/en\/wp-json\/wp\/v2\/product"}],"about":[{"href":"https:\/\/www.libraria-occitana.org\/en\/wp-json\/wp\/v2\/types\/product"}],"wp:attachment":[{"href":"https:\/\/www.libraria-occitana.org\/en\/wp-json\/wp\/v2\/media?parent=33081"}],"wp:term":[{"taxonomy":"product_brand","embeddable":true,"href":"https:\/\/www.libraria-occitana.org\/en\/wp-json\/wp\/v2\/product_brand?post=33081"},{"taxonomy":"product_cat","embeddable":true,"href":"https:\/\/www.libraria-occitana.org\/en\/wp-json\/wp\/v2\/product_cat?post=33081"},{"taxonomy":"product_tag","embeddable":true,"href":"https:\/\/www.libraria-occitana.org\/en\/wp-json\/wp\/v2\/product_tag?post=33081"}],"curies":[{"name":"wp","href":"https:\/\/api.w.org\/{rel}","templated":true}]}}

<p style="margin:0;"><span style="font-family:'Times New Roman';font-size:12pt;">Talka tum</p>
<p>Joan Baudoin : boha, bohassa, flûte &#038; tambourin à cordes<br />Juan Ezeiza : violon, albokas<br />Simon Guillaumin : vielle à roue, chant<br />Lucia Longué : boha, flûte, besson, accordéon diatonique, chant<br />Josean Martin : guitare, bouzouki</p>
<p>TUM<br />La península iberica qu’ei un rad de pèiras qui tumà bèth temps a l’Euròpa, ce disè José Saramango. D’aquesta tumada, salhishón los Pirenèus. D’aquiu bascos e gascons s’aconsiàn de l’ua part e de l’auta de las montanhas.<br />Que’vs convidam dongas a viéner víver amassas, aquesta urosa tumada enter duas culturas qui partatjan la medisha origina, lo lor encontre arron arrasics comuns, ua segotida enter tradicions de gèr e de uei lo dia, un desfís pacific enter instruments, armonias e costumas. Puish, en tot léger, lo rad de Saramago ne daisha pas de percutir lo continent dab arsèc.</p>
<p>TALKA<br />José Saramagok zioen penintsula iberikoa Europaren kontra talka egiten duen harrizko baltsa dela. Pirinioak ditugu talka horren ondorio. Mendi horien bi aldeotan euskaldunak eta gaskoiak gaude, talkak elkartuak.<br />Sorburu bereko bi kulturen talka pozgarria, beren sustraien inguruko bilera, atzo eta gaurko tradizioen topaketa eta musika-tresnen, armonien eta izaeren arteko erronka baketsua bizitzera gonbidatzen zaitugu. Bitartean, Saramagoren baltsak zorionez kontinentearen kontra talka egiten jarraitzen du.</p>
<p>COLISIÓN<br />Decía José Saramago que la península ibérica es una balsa de piedra que choca contra Europa. Fruto de esa colisión se alzan los Pirineos. A ambos lados nos encontramos vascos y gascones, unidos por un choque.<br />Te invitamos a vivir la colisión gozosa de dos culturas con un origen común, la reunión en torno a sus raíces, el choque entre las tradiciones de ayer y hoy, el desafío pacífico entre instrumentos, armonías y modos de hacer mientras, afortunadamente, la balsa de Saramago sigue chocando contra el continente.</p>
<p>COLLISION<br />José Saramago disait que la péninsule Ibérique est un radeau de pierre percutant l’Europe. De cette collision surgirent les Pyrénées. De part et d&#8217;autre de ces montagnes vivent basques et gascons, unis par ce choc.<br />Nous vous invitons à vivre l&#8217;heureuse collision de deux cultures qui ont la même origine, leur rencontre autour de racines communes, le choc entre les traditions d&#8217;hier et d&#8217;aujourd&#8217;hui, le défi pacifique entre instruments, harmonies et coutumes. Et pendant ce temps le radeau de Saramago continue avec la même bonheur de heurter le continent.</p>
<p>COLLISION<br />José Saramago said that the Iberian peninsula is like a stone raft colliding with Europe. As a result of this collision the Pyrenees emerge. On both sides of these mountains live Basques and Gascons, joimed by a collision.<br />We invite you to live the joyful collision of two cultures with the same origin, their meeting around common roots, the crash between yesterday’s and today’s traditions, the peaceful sparring among instruments, harmonies and different ways of doing. Meanwhile, Saramago’s stone raft keeps on fortunately colliding with the continent.</p>
<p>Titres :<br />1. Las damisèlas deu borg nau / Auzo berriko andereñoak 05&#8217;15<br />2. Atzo goizean / Mon père m’a promés un don 04&#8217;54<br />3. Errege Jan / Lo rei Joan 06&#8217;58<br />4. Fandago aparta / Fandango plan 05&#8217;32<br />5. On t’en vas pastoroleta ? / Nora zoaz artzaintsa ? 04&#8217;21<br />6. Txilibrin 03&#8217;49<br />7. Oxinaren azpian / En devath de las ortigas 05&#8217;57<br />8. Arin Arin deus pastors 11&#8217;28</p>
<p>Autor : Xarnege<br />Linga : Occitan <wbr>(gascon) &#8211; Basque<br />Parucion : 2014<br />Editor : Pyrene<br />Format : DigiPack<br />Pés : 88 g<br />EAN 13 : 8433391024416<br /></span></p>

<p>Talka tum Joan Baudoin : boha, bohassa, flûte &#038; tambourin à cordesJuan Ezeiza : violon, albokasSimon Guillaumin : vielle à roue, chantLucia Longué : boha, flûte, besson, accordéon diatonique, chantJosean Martin : guitare, bouzouki TUMLa península iberica qu’ei un rad de pèiras qui tumà bèth temps a l’Euròpa, ce disè José Saramango. D’aquesta tumada, salhishón [&hellip;]</p>
