{"id":33186,"date":"2026-08-31T16:34:29","date_gmt":"2026-08-31T14:34:29","guid":{"rendered":"http:\/\/www.libraria-occitana.org\/?post_type=product&#038;p=33186\/"},"modified":"2026-08-31T16:34:33","modified_gmt":"2026-08-31T14:34:33","slug":"sudrat-la-ferme-ensevelie","status":"publish","type":"product","link":"https:\/\/www.libraria-occitana.org\/en\/product\/sudrat-la-ferme-ensevelie\/","title":{"rendered":"SUDRAT LA FERME ENSEVELIE"},"content":{"rendered":"<p style=\"margin:0;\"><span style=\"font-family:'Times New Roman';font-size:12pt;\">Le sujet de l\u2019ouvrage est tir\u00e9 de la suite exceptionnelle et saisissante d\u2019un millier de photographies argentiques que j\u2019ai consacr\u00e9es, entre 1997 et 1998, de fa\u00e7on souvent impromptue, \u00e0 mes parents agriculteurs. \u00c0 la fin de leur existence, ils vivaient, alors, dans la sangle trac\u00e9e de leurs derniers jours, confront\u00e9s, avec la r\u00e9signation poignante d\u2019un d\u00e9part in\u00e9luctable, aux ultimes gestes de leur vie paysanne accomplie.<br \/>Sudrat, la ferme ensevelie apporte un t\u00e9moignage personnel sur un sujet universel : la fin d\u2019un hameau et les derniers instants, il y a dix ans, de l\u2019une de ces toutes derni\u00e8res petites exploitations familiales qui, en P\u00e9rigord, comme ailleurs, auront \u00e9t\u00e9 lamin\u00e9es l\u2019une apr\u00e8s l\u2019autre, dans l\u2019indiff\u00e9rence et la voracit\u00e9 du si\u00e8cle finissant.<\/p>\n<p>Autor : Linfort, Jean-Michel<br \/>Illustracions : Linfort, Jean-Michel<br \/>Linga : Franc\u00e9s<br \/>Parucion : 07\/2008<br \/>Editor : Fanlac<br \/>Nb de pajas : 115<br \/>Format : 20 x 20 cm<br \/>P\u00e9s : 340 g<br \/>EAN 13 : 9782865772636<br \/><\/span><\/p>\n","protected":false},"excerpt":{"rendered":"<p>Le sujet de l\u2019ouvrage est tir\u00e9 de la suite exceptionnelle et saisissante d\u2019un millier de photographies argentiques que j\u2019ai consacr\u00e9es, entre 1997 et 1998, de fa\u00e7on souvent impromptue, \u00e0 mes parents agriculteurs. \u00c0 la fin de leur existence, ils vivaient, alors, dans la sangle trac\u00e9e de leurs derniers jours, confront\u00e9s, avec la r\u00e9signation poignante d\u2019un [&hellip;]<\/p>\n","protected":false},"featured_media":0,"template":"","meta":{"_acf_changed":false,"_genesis_hide_title":false,"_genesis_hide_breadcrumbs":false,"_genesis_hide_singular_image":false,"_genesis_hide_footer_widgets":false,"_genesis_custom_body_class":"","_genesis_custom_post_class":"","_genesis_layout":""},"product_brand":[],"product_cat":[7134,7132,16135],"product_tag":[],"class_list":["post-33186","product","type-product","status-publish","product_cat-arts-en","product_cat-books","product_cat-non-classe-en","pa_auteur-linfort-jean-michel-fr-en","entry","first","instock","purchasable","product-type-simple"],"acf":[],"_links":{"self":[{"href":"https:\/\/www.libraria-occitana.org\/en\/wp-json\/wp\/v2\/product\/33186","targetHints":{"allow":["GET"]}}],"collection":[{"href":"https:\/\/www.libraria-occitana.org\/en\/wp-json\/wp\/v2\/product"}],"about":[{"href":"https:\/\/www.libraria-occitana.org\/en\/wp-json\/wp\/v2\/types\/product"}],"wp:attachment":[{"href":"https:\/\/www.libraria-occitana.org\/en\/wp-json\/wp\/v2\/media?parent=33186"}],"wp:term":[{"taxonomy":"product_brand","embeddable":true,"href":"https:\/\/www.libraria-occitana.org\/en\/wp-json\/wp\/v2\/product_brand?post=33186"},{"taxonomy":"product_cat","embeddable":true,"href":"https:\/\/www.libraria-occitana.org\/en\/wp-json\/wp\/v2\/product_cat?post=33186"},{"taxonomy":"product_tag","embeddable":true,"href":"https:\/\/www.libraria-occitana.org\/en\/wp-json\/wp\/v2\/product_tag?post=33186"}],"curies":[{"name":"wp","href":"https:\/\/api.w.org\/{rel}","templated":true}]}}

<p style="margin:0;"><span style="font-family:'Times New Roman';font-size:12pt;">Le sujet de l’ouvrage est tiré de la suite exceptionnelle et saisissante d’un millier de photographies argentiques que j’ai consacrées, entre 1997 et 1998, de façon souvent impromptue, à mes parents agriculteurs. À la fin de leur existence, ils vivaient, alors, dans la sangle tracée de leurs derniers jours, confrontés, avec la résignation poignante d’un départ inéluctable, aux ultimes gestes de leur vie paysanne accomplie.<br />Sudrat, la ferme ensevelie apporte un témoignage personnel sur un sujet universel : la fin d’un hameau et les derniers instants, il y a dix ans, de l’une de ces toutes dernières petites exploitations familiales qui, en Périgord, comme ailleurs, auront été laminées l’une après l’autre, dans l’indifférence et la voracité du siècle finissant.</p>
<p>Autor : Linfort, Jean-Michel<br />Illustracions : Linfort, Jean-Michel<br />Linga : Francés<br />Parucion : 07/2008<br />Editor : Fanlac<br />Nb de pajas : 115<br />Format : 20 x 20 cm<br />Pés : 340 g<br />EAN 13 : 9782865772636<br /></span></p>

<p>Le sujet de l’ouvrage est tiré de la suite exceptionnelle et saisissante d’un millier de photographies argentiques que j’ai consacrées, entre 1997 et 1998, de façon souvent impromptue, à mes parents agriculteurs. À la fin de leur existence, ils vivaient, alors, dans la sangle tracée de leurs derniers jours, confrontés, avec la résignation poignante d’un [&hellip;]</p>
