{"id":33253,"date":"2026-08-31T16:56:17","date_gmt":"2026-08-31T14:56:17","guid":{"rendered":"http:\/\/www.libraria-occitana.org\/?post_type=product&#038;p=33253\/"},"modified":"2026-08-31T16:56:21","modified_gmt":"2026-08-31T14:56:21","slug":"rene-nelli-et-les-cahiers-du-sud","status":"publish","type":"product","link":"https:\/\/www.libraria-occitana.org\/en\/product\/rene-nelli-et-les-cahiers-du-sud\/","title":{"rendered":"RENE NELLI ET LES CAHIERS DU SUD"},"content":{"rendered":"<p style=\"margin:0;\"><span style=\"font-family:'Times New Roman';font-size:12pt;\">Ren\u00e9 Nelli et les Cahiers du Sud<\/p>\n<p>Jean Ballard, le fondateur marseillais des Cahiers du Sud, connaissait bien Fran\u00e7ois-Paul Alibert, correspondait d\u00e9j\u00e0 avec Jo\u00eb Bousquet, lorsqu\u2019il fit, en 1930, la connaissance de Ren\u00e9 Nelli qui allait devenir l\u2019un des collaborateurs les plus fertiles de la grande revue. La tr\u00e8s longue pr\u00e9paration du num\u00e9ro &#8220;Le G\u00e9nie d\u2019Oc et l\u2019homme m\u00e9diterran\u00e9en&#8221; <wbr>(1942) puis de &#8220;Lumi\u00e8re du Graal&#8221; <wbr>(1951) fut l\u2019occasion d\u2019approfondir une relation aussi amicale qu\u2019intellectuelle. Cette fid\u00e9lit\u00e9 se perp\u00e9tua jusqu\u2019au dernier num\u00e9ro des Cahiers, en 1966, o\u00f9 Ren\u00e9 Nelli rend hommage \u00e0 la pens\u00e9e d\u2019Andr\u00e9 Breton.<br \/>Tr\u00e8s t\u00f4t, d\u00e8s les ann\u00e9es trente, Ren\u00e9 Nelli <wbr>(n\u00e9 en 1906) eut la prescience claire des lignes majeures de son oeuvre, il se veut tout \u00e0 la fois po\u00e8te, esth\u00e9ticien de la po\u00e9sie, historien et, surtout, penseur du catharisme et de l\u2019amour courtois, ethnographe de la culture d\u2019oc. Les Cahiers du Sud accueillirent en trente-cinq ann\u00e9es d\u2019une collaboration tr\u00e8s riche les textes qui condensent dans tout l\u2019\u00e9clat de leur \u00e9tat natif, les grandes d\u00e9couvertes sur ces diff\u00e9rentes voies. En cela la r\u00e9union de tous les articles de Ren\u00e9 Nelli constitue \u00e0 ce jour la meilleure introduction \u00e0 cette oeuvre, secr\u00e8te en d\u00e9pit de ses succ\u00e8s publics, d\u00e9routante par sa diversit\u00e9 m\u00eame.<br \/>Daniel Fabre et Jean-Pierre Pini\u00e8s pr\u00e9sentent cet ensemble et introduisent chacun de ses versants pour le lecteur d\u2019aujourd\u2019hui.<\/p>\n<p>Complement de titre : Textes pour les Cahiers du Sud choisis et pr\u00e9sent\u00e9s par&nbsp; Daniel Fabre et Jean-pierre Pini\u00e8s<br \/>Autor : Nelli, Ren\u00e9 ; Fabre, Daniel ; Pini\u00e8s, Jean-Pierre<br \/>Linga : Franc\u00e9s<br \/>Parucion : 10\/1987<br \/>Editor : Garae H\u00e9siode<br \/>Nb de pajas : 259<br \/>Format : 14,5 x 22 cm<br \/>P\u00e9s : 406 g<br \/>ISBN 10 : 290615606X<br \/><\/span><\/p>\n","protected":false},"excerpt":{"rendered":"<p>Ren\u00e9 Nelli et les Cahiers du Sud Jean Ballard, le fondateur marseillais des Cahiers du Sud, connaissait bien Fran\u00e7ois-Paul Alibert, correspondait d\u00e9j\u00e0 avec Jo\u00eb Bousquet, lorsqu\u2019il fit, en 1930, la connaissance de Ren\u00e9 Nelli qui allait devenir l\u2019un des collaborateurs les plus fertiles de la grande revue. La tr\u00e8s longue pr\u00e9paration du num\u00e9ro &#8220;Le G\u00e9nie [&hellip;]<\/p>\n","protected":false},"featured_media":0,"template":"","meta":{"_acf_changed":false,"_genesis_hide_title":false,"_genesis_hide_breadcrumbs":false,"_genesis_hide_singular_image":false,"_genesis_hide_footer_widgets":false,"_genesis_custom_body_class":"","_genesis_custom_post_class":"","_genesis_layout":""},"product_brand":[],"product_cat":[7188,7132,7174,16135],"product_tag":[],"class_list":["post-33253","product","type-product","status-publish","product_cat-arts-studies-en","product_cat-books","product_cat-literature-en","product_cat-non-classe-en","pa_auteur-fabre-daniel-en","pa_auteur-nelli-renat-en","pa_auteur-pinies-jean-pierre-en","pa_auteurs-nelli-rene-fabre-daniel-pinies-jean-pierre","pa_editeur-garae-hesiode-en","pa_langue-francais-en","entry","first","outofstock","purchasable","product-type-simple"],"acf":[],"_links":{"self":[{"href":"https:\/\/www.libraria-occitana.org\/en\/wp-json\/wp\/v2\/product\/33253","targetHints":{"allow":["GET"]}}],"collection":[{"href":"https:\/\/www.libraria-occitana.org\/en\/wp-json\/wp\/v2\/product"}],"about":[{"href":"https:\/\/www.libraria-occitana.org\/en\/wp-json\/wp\/v2\/types\/product"}],"wp:attachment":[{"href":"https:\/\/www.libraria-occitana.org\/en\/wp-json\/wp\/v2\/media?parent=33253"}],"wp:term":[{"taxonomy":"product_brand","embeddable":true,"href":"https:\/\/www.libraria-occitana.org\/en\/wp-json\/wp\/v2\/product_brand?post=33253"},{"taxonomy":"product_cat","embeddable":true,"href":"https:\/\/www.libraria-occitana.org\/en\/wp-json\/wp\/v2\/product_cat?post=33253"},{"taxonomy":"product_tag","embeddable":true,"href":"https:\/\/www.libraria-occitana.org\/en\/wp-json\/wp\/v2\/product_tag?post=33253"}],"curies":[{"name":"wp","href":"https:\/\/api.w.org\/{rel}","templated":true}]}}

<p style="margin:0;"><span style="font-family:'Times New Roman';font-size:12pt;">René Nelli et les Cahiers du Sud</p>
<p>Jean Ballard, le fondateur marseillais des Cahiers du Sud, connaissait bien François-Paul Alibert, correspondait déjà avec Joë Bousquet, lorsqu’il fit, en 1930, la connaissance de René Nelli qui allait devenir l’un des collaborateurs les plus fertiles de la grande revue. La très longue préparation du numéro &#8220;Le Génie d’Oc et l’homme méditerranéen&#8221; <wbr>(1942) puis de &#8220;Lumière du Graal&#8221; <wbr>(1951) fut l’occasion d’approfondir une relation aussi amicale qu’intellectuelle. Cette fidélité se perpétua jusqu’au dernier numéro des Cahiers, en 1966, où René Nelli rend hommage à la pensée d’André Breton.<br />Très tôt, dès les années trente, René Nelli <wbr>(né en 1906) eut la prescience claire des lignes majeures de son oeuvre, il se veut tout à la fois poète, esthéticien de la poésie, historien et, surtout, penseur du catharisme et de l’amour courtois, ethnographe de la culture d’oc. Les Cahiers du Sud accueillirent en trente-cinq années d’une collaboration très riche les textes qui condensent dans tout l’éclat de leur état natif, les grandes découvertes sur ces différentes voies. En cela la réunion de tous les articles de René Nelli constitue à ce jour la meilleure introduction à cette oeuvre, secrète en dépit de ses succès publics, déroutante par sa diversité même.<br />Daniel Fabre et Jean-Pierre Piniès présentent cet ensemble et introduisent chacun de ses versants pour le lecteur d’aujourd’hui.</p>
<p>Complement de titre : Textes pour les Cahiers du Sud choisis et présentés par&nbsp; Daniel Fabre et Jean-pierre Piniès<br />Autor : Nelli, René ; Fabre, Daniel ; Piniès, Jean-Pierre<br />Linga : Francés<br />Parucion : 10/1987<br />Editor : Garae Hésiode<br />Nb de pajas : 259<br />Format : 14,5 x 22 cm<br />Pés : 406 g<br />ISBN 10 : 290615606X<br /></span></p>

<p>René Nelli et les Cahiers du Sud Jean Ballard, le fondateur marseillais des Cahiers du Sud, connaissait bien François-Paul Alibert, correspondait déjà avec Joë Bousquet, lorsqu’il fit, en 1930, la connaissance de René Nelli qui allait devenir l’un des collaborateurs les plus fertiles de la grande revue. La très longue préparation du numéro &#8220;Le Génie [&hellip;]</p>
