{"id":33288,"date":"2026-08-31T17:34:04","date_gmt":"2026-08-31T15:34:04","guid":{"rendered":"http:\/\/www.libraria-occitana.org\/?post_type=product&#038;p=33288\/"},"modified":"2026-08-31T17:34:08","modified_gmt":"2026-08-31T15:34:08","slug":"quasern-per-la-seisena-occitan-version-lemosina","status":"publish","type":"product","link":"https:\/\/www.libraria-occitana.org\/en\/product\/quasern-per-la-seisena-occitan-version-lemosina\/","title":{"rendered":"QUASERN PER LA SEISENA : OCCITAN, VERSION LEMOSINA"},"content":{"rendered":"<p style=\"margin:0;\"><span style=\"font-family:'Times New Roman';font-size:12pt;\">Aqu\u00ed un quas\u00e8rn d&#8217;occitan qu&#8217;es per acompanhar l&#8217;escolan novelari de seisena dins son percors de descob\u00e8rta de la lenga e de la cultura occitanas. Los autors l&#8217;an volgut leugi\u00e8r e agradiu coma se deu per un ensenhament opcional que fa tota sa pla\u00e7a a l&#8217;iniciativa del professor e a las esp\u00e8ras dels escolans.<br \/>Prepausa pasmens una progression d&#8217;aprendissatge mesurada e experimentada, amb una part d&#8217;escrich reducha, d&#8217;exercicis de tota mena, de suggestions d&#8217;activitats, de j\u00f2cs e una evaluacion progressiva.<br \/>L&#8217;essencial es d&#8217;ajudar a la presa de paraula e de far n\u00e0isser l&#8217;enveja d&#8217;entendre e de dire en \u00f2c.<\/p>\n<p>Autor : Collectiu<br \/>Illustracions : Bialet, Laurent<br \/>Adaptacion lemosina : Decomps, Dominique ; Collectiu<br \/>Linga : Occitan <wbr>(lemosin)<br \/>Parucion : 01\/2010<br \/>Editor : CRDP Montpellier<br \/>Nb de pajas : 59<br \/>Format : 21 x 29,5 cm<br \/>P\u00e9s : 188 g<br \/>EAN 13 : 9782866269920<br \/><\/span><\/p>\n","protected":false},"excerpt":{"rendered":"<p>Aqu\u00ed un quas\u00e8rn d&#8217;occitan qu&#8217;es per acompanhar l&#8217;escolan novelari de seisena dins son percors de descob\u00e8rta de la lenga e de la cultura occitanas. Los autors l&#8217;an volgut leugi\u00e8r e agradiu coma se deu per un ensenhament opcional que fa tota sa pla\u00e7a a l&#8217;iniciativa del professor e a las esp\u00e8ras dels escolans.Prepausa pasmens una [&hellip;]<\/p>\n","protected":false},"featured_media":0,"template":"","meta":{"_acf_changed":false,"_genesis_hide_title":false,"_genesis_hide_breadcrumbs":false,"_genesis_hide_singular_image":false,"_genesis_hide_footer_widgets":false,"_genesis_custom_body_class":"","_genesis_custom_post_class":"","_genesis_layout":""},"product_brand":[],"product_cat":[7132,7142,7136,16135],"product_tag":[],"class_list":["post-33288","product","type-product","status-publish","product_cat-books","product_cat-course-books-en","product_cat-dictionaries-language-educational-en","product_cat-non-classe-en","pa_auteur-collectiu-en-2","pa_auteurs-collectiu-decomps-dominique-adapt","pa_editeur-crdp-montpellier-fr-en","entry","first","outofstock","purchasable","product-type-simple"],"acf":[],"_links":{"self":[{"href":"https:\/\/www.libraria-occitana.org\/en\/wp-json\/wp\/v2\/product\/33288","targetHints":{"allow":["GET"]}}],"collection":[{"href":"https:\/\/www.libraria-occitana.org\/en\/wp-json\/wp\/v2\/product"}],"about":[{"href":"https:\/\/www.libraria-occitana.org\/en\/wp-json\/wp\/v2\/types\/product"}],"wp:attachment":[{"href":"https:\/\/www.libraria-occitana.org\/en\/wp-json\/wp\/v2\/media?parent=33288"}],"wp:term":[{"taxonomy":"product_brand","embeddable":true,"href":"https:\/\/www.libraria-occitana.org\/en\/wp-json\/wp\/v2\/product_brand?post=33288"},{"taxonomy":"product_cat","embeddable":true,"href":"https:\/\/www.libraria-occitana.org\/en\/wp-json\/wp\/v2\/product_cat?post=33288"},{"taxonomy":"product_tag","embeddable":true,"href":"https:\/\/www.libraria-occitana.org\/en\/wp-json\/wp\/v2\/product_tag?post=33288"}],"curies":[{"name":"wp","href":"https:\/\/api.w.org\/{rel}","templated":true}]}}

<p style="margin:0;"><span style="font-family:'Times New Roman';font-size:12pt;">Aquí un quasèrn d&#8217;occitan qu&#8217;es per acompanhar l&#8217;escolan novelari de seisena dins son percors de descobèrta de la lenga e de la cultura occitanas. Los autors l&#8217;an volgut leugièr e agradiu coma se deu per un ensenhament opcional que fa tota sa plaça a l&#8217;iniciativa del professor e a las espèras dels escolans.<br />Prepausa pasmens una progression d&#8217;aprendissatge mesurada e experimentada, amb una part d&#8217;escrich reducha, d&#8217;exercicis de tota mena, de suggestions d&#8217;activitats, de jòcs e una evaluacion progressiva.<br />L&#8217;essencial es d&#8217;ajudar a la presa de paraula e de far nàisser l&#8217;enveja d&#8217;entendre e de dire en òc.</p>
<p>Autor : Collectiu<br />Illustracions : Bialet, Laurent<br />Adaptacion lemosina : Decomps, Dominique ; Collectiu<br />Linga : Occitan <wbr>(lemosin)<br />Parucion : 01/2010<br />Editor : CRDP Montpellier<br />Nb de pajas : 59<br />Format : 21 x 29,5 cm<br />Pés : 188 g<br />EAN 13 : 9782866269920<br /></span></p>

<p>Aquí un quasèrn d&#8217;occitan qu&#8217;es per acompanhar l&#8217;escolan novelari de seisena dins son percors de descobèrta de la lenga e de la cultura occitanas. Los autors l&#8217;an volgut leugièr e agradiu coma se deu per un ensenhament opcional que fa tota sa plaça a l&#8217;iniciativa del professor e a las espèras dels escolans.Prepausa pasmens una [&hellip;]</p>
