{"id":33361,"date":"2026-08-31T16:38:05","date_gmt":"2026-08-31T14:38:05","guid":{"rendered":"http:\/\/www.libraria-occitana.org\/?post_type=product&#038;p=33361\/"},"modified":"2026-08-31T16:38:08","modified_gmt":"2026-08-31T14:38:08","slug":"pierre-seche","status":"publish","type":"product","link":"https:\/\/www.libraria-occitana.org\/en\/product\/pierre-seche\/","title":{"rendered":"PIERRE SECHE"},"content":{"rendered":"<p style=\"margin:0;\"><span style=\"font-family:'Times New Roman';font-size:12pt;\">La technique de la pierre s\u00e8che, commune \u00e0 l&#8217;humanit\u00e9, a \u00e9t\u00e9 mise en \u0153uvre avec beaucoup d&#8217;inventivit\u00e9 dans la vie quotidienne : murs de cl\u00f4ture, terrasses agricoles, cabanes pour prot\u00e9ger les b\u00eates ou remiser les r\u00e9coltes, aiguiers pour capter l&#8217;eau, escaliers et sentiers pour conqu\u00e9rir les versants&#8230;<br \/>\u00c0 la fois documentaire et pratique, ce livre invite \u00e0 une d\u00e9couverte des paysages de pierre s\u00e8che model\u00e9s par l&#8217;homme dans le monde entier. Des restanques proven\u00e7ales aux terrasses escarp\u00e9es du Cap-Vert, des cl\u00f4tures des jardins c\u00e9venols aux temples japonais de Nara, ces architectures anonymes demeurent d&#8217;une compl\u00e8te actualit\u00e9. Pour preuve, une nouvelle g\u00e9n\u00e9ration de ma\u00e7ons \u00e0 pierre s\u00e8che a fait son apparition, montrant ainsi la n\u00e9cessit\u00e9 patrimoniale et \u00e9cologique de pr\u00e9server et de transmettre ce savoir-faire.<br \/>Cinq sp\u00e9cialistes de la pierre s\u00e8che apportent ici leurs connaissances passionn\u00e9es et partagent leurs exp\u00e9riences. Un chapitre pratique d\u00e9taille en images la construction d&#8217;un mur et offre \u00e0 chacun, particulier ou professionnel, la possibilit\u00e9 de b\u00e2tir ou de restaurer des ouvrages en pierre s\u00e8che.<\/p>\n<p>Autor : Coste, Pierre ; Cornu, Claire ; Larcena, Dani\u00e8le ; Sette, Ren\u00e9<br \/>Illustracions : Emery, Fran\u00e7ois-Xavier<br \/>Linga : Franc\u00e9s<br \/>Parucion : 03\/2008<br \/>Editor : Le bec en l&#8217;air<br \/>Nb de pajas : 164<br \/>Format : 22,5 x 28,5 cm<br \/>P\u00e9s : 866 g<br \/>EAN 13 : 9782916073293<br \/><\/span><\/p>\n","protected":false},"excerpt":{"rendered":"<p>La technique de la pierre s\u00e8che, commune \u00e0 l&#8217;humanit\u00e9, a \u00e9t\u00e9 mise en \u0153uvre avec beaucoup d&#8217;inventivit\u00e9 dans la vie quotidienne : murs de cl\u00f4ture, terrasses agricoles, cabanes pour prot\u00e9ger les b\u00eates ou remiser les r\u00e9coltes, aiguiers pour capter l&#8217;eau, escaliers et sentiers pour conqu\u00e9rir les versants&#8230;\u00c0 la fois documentaire et pratique, ce livre invite [&hellip;]<\/p>\n","protected":false},"featured_media":0,"template":"","meta":{"_acf_changed":false,"_genesis_hide_title":false,"_genesis_hide_breadcrumbs":false,"_genesis_hide_singular_image":false,"_genesis_hide_footer_widgets":false,"_genesis_custom_body_class":"","_genesis_custom_post_class":"","_genesis_layout":""},"product_brand":[],"product_cat":[7132,16135,7212,7206],"product_tag":[],"class_list":["post-33361","product","type-product","status-publish","product_cat-books","product_cat-non-classe-en","product_cat-traditional-skills-savoirs-faire-en","product_cat-traditions-heritage-en","pa_auteur-collectiu-en-2","pa_auteurs-collectif","pa_editeurs-bec-en-air","entry","first","instock","purchasable","product-type-simple"],"acf":[],"_links":{"self":[{"href":"https:\/\/www.libraria-occitana.org\/en\/wp-json\/wp\/v2\/product\/33361","targetHints":{"allow":["GET"]}}],"collection":[{"href":"https:\/\/www.libraria-occitana.org\/en\/wp-json\/wp\/v2\/product"}],"about":[{"href":"https:\/\/www.libraria-occitana.org\/en\/wp-json\/wp\/v2\/types\/product"}],"wp:attachment":[{"href":"https:\/\/www.libraria-occitana.org\/en\/wp-json\/wp\/v2\/media?parent=33361"}],"wp:term":[{"taxonomy":"product_brand","embeddable":true,"href":"https:\/\/www.libraria-occitana.org\/en\/wp-json\/wp\/v2\/product_brand?post=33361"},{"taxonomy":"product_cat","embeddable":true,"href":"https:\/\/www.libraria-occitana.org\/en\/wp-json\/wp\/v2\/product_cat?post=33361"},{"taxonomy":"product_tag","embeddable":true,"href":"https:\/\/www.libraria-occitana.org\/en\/wp-json\/wp\/v2\/product_tag?post=33361"}],"curies":[{"name":"wp","href":"https:\/\/api.w.org\/{rel}","templated":true}]}}

<p style="margin:0;"><span style="font-family:'Times New Roman';font-size:12pt;">La technique de la pierre sèche, commune à l&#8217;humanité, a été mise en œuvre avec beaucoup d&#8217;inventivité dans la vie quotidienne : murs de clôture, terrasses agricoles, cabanes pour protéger les bêtes ou remiser les récoltes, aiguiers pour capter l&#8217;eau, escaliers et sentiers pour conquérir les versants&#8230;<br />À la fois documentaire et pratique, ce livre invite à une découverte des paysages de pierre sèche modelés par l&#8217;homme dans le monde entier. Des restanques provençales aux terrasses escarpées du Cap-Vert, des clôtures des jardins cévenols aux temples japonais de Nara, ces architectures anonymes demeurent d&#8217;une complète actualité. Pour preuve, une nouvelle génération de maçons à pierre sèche a fait son apparition, montrant ainsi la nécessité patrimoniale et écologique de préserver et de transmettre ce savoir-faire.<br />Cinq spécialistes de la pierre sèche apportent ici leurs connaissances passionnées et partagent leurs expériences. Un chapitre pratique détaille en images la construction d&#8217;un mur et offre à chacun, particulier ou professionnel, la possibilité de bâtir ou de restaurer des ouvrages en pierre sèche.</p>
<p>Autor : Coste, Pierre ; Cornu, Claire ; Larcena, Danièle ; Sette, René<br />Illustracions : Emery, François-Xavier<br />Linga : Francés<br />Parucion : 03/2008<br />Editor : Le bec en l&#8217;air<br />Nb de pajas : 164<br />Format : 22,5 x 28,5 cm<br />Pés : 866 g<br />EAN 13 : 9782916073293<br /></span></p>

<p>La technique de la pierre sèche, commune à l&#8217;humanité, a été mise en œuvre avec beaucoup d&#8217;inventivité dans la vie quotidienne : murs de clôture, terrasses agricoles, cabanes pour protéger les bêtes ou remiser les récoltes, aiguiers pour capter l&#8217;eau, escaliers et sentiers pour conquérir les versants&#8230;À la fois documentaire et pratique, ce livre invite [&hellip;]</p>
