{"id":33449,"date":"2026-08-31T16:32:47","date_gmt":"2026-08-31T14:32:47","guid":{"rendered":"http:\/\/www.libraria-occitana.org\/?post_type=product&#038;p=33449\/"},"modified":"2026-08-31T16:32:50","modified_gmt":"2026-08-31T14:32:50","slug":"pantori","status":"publish","type":"product","link":"https:\/\/www.libraria-occitana.org\/en\/product\/pantori\/","title":{"rendered":"PANTORI"},"content":{"rendered":"<p style=\"margin:0;\"><span style=\"font-family:'Times New Roman';font-size:12pt;\">\u00ab Ausi lei cridad\u00eds dei marins sus la cub\u00e8rta ; lei rires, lei can\u00e7ons e mai leis odors de la vida v\u00e8non fins a ieu, per bofadas, segon l&#8217;umor deis auras. Puei aquelei landan v\u00e8rs Marseha e entendi plus ren que l&#8217;alen potent de la mar. E mai que siguessiatz nascuts, totei dos, apr\u00e8s l&#8217;annada fun\u00e8sta, siatz encuei tot \u00e7\u00f2 que me r\u00e8sta de la familha n\u00f2stra. La tendresa que me ligava tant f\u00f2rt a v\u00f2stre paire, l&#8217;ai portada sus vosautrei ; ni lo temps, ni ma vida d&#8217;exili l&#8217;an poguda estofar. Pensatz a ieu, de c\u00f2ps ! \u00bb<\/p>\n<p>Autor : Jum\u00e8u, Romieg<br \/>Linga : Occitan <wbr>(proven\u00e7au)<br \/>Parucion : 05\/2013<br \/>Editor : IEO<br \/>Colleccion : A Tots<br \/>Nb de pajas : 233<br \/>Format : 13,5 x 18 cm<br \/>P\u00e9s : 244 g<br \/>EAN 13 : 9782859105082<br \/><\/span><\/p>\n","protected":false},"excerpt":{"rendered":"<p>\u00ab Ausi lei cridad\u00eds dei marins sus la cub\u00e8rta ; lei rires, lei can\u00e7ons e mai leis odors de la vida v\u00e8non fins a ieu, per bofadas, segon l&#8217;umor deis auras. Puei aquelei landan v\u00e8rs Marseha e entendi plus ren que l&#8217;alen potent de la mar. E mai que siguessiatz nascuts, totei dos, apr\u00e8s l&#8217;annada [&hellip;]<\/p>\n","protected":false},"featured_media":0,"template":"","meta":{"_acf_changed":false,"_genesis_hide_title":false,"_genesis_hide_breadcrumbs":false,"_genesis_hide_singular_image":false,"_genesis_hide_footer_widgets":false,"_genesis_custom_body_class":"","_genesis_custom_post_class":"","_genesis_layout":""},"product_brand":[],"product_cat":[7132,7174,16135,7182],"product_tag":[],"class_list":["post-33449","product","type-product","status-publish","product_cat-books","product_cat-literature-en","product_cat-non-classe-en","product_cat-novels-short-stories-en","pa_editeur-ieo-fr-en","pa_editeurs-ideco","entry","first","instock","purchasable","product-type-simple"],"acf":[],"_links":{"self":[{"href":"https:\/\/www.libraria-occitana.org\/en\/wp-json\/wp\/v2\/product\/33449","targetHints":{"allow":["GET"]}}],"collection":[{"href":"https:\/\/www.libraria-occitana.org\/en\/wp-json\/wp\/v2\/product"}],"about":[{"href":"https:\/\/www.libraria-occitana.org\/en\/wp-json\/wp\/v2\/types\/product"}],"wp:attachment":[{"href":"https:\/\/www.libraria-occitana.org\/en\/wp-json\/wp\/v2\/media?parent=33449"}],"wp:term":[{"taxonomy":"product_brand","embeddable":true,"href":"https:\/\/www.libraria-occitana.org\/en\/wp-json\/wp\/v2\/product_brand?post=33449"},{"taxonomy":"product_cat","embeddable":true,"href":"https:\/\/www.libraria-occitana.org\/en\/wp-json\/wp\/v2\/product_cat?post=33449"},{"taxonomy":"product_tag","embeddable":true,"href":"https:\/\/www.libraria-occitana.org\/en\/wp-json\/wp\/v2\/product_tag?post=33449"}],"curies":[{"name":"wp","href":"https:\/\/api.w.org\/{rel}","templated":true}]}}

<p style="margin:0;"><span style="font-family:'Times New Roman';font-size:12pt;">« Ausi lei cridadís dei marins sus la cubèrta ; lei rires, lei cançons e mai leis odors de la vida vènon fins a ieu, per bofadas, segon l&#8217;umor deis auras. Puei aquelei landan vèrs Marseha e entendi plus ren que l&#8217;alen potent de la mar. E mai que siguessiatz nascuts, totei dos, après l&#8217;annada funèsta, siatz encuei tot çò que me rèsta de la familha nòstra. La tendresa que me ligava tant fòrt a vòstre paire, l&#8217;ai portada sus vosautrei ; ni lo temps, ni ma vida d&#8217;exili l&#8217;an poguda estofar. Pensatz a ieu, de còps ! »</p>
<p>Autor : Jumèu, Romieg<br />Linga : Occitan <wbr>(provençau)<br />Parucion : 05/2013<br />Editor : IEO<br />Colleccion : A Tots<br />Nb de pajas : 233<br />Format : 13,5 x 18 cm<br />Pés : 244 g<br />EAN 13 : 9782859105082<br /></span></p>

<p>« Ausi lei cridadís dei marins sus la cubèrta ; lei rires, lei cançons e mai leis odors de la vida vènon fins a ieu, per bofadas, segon l&#8217;umor deis auras. Puei aquelei landan vèrs Marseha e entendi plus ren que l&#8217;alen potent de la mar. E mai que siguessiatz nascuts, totei dos, après l&#8217;annada [&hellip;]</p>
