{"id":33509,"date":"2026-08-31T16:58:32","date_gmt":"2026-08-31T14:58:32","guid":{"rendered":"http:\/\/www.libraria-occitana.org\/?post_type=product&#038;p=33509\/"},"modified":"2026-08-31T16:58:35","modified_gmt":"2026-08-31T14:58:35","slug":"obra-poetica-loeuvre-poetique-2","status":"publish","type":"product","link":"https:\/\/www.libraria-occitana.org\/en\/product\/obra-poetica-loeuvre-poetique-2\/","title":{"rendered":"OBRA POETICA &#8211; L&#8217;OEUVRE POETIQUE"},"content":{"rendered":"<p style=\"margin:0;\"><span style=\"font-family:'Times New Roman';font-size:12pt;\">Obra po\u00ebtica &#8211; L&#8217;oeuvre po\u00e9tique<\/p>\n<p>Despertaire, incitaire, acampaire, editaire de po\u00ebtas, emai po\u00ebta de talha, a l&#8217;au\u00e7ada del s\u00e8gle : Tota una generacion occitanista deu a Larzac son &#8220;ref\u00fas d&#8217;entarrar&#8221;.<br \/>Lo messatge de Larzac n&#8217;es pas mens universal \u00e7a que la. Cronicaire dels instants ont l&#8217;eternitat se pren, se desv\u00e8la o s&#8217;amaga, es l&#8217;inventaire de la contrist\u00f2ria, e, coss\u00ed que vire, aur\u00e0 fach l&#8217;Occitania del s\u00e8gle XX un miralh brandit a la cara dels p\u00f2bles dominants\/dominats : Apr\u00e8s Larzac, qual es pas &#8220;estrangi\u00e8r del dedins&#8221; ?<br \/>&#8220;I a dos \u00f2mes en el&#8221;, disi\u00e1 Renat Nelli : &#8220;Un mistic crestian fervor\u00f3s, e un revolucionari de Dieu&#8221;. Pr\u00e8ire e po\u00ebta, filos\u00f2f e teol\u00f2g, Larzac es finalament l&#8217;\u00f2me d&#8217;una sola Incarnacion, revolucion permanenta en esp\u00e8ra de resureccion.<\/p>\n<p>Autor : Larzac, Joan<br \/>Linga : Occitan <wbr>(lengadocian) &#8211; franc\u00e9s<br \/>Parucion : 04\/1986<br \/>Editor : IEO<br \/>Colleccion : Messatges<br \/>Nb de pajas : 460<br \/>Format : 15 x 22 cm<br \/>P\u00e9s : 614 g<\/span><\/p>\n","protected":false},"excerpt":{"rendered":"<p>Obra po\u00ebtica &#8211; L&#8217;oeuvre po\u00e9tique Despertaire, incitaire, acampaire, editaire de po\u00ebtas, emai po\u00ebta de talha, a l&#8217;au\u00e7ada del s\u00e8gle : Tota una generacion occitanista deu a Larzac son &#8220;ref\u00fas d&#8217;entarrar&#8221;.Lo messatge de Larzac n&#8217;es pas mens universal \u00e7a que la. Cronicaire dels instants ont l&#8217;eternitat se pren, se desv\u00e8la o s&#8217;amaga, es l&#8217;inventaire de la [&hellip;]<\/p>\n","protected":false},"featured_media":0,"template":"","meta":{"_acf_changed":false,"_genesis_hide_title":false,"_genesis_hide_breadcrumbs":false,"_genesis_hide_singular_image":false,"_genesis_hide_footer_widgets":false,"_genesis_custom_body_class":"","_genesis_custom_post_class":"","_genesis_layout":""},"product_brand":[],"product_cat":[7132,7174,16135,7180],"product_tag":[],"class_list":["post-33509","product","type-product","status-publish","product_cat-books","product_cat-literature-en","product_cat-non-classe-en","product_cat-poetry-en","pa_auteurs-larzac-joan","pa_editeur-ieo-fr-en","entry","first","instock","purchasable","product-type-simple"],"acf":[],"_links":{"self":[{"href":"https:\/\/www.libraria-occitana.org\/en\/wp-json\/wp\/v2\/product\/33509","targetHints":{"allow":["GET"]}}],"collection":[{"href":"https:\/\/www.libraria-occitana.org\/en\/wp-json\/wp\/v2\/product"}],"about":[{"href":"https:\/\/www.libraria-occitana.org\/en\/wp-json\/wp\/v2\/types\/product"}],"wp:attachment":[{"href":"https:\/\/www.libraria-occitana.org\/en\/wp-json\/wp\/v2\/media?parent=33509"}],"wp:term":[{"taxonomy":"product_brand","embeddable":true,"href":"https:\/\/www.libraria-occitana.org\/en\/wp-json\/wp\/v2\/product_brand?post=33509"},{"taxonomy":"product_cat","embeddable":true,"href":"https:\/\/www.libraria-occitana.org\/en\/wp-json\/wp\/v2\/product_cat?post=33509"},{"taxonomy":"product_tag","embeddable":true,"href":"https:\/\/www.libraria-occitana.org\/en\/wp-json\/wp\/v2\/product_tag?post=33509"}],"curies":[{"name":"wp","href":"https:\/\/api.w.org\/{rel}","templated":true}]}}

<p style="margin:0;"><span style="font-family:'Times New Roman';font-size:12pt;">Obra poëtica &#8211; L&#8217;oeuvre poétique</p>
<p>Despertaire, incitaire, acampaire, editaire de poëtas, emai poëta de talha, a l&#8217;auçada del sègle : Tota una generacion occitanista deu a Larzac son &#8220;refús d&#8217;entarrar&#8221;.<br />Lo messatge de Larzac n&#8217;es pas mens universal ça que la. Cronicaire dels instants ont l&#8217;eternitat se pren, se desvèla o s&#8217;amaga, es l&#8217;inventaire de la contristòria, e, cossí que vire, aurà fach l&#8217;Occitania del sègle XX un miralh brandit a la cara dels pòbles dominants/dominats : Après Larzac, qual es pas &#8220;estrangièr del dedins&#8221; ?<br />&#8220;I a dos òmes en el&#8221;, disiá Renat Nelli : &#8220;Un mistic crestian fervorós, e un revolucionari de Dieu&#8221;. Prèire e poëta, filosòf e teològ, Larzac es finalament l&#8217;òme d&#8217;una sola Incarnacion, revolucion permanenta en espèra de resureccion.</p>
<p>Autor : Larzac, Joan<br />Linga : Occitan <wbr>(lengadocian) &#8211; francés<br />Parucion : 04/1986<br />Editor : IEO<br />Colleccion : Messatges<br />Nb de pajas : 460<br />Format : 15 x 22 cm<br />Pés : 614 g</span></p>

<p>Obra poëtica &#8211; L&#8217;oeuvre poétique Despertaire, incitaire, acampaire, editaire de poëtas, emai poëta de talha, a l&#8217;auçada del sègle : Tota una generacion occitanista deu a Larzac son &#8220;refús d&#8217;entarrar&#8221;.Lo messatge de Larzac n&#8217;es pas mens universal ça que la. Cronicaire dels instants ont l&#8217;eternitat se pren, se desvèla o s&#8217;amaga, es l&#8217;inventaire de la [&hellip;]</p>
