{"id":33656,"date":"2026-08-31T17:15:08","date_gmt":"2026-08-31T15:15:08","guid":{"rendered":"http:\/\/www.libraria-occitana.org\/?post_type=product&#038;p=33656\/"},"modified":"2026-08-31T17:15:11","modified_gmt":"2026-08-31T15:15:11","slug":"les-chantiers-du-pere-castor","status":"publish","type":"product","link":"https:\/\/www.libraria-occitana.org\/en\/product\/les-chantiers-du-pere-castor\/","title":{"rendered":"LES CHANTIERS DU PERE CASTOR"},"content":{"rendered":"<p style=\"margin:0;\"><span style=\"font-family:'Times New Roman';font-size:12pt;\">LES CHANTIERS DU P\u00c8RE CASTOR&nbsp; &nbsp; &nbsp;<br \/>52 min<\/p>\n<p>Les Albums du P\u00e8re Castor, par la qualit\u00e9 de leurs r\u00e9cits et de leurs dessins, ont laiss\u00e9 une trace profonde dans les m\u00e9moires des enfants des g\u00e9n\u00e9rations n\u00e9es avec la 2 \u00e8me guerre mondiale et l\u2019apr\u00e8s guerre.<\/p>\n<p>L\u2019itin\u00e9raire de Paul FAUCHER, fondateur de la collection des Albums du P\u00e8re Castor, natif de Pougues les Eaux <wbr>(Ni\u00e8vre) et Limousin d\u2019adoption est retrac\u00e9 par ce film qui \u00e9voque \u00e9galement les liens actifs entre la p\u00e9dagogie des Albums du P\u00e8re Castor et celle du chercheur tch\u00e8que Frantisek Bakul\u00e9. Tourn\u00e9 \u00e0 Pougues les Eaux, Meuzac <wbr>(o\u00f9 a \u00e9t\u00e9 ouverte la M\u00e9diath\u00e8que du P\u00e8re Castor), Paris, Prague ce film permet aussi d\u2019entendre les t\u00e9moignages de Fran\u00e7ois Faucher, Lucile Butel , Michel Defourny, Florence Caillon Colette Burge, et de jeunes lecteurs des Albums du P\u00e8re Castor.<\/p>\n<p>En compl\u00e9ment : Entretien avec Claire Delbard sur les Editions du P\u00e8re Castor et Castor Poche<\/p>\n<p>PERE CASTOR\u2019 S&nbsp; WORKS&nbsp; &nbsp; &nbsp;<br \/>52 min<\/p>\n<p>Through many tales and drawings, P\u00c8RE CASTOR\u2019s books and albums let a very special and tender memory in the mind of the european children born with or after the second war world. Paul Faucher\u2019s itinerary, founder of Pere Castor\u2019s albums, is redrawn by this film which shows also his links with czech educationnnalist Frantisek Bakule and all the projections of the new pedagogy.<\/p>\n<p>Bonus : Claire Delbard\u2019s interview about Pere Castor\u2019s publishing<\/p>\n<p>Autor : Cazals, Patrick<br \/>Linga : Franc\u00e9s<br \/>Editor : Les Films du Horla<br \/>Durada : 52&#8242;<br \/>Format : 13,5 x 19 cm<br \/>P\u00e9s : 80 g<br \/><\/span><\/p>\n","protected":false},"excerpt":{"rendered":"<p>LES CHANTIERS DU P\u00c8RE CASTOR&nbsp; &nbsp; &nbsp;52 min Les Albums du P\u00e8re Castor, par la qualit\u00e9 de leurs r\u00e9cits et de leurs dessins, ont laiss\u00e9 une trace profonde dans les m\u00e9moires des enfants des g\u00e9n\u00e9rations n\u00e9es avec la 2 \u00e8me guerre mondiale et l\u2019apr\u00e8s guerre. L\u2019itin\u00e9raire de Paul FAUCHER, fondateur de la collection des Albums [&hellip;]<\/p>\n","protected":false},"featured_media":0,"template":"","meta":{"_acf_changed":false,"_genesis_hide_title":false,"_genesis_hide_breadcrumbs":false,"_genesis_hide_singular_image":false,"_genesis_hide_footer_widgets":false,"_genesis_custom_body_class":"","_genesis_custom_post_class":"","_genesis_layout":""},"product_brand":[],"product_cat":[7241,16135,7249],"product_tag":[],"class_list":["post-33656","product","type-product","status-publish","product_cat-documentary-en","product_cat-non-classe-en","product_cat-videos-3-en","entry","first","instock","purchasable","product-type-simple"],"acf":[],"_links":{"self":[{"href":"https:\/\/www.libraria-occitana.org\/en\/wp-json\/wp\/v2\/product\/33656","targetHints":{"allow":["GET"]}}],"collection":[{"href":"https:\/\/www.libraria-occitana.org\/en\/wp-json\/wp\/v2\/product"}],"about":[{"href":"https:\/\/www.libraria-occitana.org\/en\/wp-json\/wp\/v2\/types\/product"}],"wp:attachment":[{"href":"https:\/\/www.libraria-occitana.org\/en\/wp-json\/wp\/v2\/media?parent=33656"}],"wp:term":[{"taxonomy":"product_brand","embeddable":true,"href":"https:\/\/www.libraria-occitana.org\/en\/wp-json\/wp\/v2\/product_brand?post=33656"},{"taxonomy":"product_cat","embeddable":true,"href":"https:\/\/www.libraria-occitana.org\/en\/wp-json\/wp\/v2\/product_cat?post=33656"},{"taxonomy":"product_tag","embeddable":true,"href":"https:\/\/www.libraria-occitana.org\/en\/wp-json\/wp\/v2\/product_tag?post=33656"}],"curies":[{"name":"wp","href":"https:\/\/api.w.org\/{rel}","templated":true}]}}

<p style="margin:0;"><span style="font-family:'Times New Roman';font-size:12pt;">LES CHANTIERS DU PÈRE CASTOR&nbsp; &nbsp; &nbsp;<br />52 min</p>
<p>Les Albums du Père Castor, par la qualité de leurs récits et de leurs dessins, ont laissé une trace profonde dans les mémoires des enfants des générations nées avec la 2 ème guerre mondiale et l’après guerre.</p>
<p>L’itinéraire de Paul FAUCHER, fondateur de la collection des Albums du Père Castor, natif de Pougues les Eaux <wbr>(Nièvre) et Limousin d’adoption est retracé par ce film qui évoque également les liens actifs entre la pédagogie des Albums du Père Castor et celle du chercheur tchèque Frantisek Bakulé. Tourné à Pougues les Eaux, Meuzac <wbr>(où a été ouverte la Médiathèque du Père Castor), Paris, Prague ce film permet aussi d’entendre les témoignages de François Faucher, Lucile Butel , Michel Defourny, Florence Caillon Colette Burge, et de jeunes lecteurs des Albums du Père Castor.</p>
<p>En complément : Entretien avec Claire Delbard sur les Editions du Père Castor et Castor Poche</p>
<p>PERE CASTOR’ S&nbsp; WORKS&nbsp; &nbsp; &nbsp;<br />52 min</p>
<p>Through many tales and drawings, PÈRE CASTOR’s books and albums let a very special and tender memory in the mind of the european children born with or after the second war world. Paul Faucher’s itinerary, founder of Pere Castor’s albums, is redrawn by this film which shows also his links with czech educationnnalist Frantisek Bakule and all the projections of the new pedagogy.</p>
<p>Bonus : Claire Delbard’s interview about Pere Castor’s publishing</p>
<p>Autor : Cazals, Patrick<br />Linga : Francés<br />Editor : Les Films du Horla<br />Durada : 52&#8242;<br />Format : 13,5 x 19 cm<br />Pés : 80 g<br /></span></p>

<p>LES CHANTIERS DU PÈRE CASTOR&nbsp; &nbsp; &nbsp;52 min Les Albums du Père Castor, par la qualité de leurs récits et de leurs dessins, ont laissé une trace profonde dans les mémoires des enfants des générations nées avec la 2 ème guerre mondiale et l’après guerre. L’itinéraire de Paul FAUCHER, fondateur de la collection des Albums [&hellip;]</p>
