{"id":33673,"date":"2026-08-31T17:05:23","date_gmt":"2026-08-31T15:05:23","guid":{"rendered":"http:\/\/www.libraria-occitana.org\/?post_type=product&#038;p=33673\/"},"modified":"2026-08-31T17:06:02","modified_gmt":"2026-08-31T15:06:02","slug":"les-plantes-sauvages-connaitre-cueillir-et-utiliser","status":"publish","type":"product","link":"https:\/\/www.libraria-occitana.org\/en\/product\/les-plantes-sauvages-connaitre-cueillir-et-utiliser\/","title":{"rendered":"LES PLANTES SAUVAGES : CONNAITRE, CUEILLIR ET UTILISER"},"content":{"rendered":"<p style=\"margin:0;\"><span style=\"font-family:'Times New Roman';font-size:12pt;\">Les plantes sauvages : Conna\u00eetre, cueillir et utiliser<\/p>\n<p>Que savons-nous aujourd&#8217;hui de la douceur de velours de la guimauve, du pansement de fine peau que nous offre la joubarbe des toits, des mille et une vertus de la verveine officinale qu&#8217;il n&#8217;est permis de cueillir qu&#8217;apr\u00e8s avoir demand\u00e9 l&#8217;autorisation aux esprits du lieu? Savoirs oubli\u00e9s \u00e0 l&#8217;or\u00e9e des villes, perdus aux confins de la m\u00e9moire&#8230; Pour red\u00e9couvrir ce grand livre de la nature, celui que, jadis, on apprenait d\u00e8s l&#8217;enfance, avant m\u00eame l&#8217;alphabet, il faut d\u00e9sormais un guide dou\u00e9 de patience, qui parle avec simplicit\u00e9, et qui n&#8217;h\u00e9site pas \u00e0 s&#8217;attarder sur la description d&#8217;une herbe de bonne renomm\u00e9e. Tel est le cas de Thierry Th\u00e9venin. Agriculteur cueilleur, botaniste de terrain, herboriste m\u00e9ticuleux, ce passionn\u00e9 sait les plantes qui soignent, le moment et la fa\u00e7on de bien les cueillir, les m\u00e9thodes pour les s\u00e9cher, les conserver. Mais ne le brusquons pas, ne le pressons pas de nos questions d\u00e9sordonn\u00e9es. Suivons-le au rythme qu&#8217;il affectionne et qui est celui des saisons. Allons, dans ses pas, de la maison \u00e0 la for\u00eat, de la haie au ruisseau, accompagnons-le jour apr\u00e8s jour sur &#8220;son&#8221; chemin des herbes.<br \/>Ce livre n&#8217;est pas un \u00e9ni\u00e8me ouvrage sur les plantes m\u00e9dicinales. C&#8217;est un livre rare ! D&#8217;ailleurs, Pierre Lieutaghi, le c\u00e9l\u00e8bre ethnobotaniste qui le pr\u00e9face, n&#8217;\u00e9crit pas autre chose : &#8221; C&#8217;est un ami de papier qui, en moins de deux, redevient de bois bien vivant, fait des branches et des feuilles.&#8221;<\/p>\n<p>Christine Achard, illustratrice botanique, Marie-Claude Paume et C\u00e9dric Perraudeau, photographes naturalistes, ont contribu\u00e9 \u00e0 la r\u00e9alisation de ce Chemin des herbes <wbr>(prix Paul S\u00e9billot) qu&#8217;illustrent 200 photographies en couleurs et 80 aquarelles pleine page.<\/p>\n<p>Complement de titre : Le chemin des herbes<br \/>Autor : Th\u00e9venin, Thierry<br \/>Illustracions : Achard, Christine<br \/>Linga : Franc\u00e9s<br \/>Parucion : 2012<br \/>Editor : Lucien Souny<br \/>Nb de pajas : 339<br \/>Format : 16,5 x 24,5 cm<br \/>P\u00e9s : 1156 g<br \/>EAN 13 : 9782848863764<br \/><\/span><\/p>\n","protected":false},"excerpt":{"rendered":"<p>Les plantes sauvages : Conna\u00eetre, cueillir et utiliser Que savons-nous aujourd&#8217;hui de la douceur de velours de la guimauve, du pansement de fine peau que nous offre la joubarbe des toits, des mille et une vertus de la verveine officinale qu&#8217;il n&#8217;est permis de cueillir qu&#8217;apr\u00e8s avoir demand\u00e9 l&#8217;autorisation aux esprits du lieu? Savoirs oubli\u00e9s [&hellip;]<\/p>\n","protected":false},"featured_media":0,"template":"","meta":{"_acf_changed":false,"_genesis_hide_title":false,"_genesis_hide_breadcrumbs":false,"_genesis_hide_singular_image":false,"_genesis_hide_footer_widgets":false,"_genesis_custom_body_class":"","_genesis_custom_post_class":"","_genesis_layout":""},"product_brand":[],"product_cat":[7132,16135,7212,7206],"product_tag":[],"class_list":["post-33673","product","type-product","status-publish","product_cat-books","product_cat-non-classe-en","product_cat-traditional-skills-savoirs-faire-en","product_cat-traditions-heritage-en","pa_auteur-thevenin-thierry-en","pa_editeur-lucien-souny-en","pa_langue-francais-en","entry","has-post-thumbnail","first","outofstock","purchasable","product-type-simple"],"acf":[],"_links":{"self":[{"href":"https:\/\/www.libraria-occitana.org\/en\/wp-json\/wp\/v2\/product\/33673","targetHints":{"allow":["GET"]}}],"collection":[{"href":"https:\/\/www.libraria-occitana.org\/en\/wp-json\/wp\/v2\/product"}],"about":[{"href":"https:\/\/www.libraria-occitana.org\/en\/wp-json\/wp\/v2\/types\/product"}],"wp:attachment":[{"href":"https:\/\/www.libraria-occitana.org\/en\/wp-json\/wp\/v2\/media?parent=33673"}],"wp:term":[{"taxonomy":"product_brand","embeddable":true,"href":"https:\/\/www.libraria-occitana.org\/en\/wp-json\/wp\/v2\/product_brand?post=33673"},{"taxonomy":"product_cat","embeddable":true,"href":"https:\/\/www.libraria-occitana.org\/en\/wp-json\/wp\/v2\/product_cat?post=33673"},{"taxonomy":"product_tag","embeddable":true,"href":"https:\/\/www.libraria-occitana.org\/en\/wp-json\/wp\/v2\/product_tag?post=33673"}],"curies":[{"name":"wp","href":"https:\/\/api.w.org\/{rel}","templated":true}]}}

<p style="margin:0;"><span style="font-family:'Times New Roman';font-size:12pt;">Les plantes sauvages : Connaître, cueillir et utiliser</p>
<p>Que savons-nous aujourd&#8217;hui de la douceur de velours de la guimauve, du pansement de fine peau que nous offre la joubarbe des toits, des mille et une vertus de la verveine officinale qu&#8217;il n&#8217;est permis de cueillir qu&#8217;après avoir demandé l&#8217;autorisation aux esprits du lieu? Savoirs oubliés à l&#8217;orée des villes, perdus aux confins de la mémoire&#8230; Pour redécouvrir ce grand livre de la nature, celui que, jadis, on apprenait dès l&#8217;enfance, avant même l&#8217;alphabet, il faut désormais un guide doué de patience, qui parle avec simplicité, et qui n&#8217;hésite pas à s&#8217;attarder sur la description d&#8217;une herbe de bonne renommée. Tel est le cas de Thierry Thévenin. Agriculteur cueilleur, botaniste de terrain, herboriste méticuleux, ce passionné sait les plantes qui soignent, le moment et la façon de bien les cueillir, les méthodes pour les sécher, les conserver. Mais ne le brusquons pas, ne le pressons pas de nos questions désordonnées. Suivons-le au rythme qu&#8217;il affectionne et qui est celui des saisons. Allons, dans ses pas, de la maison à la forêt, de la haie au ruisseau, accompagnons-le jour après jour sur &#8220;son&#8221; chemin des herbes.<br />Ce livre n&#8217;est pas un énième ouvrage sur les plantes médicinales. C&#8217;est un livre rare ! D&#8217;ailleurs, Pierre Lieutaghi, le célèbre ethnobotaniste qui le préface, n&#8217;écrit pas autre chose : &#8221; C&#8217;est un ami de papier qui, en moins de deux, redevient de bois bien vivant, fait des branches et des feuilles.&#8221;</p>
<p>Christine Achard, illustratrice botanique, Marie-Claude Paume et Cédric Perraudeau, photographes naturalistes, ont contribué à la réalisation de ce Chemin des herbes <wbr>(prix Paul Sébillot) qu&#8217;illustrent 200 photographies en couleurs et 80 aquarelles pleine page.</p>
<p>Complement de titre : Le chemin des herbes<br />Autor : Thévenin, Thierry<br />Illustracions : Achard, Christine<br />Linga : Francés<br />Parucion : 2012<br />Editor : Lucien Souny<br />Nb de pajas : 339<br />Format : 16,5 x 24,5 cm<br />Pés : 1156 g<br />EAN 13 : 9782848863764<br /></span></p>

<p>Les plantes sauvages : Connaître, cueillir et utiliser Que savons-nous aujourd&#8217;hui de la douceur de velours de la guimauve, du pansement de fine peau que nous offre la joubarbe des toits, des mille et une vertus de la verveine officinale qu&#8217;il n&#8217;est permis de cueillir qu&#8217;après avoir demandé l&#8217;autorisation aux esprits du lieu? Savoirs oubliés [&hellip;]</p>
