{"id":33729,"date":"2026-08-31T16:26:04","date_gmt":"2026-08-31T14:26:04","guid":{"rendered":"http:\/\/www.libraria-occitana.org\/?post_type=product&#038;p=33729\/"},"modified":"2026-08-31T16:26:07","modified_gmt":"2026-08-31T14:26:07","slug":"mots-du-catharisme","status":"publish","type":"product","link":"https:\/\/www.libraria-occitana.org\/en\/product\/mots-du-catharisme\/","title":{"rendered":"MOTS DU CATHARISME"},"content":{"rendered":"<p style=\"margin:0;\"><span style=\"font-family:'Times New Roman';font-size:12pt;\">Tant de mots se pressent pour dire le catharisme&#8230;<br \/>Ce sont de pr\u00e9f\u00e9rence les mots h\u00e9r\u00e9tiques qu&#8217;on a choisi de faire parler ici, dans leur vigoureuse sonorit\u00e9, latine ou occitane. Des mots savants et des mots familiers, des r\u00e9flexions th\u00e9ologiques, des bribes de pri\u00e8re, des aveux devant l&#8217;Inquisition. Ils ouvrent l&#8217;acc\u00e8s \u00e0 une forme de logique chr\u00e9tienne qui au Moyen Age fut mise au ban de la chr\u00e9tient\u00e9, mais qui peut surprendre aujourd&#8217;hui, par sa charge de pens\u00e9e aussi intelligible que toute autre, d&#8217;esp\u00e9rance religieuse pas plus absurde qu&#8217;aucune autre.<br \/>Quelques expressions des actuels d\u00e9bats scientifiques ont aussi \u00e9t\u00e9 requises, pour rendre ses distances et ses doutes \u00e0 l&#8217;Histoire. Requis \u00e9galement les multiples noms, ceux qui, \u00e9manant de l&#8217;autorit\u00e9, inventent les proscrits, ceux dont eux-m\u00eames se reconnaissent. Tant de cathares ne surent jamais qu&#8217;ils \u00e9taient des cathares&#8230;<\/p>\n<p>Autor : Brenon, Anne<br \/>Linga : Franc\u00e9s<br \/>Parucion : 03\/2010<br \/>Editor : PU Mirail<br \/>Colleccion : Les mots de<br \/>Nb de pajas : 127<br \/>Format : 10,5 x 21 cm<br \/>P\u00e9s : 128 g<br \/>EAN 13 : 9782810701131<br \/><\/span><\/p>\n","protected":false},"excerpt":{"rendered":"<p>Tant de mots se pressent pour dire le catharisme&#8230;Ce sont de pr\u00e9f\u00e9rence les mots h\u00e9r\u00e9tiques qu&#8217;on a choisi de faire parler ici, dans leur vigoureuse sonorit\u00e9, latine ou occitane. Des mots savants et des mots familiers, des r\u00e9flexions th\u00e9ologiques, des bribes de pri\u00e8re, des aveux devant l&#8217;Inquisition. Ils ouvrent l&#8217;acc\u00e8s \u00e0 une forme de logique [&hellip;]<\/p>\n","protected":false},"featured_media":0,"template":"","meta":{"_acf_changed":false,"_genesis_hide_title":false,"_genesis_hide_breadcrumbs":false,"_genesis_hide_singular_image":false,"_genesis_hide_footer_widgets":false,"_genesis_custom_body_class":"","_genesis_custom_post_class":"","_genesis_layout":""},"product_brand":[],"product_cat":[7132,7148,7160,16135],"product_tag":[],"class_list":["post-33729","product","type-product","status-publish","product_cat-books","product_cat-history-geography-en","product_cat-medieval-history-en","product_cat-non-classe-en","pa_editeurs-pu-midi","entry","first","instock","purchasable","product-type-simple"],"acf":[],"_links":{"self":[{"href":"https:\/\/www.libraria-occitana.org\/en\/wp-json\/wp\/v2\/product\/33729","targetHints":{"allow":["GET"]}}],"collection":[{"href":"https:\/\/www.libraria-occitana.org\/en\/wp-json\/wp\/v2\/product"}],"about":[{"href":"https:\/\/www.libraria-occitana.org\/en\/wp-json\/wp\/v2\/types\/product"}],"wp:attachment":[{"href":"https:\/\/www.libraria-occitana.org\/en\/wp-json\/wp\/v2\/media?parent=33729"}],"wp:term":[{"taxonomy":"product_brand","embeddable":true,"href":"https:\/\/www.libraria-occitana.org\/en\/wp-json\/wp\/v2\/product_brand?post=33729"},{"taxonomy":"product_cat","embeddable":true,"href":"https:\/\/www.libraria-occitana.org\/en\/wp-json\/wp\/v2\/product_cat?post=33729"},{"taxonomy":"product_tag","embeddable":true,"href":"https:\/\/www.libraria-occitana.org\/en\/wp-json\/wp\/v2\/product_tag?post=33729"}],"curies":[{"name":"wp","href":"https:\/\/api.w.org\/{rel}","templated":true}]}}

<p style="margin:0;"><span style="font-family:'Times New Roman';font-size:12pt;">Tant de mots se pressent pour dire le catharisme&#8230;<br />Ce sont de préférence les mots hérétiques qu&#8217;on a choisi de faire parler ici, dans leur vigoureuse sonorité, latine ou occitane. Des mots savants et des mots familiers, des réflexions théologiques, des bribes de prière, des aveux devant l&#8217;Inquisition. Ils ouvrent l&#8217;accès à une forme de logique chrétienne qui au Moyen Age fut mise au ban de la chrétienté, mais qui peut surprendre aujourd&#8217;hui, par sa charge de pensée aussi intelligible que toute autre, d&#8217;espérance religieuse pas plus absurde qu&#8217;aucune autre.<br />Quelques expressions des actuels débats scientifiques ont aussi été requises, pour rendre ses distances et ses doutes à l&#8217;Histoire. Requis également les multiples noms, ceux qui, émanant de l&#8217;autorité, inventent les proscrits, ceux dont eux-mêmes se reconnaissent. Tant de cathares ne surent jamais qu&#8217;ils étaient des cathares&#8230;</p>
<p>Autor : Brenon, Anne<br />Linga : Francés<br />Parucion : 03/2010<br />Editor : PU Mirail<br />Colleccion : Les mots de<br />Nb de pajas : 127<br />Format : 10,5 x 21 cm<br />Pés : 128 g<br />EAN 13 : 9782810701131<br /></span></p>

<p>Tant de mots se pressent pour dire le catharisme&#8230;Ce sont de préférence les mots hérétiques qu&#8217;on a choisi de faire parler ici, dans leur vigoureuse sonorité, latine ou occitane. Des mots savants et des mots familiers, des réflexions théologiques, des bribes de prière, des aveux devant l&#8217;Inquisition. Ils ouvrent l&#8217;accès à une forme de logique [&hellip;]</p>
